-- --------------------------------------------------------
-- Host:                         153.92.1.116
-- Server version:               8.0.46-0ubuntu0.22.04.2 - (Ubuntu)
-- Server OS:                    Linux
-- HeidiSQL Version:             12.14.0.7165
-- --------------------------------------------------------

/*!40101 SET @OLD_CHARACTER_SET_CLIENT=@@CHARACTER_SET_CLIENT */;
/*!40101 SET NAMES utf8 */;
/*!50503 SET NAMES utf8mb4 */;
/*!40103 SET @OLD_TIME_ZONE=@@TIME_ZONE */;
/*!40103 SET TIME_ZONE='+00:00' */;
/*!40014 SET @OLD_FOREIGN_KEY_CHECKS=@@FOREIGN_KEY_CHECKS, FOREIGN_KEY_CHECKS=0 */;
/*!40101 SET @OLD_SQL_MODE=@@SQL_MODE, SQL_MODE='NO_AUTO_VALUE_ON_ZERO' */;
/*!40111 SET @OLD_SQL_NOTES=@@SQL_NOTES, SQL_NOTES=0 */;


-- Dumping database structure for sr_310_ricards_tren
CREATE DATABASE IF NOT EXISTS `sr_310_ricards_tren` /*!40100 DEFAULT CHARACTER SET utf8mb4 COLLATE utf8mb4_unicode_ci */ /*!80016 DEFAULT ENCRYPTION='N' */;
USE `sr_310_ricards_tren`;

-- Dumping structure for table sr_310_ricards_tren.darbs
CREATE TABLE IF NOT EXISTS `darbs` (
  `darbs_id` int NOT NULL AUTO_INCREMENT,
  `darba_tips` varchar(50) COLLATE utf8mb4_unicode_ci NOT NULL DEFAULT '0' COMMENT 'veiktā darba tips',
  `kludu_apraksts` varchar(255) COLLATE utf8mb4_unicode_ci NOT NULL DEFAULT '0' COMMENT 'darba kļūdas apraksts',
  PRIMARY KEY (`darbs_id`)
) ENGINE=InnoDB AUTO_INCREMENT=185 DEFAULT CHARSET=utf8mb4 COLLATE=utf8mb4_unicode_ci;

-- Dumping data for table sr_310_ricards_tren.darbs: ~0 rows (approximately)
DELETE FROM `darbs`;
INSERT INTO `darbs` (`darbs_id`, `darba_tips`, `kludu_apraksts`) VALUES
	(1, 'Apgaita', 'Maršruta apsekošana'),
	(2, 'Apgaita', 'Maršruta apsekošana'),
	(3, 'Sapulce', 'Ražošanas sapulce'),
	(4, 'Būvniecība', 'Signālgalvu uzstādīšana'),
	(5, 'Būvniecība', 'Signālgalvu uzstādīšana'),
	(6, 'Būvniecība', 'Signālgalvu pievienošana'),
	(7, 'Būvniecība', 'Signālgalvu pievienošana'),
	(8, 'Info', 'Nenodoto signālgalvu sanešana Mazā noliktavā'),
	(9, 'Apgaita', 'Maršruta apsekošana'),
	(10, 'Sapulce', 'Ražošanas sapulce'),
	(11, 'Info', 'Donatas interesējas par Stacijas MINI luksoforu'),
	(12, 'Dokmentacija', 'Skaitītāju rādījumi, P/S žurnāls'),
	(13, 'Dokmentacija', 'Skaitītāju rādījumi, P/S žurnāls'),
	(14, 'Dokmentacija', 'Rēķinu ievešana P/S'),
	(15, 'Izsaukums', 'Kļūda GEP'),
	(16, 'Info', 'Māris Mielavs par meteostaciju uzturēšanu'),
	(17, 'Izsaukums', 'Andrejs Bobikins liek pārbaudīt skaitītāja rādījumus'),
	(18, 'Izsaukums', 'Andrejs Bobikins liek pārbaudīt skaitītāja rādījumus'),
	(19, 'Izsaukums', 'GP1G1'),
	(20, 'Apkope', 'Vadības plates ZKS tipa drošinātāja nomaiņa'),
	(21, 'Apkope', 'Bojājuma noteikšana'),
	(22, 'Izsaukums', 'Trūkst balsta vāks'),
	(23, 'Apkope', 'Balsta vāks'),
	(24, 'Datortehnikas apkope', 'Kopētāja sagatavošana darbam, Veikala printera neveiksmīga instalēšana, Anrda datora papildus konfigurēšana'),
	(25, 'Apgaita', 'Maršruta apsekošana'),
	(26, 'Sapulce', 'Ražošanas sapulce'),
	(27, 'Dokmentacija', 'Meteostacijas uzturēšanas līguma izmaksas'),
	(28, 'Izsaukums', 'Trūkst balsta vāks'),
	(29, 'Apkope', 'Spuldzes maiņa balstā'),
	(30, 'Dokmentacija', 'Skaitītāju rādījumi LVC'),
	(31, 'Datortehnikas apkope', 'Kopētāja pieinstalēšana serverim, printera resursu izdalīšana, Kopētaja piesaiste Aināra, Andra,Veikala datoram'),
	(32, 'Datortehnikas apkope', 'Datortīkla vada ievilšana virs veikala griestiem'),
	(33, 'Dokmentacija', 'Māris Mielavs par meteostaciju uzturēšanu'),
	(34, 'Projektēšana', 'Dzidra Staša par Lietuvas ielas signālplāniem'),
	(35, 'Datortehnikas apkope', 'Pie Brigitas. Meteostacijas uzturēšanas līguma izmaksas'),
	(36, 'Izsaukums', 'Nolauzti stiprinājuma kronšteini atkārtotāja transporta signālgalvai V3'),
	(37, 'Apkope', 'Signālgalvas demontāža uz balsta'),
	(38, 'Apkope', 'Pasūtītāja transporta signālgalvas montāža uz balsta'),
	(39, 'Apkope', 'Signālkabeļa Cu 7x1,5 montāža stabā, konsolē'),
	(40, 'Apkope', 'Signālkabeļa spaiļu komplekta nomaiņa balstā, konsolē'),
	(41, 'Dokmentacija', 'Slodzes savākšana par decembri'),
	(42, 'Maiņa', 'Maiņas nodošana'),
	(43, 'Apgaita', 'Maršruta apsekošana'),
	(44, 'Izsaukums', 'Gājēju pārejas signāla izsaukšanas pogā pastāvīgs īsslēgums, visu laiku slēdzas iekšā gājēju signāls.WDS Kļūda'),
	(45, 'Sapulce', 'Ražošanas sapulce'),
	(46, 'Izsaukums', 'Transporta signālgalvas uz saliņas nostiprināšanaV1'),
	(47, 'Izsaukums', 'WDS antena, zaudējusi sakarus'),
	(48, 'Info', 'CTCOM interesējās par otikas pieslēgumu Sarmas krustā'),
	(49, 'Izsaukums', 'CTCOM pieslēdz optiku'),
	(50, 'Dokmentacija', 'Darbu apkopošana'),
	(51, 'Izsaukums', 'Atvērusies zaļās gaismas sekcija'),
	(52, 'Projektēšana', 'Dzidra Staša par Lietuvas ielas signālplāniem'),
	(53, 'Izsaukums', 'GSM kļūda'),
	(54, 'Projektēšana', '3C Kalpaka stāvlaukums'),
	(55, 'Izsaukums', 'CTCOM pieslēdz optiku'),
	(56, 'Apgaita', 'Maršruta apsekošana'),
	(57, 'Izsaukums', 'Iededzies dzeltenais brīdinājuma signāls.'),
	(58, 'Apkope', 'Spuldzes nomaiņa uz balsta'),
	(59, 'Sapulce', 'Ražošanas sapulce'),
	(60, 'Apgaita', 'Maršruta apsekošana'),
	(61, 'Apgaita', 'Maršruta apsekošana'),
	(62, 'Izsaukums', 'WDS kļūda'),
	(63, 'Apgaita', 'Maršruta apsekošana'),
	(64, 'Sapulce', 'Ražošanas sapulce'),
	(65, 'Izsaukums', 'Atvēries V2R1 atkārtotāja durtiņas'),
	(66, 'Info', 'Praktikantu vadīšana'),
	(67, 'Info', 'Datortehnikas apkalpošana'),
	(68, 'Izsaukums', 'kabeļu uzrādīšana'),
	(69, 'Dokmentacija', 'Rēķins par Filozofu-Rūpniecības'),
	(70, 'Info', 'par Lielā-Pasta modernizāciju, Signālgalvu nodošanu, marķēšanu, nākotnes luksofora objektiem, Meteostacijas uzturēšanu'),
	(71, 'Maiņa', 'Maiņas nodošana'),
	(72, 'Izsaukums', 'Gp1g1 kļūda'),
	(73, 'Izsaukums', 'WDS 3. devēja kļuda, strādā fiksētā programma'),
	(74, 'Info', 'Argils par Čakstes luksofora balsta pārnešanu.'),
	(75, 'Izsaukums', 'Patvaļigs izsaukums gp2 pogā uz saliņas'),
	(76, 'Apkope', 'Luksofora objekta bojājuma noteikšana'),
	(77, 'Apkope', 'Luksofora objekta bojājuma noteikšana'),
	(78, 'Izsaukums', 'Spieguma noplūde balstā. Elektrotrieciens no balsta'),
	(79, 'Info', 'PEEK par Lielā-Mātera modernizāciju'),
	(80, 'Dokmentacija', 'Info par Luksoforu apkalpošanu'),
	(81, 'Dokmentacija', 'Darbu apkopošana'),
	(82, 'Apkope', 'Luksofora objekta bojājuma noteikšana'),
	(83, 'Apgaita', 'Maršruta apsekošana'),
	(84, 'Sapulce', 'Ražošanas sapulce'),
	(85, 'Info', 'Praktikantu vadīšana'),
	(86, 'Info', 'Datortehnikas apkalpošana'),
	(87, 'Info', 'Luksofora iekārtas sakārtošana mazā noliktavā'),
	(88, 'Info', 'Darba telpas kārtošana'),
	(89, 'Info', 'Žurnālu atkārtota pārsūtīšana pa 10-12.2010 A.BOBIKINAM'),
	(90, 'Info', 'Dokmentācija'),
	(91, 'Projektēšana', 'Lietuvas ielas specifikācija'),
	(92, 'Apgaita', 'Maršruta apsekošana'),
	(93, 'Sapulce', 'Ražošanas sapulce'),
	(94, 'Dokmentācija', 'Luksoforu konkurs'),
	(95, 'Info', 'Nodošana noliktavā'),
	(96, 'Info', 'Nodošana noliktavā'),
	(97, 'Info', 'Nodošana noliktavā'),
	(98, 'Info', 'Pogas nodošana noliktavā'),
	(99, 'Maiņa', 'Maiņas nodošana'),
	(100, 'Apgaita', 'Maršruta apsekošana'),
	(101, 'Izsaukums', 'Nav komunikācijas. GSMS kļūda'),
	(102, 'Apkope', 'Signālgalvas aizsargjumtiņa nomaiņa uz balsta'),
	(103, 'Izsaukums', 'Nav komunikācijas. GSMS kļūda'),
	(104, 'Apgaita', 'Maršruta apsekošana'),
	(105, 'Izsaukums', 'Izdegusi zaļā lampa.'),
	(106, 'Apkope', 'Spuldzes nomaiņa uz balsta'),
	(107, 'Izsaukums', 'Sagrozīta luksofora galva.'),
	(108, 'Izsaukums', 'Nav komunikācijas. GSMS kļūda'),
	(109, 'Maiņa', 'Maiņas nodošana'),
	(110, 'Apgaita', 'Maršruta apsekošana'),
	(111, 'Izsaukums', 'AAL RLM'),
	(112, 'Apkope', 'Spuldzes nomaiņa uz balsta'),
	(113, 'Izsaukums', 'XKOP'),
	(114, 'Apgaita', 'Maršruta apsekošana'),
	(115, 'Izsaukums', 'GEP'),
	(116, 'Apgaita', 'Maršruta apsekošana'),
	(117, 'Info', 'Māris Mielavs, Andrejs Bobikins par Rīgas Ielas  sinhronizāciju'),
	(118, 'Info', 'Peek Traffic, Cenas Kontrolieriem'),
	(119, 'Apgaita', 'Maršruta apsekošana'),
	(120, 'Dokumentācija', 'Tāme balsta pārnešanai'),
	(121, 'Info', 'Raiņa -Kalpaka stāvlaukums'),
	(122, 'Izsaukums', 'Pārslēgts no pagaidu uz stacionāro barošanas vadu'),
	(123, 'Info', 'Andrejs Bobikins prasa Raiņa ielas IP adresses'),
	(124, 'Maina', 'Maiņas nodošana'),
	(125, 'Apgaita', 'Maršruta apsekošana'),
	(126, 'Apgaita', 'Maršruta apsekošana'),
	(127, 'Izsaukums', 'Pats no sevis ieslēdzas gājēju signāls.'),
	(128, 'Apkope', 'Luksofora objekta bojājuma noteikšana, Silikons uz kontaktiem'),
	(129, 'Dokmentācija', 'Luksoforu konkursa cenas'),
	(130, 'Apgaita', 'Maršruta apsekošana'),
	(131, 'Būvniecība', 'Gājēja balsta pārnešana'),
	(132, 'Izsaukums', 'Luksofora galvai nokritis jumtiņš.'),
	(133, 'Apkope', 'Signālgalvas aizsargjumtiņa nomaiņa uz balsta'),
	(134, 'Izsaukums', 'Luksofora galvai nokritis jumtiņš.'),
	(135, 'Apkope', 'Signālgalvas aizsargjumtiņa nomaiņa uz balsta'),
	(136, 'Izsaukums', 'Luksofora galvai nokritis jumtiņš.'),
	(137, 'Apkope', 'Signālgalvas aizsargjumtiņa nomaiņa uz balsta'),
	(138, 'Apgaita', 'Maršruta apsekošana'),
	(139, 'Apgaita', 'Maršruta apsekošana'),
	(140, 'Izsaukums', 'Nedeg sarkanā gājēju lampa'),
	(141, 'Apkope', 'Spuldzes nomaiņa uz balsta'),
	(142, 'Apgaita', 'Maršruta apsekošana'),
	(143, 'Apgaita', 'Maršruta apsekošana'),
	(144, 'Apgaita', 'Maršruta apsekošana'),
	(145, 'Izsaukums', 'Nav komunikācijas. GSMS kļūda'),
	(146, 'Izsaukums', 'Nav komunikācijas. GSMS kļūda'),
	(147, 'Izsaukums', 'Nav komunikācijas. GSMS kļūda'),
	(148, 'Izsaukums', 'Nav komunikācijas. GSMS kļūda'),
	(149, 'Apgaita', 'Maršruta apsekošana'),
	(150, 'Izsaukums', 'Izdegusi zaļā lampa.'),
	(151, 'Apkope', 'Spuldzes nomaiņa uz balsta'),
	(152, 'Apgaita', 'Maršruta apsekošana'),
	(153, 'Dokmentācija', 'Luksoforu konkursa sertifikāti'),
	(154, 'Dokmentācija', 'Luksoforu konkursa sertifikāti'),
	(155, 'Dokmentācija', 'Saava Atbilstības deklarācija'),
	(156, 'Izsaukums', 'Nav komunikācijas.  Optikas konvertera kļūda'),
	(157, 'Apkpe', 'Luksofora objekta bojājuma noteikšana'),
	(158, 'Apgaita', 'Maršruta apsekošana'),
	(159, 'Izsaukums', 'Nav komunikācijas.  Optikas konvertera kļūda'),
	(160, 'Apkope', 'Luksofora objekta bojājuma noteikšana'),
	(161, 'Apgaita', 'Maršruta apsekošana'),
	(162, 'Izsaukums', 'AAL RLM XP1'),
	(163, 'Apkope', 'Spuldzes nomaiņa uz balsta'),
	(164, 'Dokmentācija', 'Luksoforu konkursa sertifikāti'),
	(165, 'Maiņa', 'Maiņas nodošana'),
	(166, 'Izsaukums', 'Nav komunikācijas. GSMS kļūda'),
	(167, 'Apgaita', 'Maršruta apsekošana'),
	(168, 'Izsaukums', 'atslēdzies luksofors'),
	(169, 'Apkope', 'Luksofora objekta bojājuma noteikšana'),
	(170, 'Info', 'Māris Skudra par Optikas konvektoriem'),
	(171, 'Info', 'A. Buvmeistars interesējas par Nodošanas dokmentāciju'),
	(172, 'Info', 'Māris Mielavs prasa Meteodevēju kalibrēšanas tāmi'),
	(173, 'Apgaita', 'Maršruta apsekošana'),
	(174, 'Info', 'Sapulce'),
	(175, 'Izsaukums', 'Atslēdzies luksofors.'),
	(176, 'Apkope', 'Luksofora objekta bojājuma noteikšana'),
	(177, 'Apkope', 'Vadības plates ZKS tipa drošinātāja nomaiņa'),
	(178, 'Izsaukums', 'Gājēju sekcijā nedeg zaļā lampiņa.'),
	(179, 'Apkope', 'Spuldzes nomaiņa uz balsta'),
	(180, 'Dokmentācija', 'Luksoforu konkursa sertifikāti'),
	(181, 'Info', 'Ienāk Raiņa ielas Laika atskaites komunikācijas bloki'),
	(182, 'Apkope', 'Skaitītāju radījumu nolasīšana, objektu apsekošana'),
	(183, 'Izsaukums', 'Videokameras bareošanas pārstartēšana'),
	(184, 'Izsaukums', 'SDET');

-- Dumping structure for table sr_310_ricards_tren.ieraksti
CREATE TABLE IF NOT EXISTS `ieraksti` (
  `ieraksti_id` int NOT NULL AUTO_INCREMENT,
  `diena` varchar(50) COLLATE utf8mb4_unicode_ci DEFAULT NULL COMMENT 'nedēļas diena',
  `datums` date NOT NULL COMMENT 'darba veikšanas datums',
  `laiks_no` time NOT NULL COMMENT 'darba veikšanas sākuma laiks',
  `darbs_id` int DEFAULT NULL,
  `vieta_id` int DEFAULT NULL,
  PRIMARY KEY (`ieraksti_id`),
  KEY `FK_darbs` (`darbs_id`),
  KEY `FK_vieta` (`vieta_id`),
  CONSTRAINT `FK_darbs` FOREIGN KEY (`darbs_id`) REFERENCES `darbs` (`darbs_id`),
  CONSTRAINT `FK_vieta` FOREIGN KEY (`vieta_id`) REFERENCES `vieta` (`vieta_id`)
) ENGINE=InnoDB AUTO_INCREMENT=713 DEFAULT CHARSET=utf8mb4 COLLATE=utf8mb4_unicode_ci COMMENT='šī tabula glabā visus ierakstus';

-- Dumping data for table sr_310_ricards_tren.ieraksti: ~0 rows (approximately)
DELETE FROM `ieraksti`;
INSERT INTO `ieraksti` (`ieraksti_id`, `diena`, `datums`, `laiks_no`, `darbs_id`, `vieta_id`) VALUES
	(185, 'svētd.', '2012-01-01', '06:00:00', 1, 32),
	(186, 'pirmd.', '2012-01-02', '06:00:00', 1, 32),
	(187, 'pirmd.', '2012-01-02', '07:45:00', 14, 33),
	(188, 'pirmd.', '2012-01-02', '09:00:00', 7, 33),
	(189, 'pirmd.', '2012-01-02', '09:00:00', 7, 33),
	(190, 'pirmd.', '2012-01-02', '13:30:00', 7, 33),
	(191, 'pirmd.', '2012-01-02', '13:30:00', 7, 33),
	(192, 'pirmd.', '2012-01-02', '16:00:00', 12, 33),
	(193, 'otrd.', '2012-01-03', '06:00:00', 1, 32),
	(194, 'otrd.', '2012-01-03', '07:45:00', 14, 33),
	(195, 'otrd.', '2012-01-03', '08:40:00', 12, 33),
	(196, 'otrd.', '2012-01-03', '09:00:00', 8, 33),
	(197, 'otrd.', '2012-01-03', '09:00:00', 8, 33),
	(198, 'otrd.', '2012-01-03', '10:30:00', 8, 33),
	(199, 'otrd.', '2012-01-03', '11:50:00', 12, 33),
	(200, 'otrd.', '2012-01-03', '13:00:00', 12, 33),
	(201, 'otrd.', '2012-01-03', '14:15:00', 12, 33),
	(202, 'otrd.', '2012-01-03', '14:50:00', 12, 33),
	(203, 'otrd.', '2012-01-03', '14:50:00', 7, 33),
	(204, 'otrd.', '2012-01-03', '14:50:00', 7, 33),
	(205, 'otrd.', '2012-01-03', '15:45:00', 12, 33),
	(206, 'otrd.', '2012-01-03', '15:45:00', 7, 33),
	(207, 'otrd.', '2012-01-03', '16:00:00', 8, 33),
	(208, 'trešd.', '2012-01-04', '06:00:00', 1, 32),
	(209, 'trešd.', '2012-01-04', '07:45:00', 14, 33),
	(210, 'trešd.', '2012-01-04', '08:30:00', 8, 33),
	(211, 'trešd.', '2012-01-04', '09:00:00', 12, 33),
	(212, 'trešd.', '2012-01-04', '09:00:00', 7, 33),
	(213, 'trešd.', '2012-01-04', '09:30:00', 8, 33),
	(214, 'trešd.', '2012-01-04', '10:00:00', 8, 33),
	(215, 'trešd.', '2012-01-04', '11:30:00', 8, 33),
	(216, 'trešd.', '2012-01-04', '13:00:00', 8, 33),
	(217, 'trešd.', '2012-01-04', '13:30:00', 14, 33),
	(218, 'trešd.', '2012-01-04', '14:45:00', 8, 33),
	(219, 'trešd.', '2012-01-04', '14:22:00', 12, 33),
	(220, 'trešd.', '2012-01-04', '15:00:00', 7, 33),
	(221, 'trešd.', '2012-01-04', '16:00:00', 7, 33),
	(222, 'trešd.', '2012-01-04', '16:00:00', 7, 33),
	(223, 'trešd.', '2012-01-04', '16:00:00', 7, 33),
	(224, 'trešd.', '2012-01-04', '21:00:00', 8, 33),
	(225, 'trešd.', '2012-01-04', '20:00:00', 14, 32),
	(226, 'ceturtd.', '2012-01-05', '06:00:00', 1, 32),
	(227, 'ceturtd.', '2012-01-05', '07:45:00', 14, 33),
	(228, 'ceturtd.', '2012-01-05', '09:00:00', 12, 33),
	(229, 'ceturtd.', '2012-01-05', '10:00:00', 12, 33),
	(230, 'ceturtd.', '2012-01-05', '10:30:00', 12, 33),
	(231, 'ceturtd.', '2012-01-05', '10:30:00', 8, 33),
	(232, 'ceturtd.', '2012-01-05', '12:48:00', 12, 33),
	(233, 'ceturtd.', '2012-01-05', '13:30:00', 14, 33),
	(234, 'ceturtd.', '2012-01-05', '13:40:00', 14, 33),
	(235, 'ceturtd.', '2012-01-05', '14:00:00', 12, 33),
	(236, 'piektd.', '2012-01-06', '06:00:00', 1, 32),
	(237, 'piektd.', '2012-01-06', '06:30:00', 12, 33),
	(238, 'piektd.', '2012-01-06', '06:30:00', 7, 33),
	(239, 'piektd.', '2012-01-06', '07:45:00', 14, 33),
	(240, 'sestd.', '2012-01-07', '06:00:00', 1, 32),
	(241, 'svētd.', '2012-01-08', '06:00:00', 1, 32),
	(242, 'pirmd.', '2012-01-09', '06:00:00', 1, 32),
	(243, 'pirmd.', '2012-01-09', '07:45:00', 14, 33),
	(244, 'pirmd.', '2012-01-09', '09:00:00', 12, 33),
	(245, 'pirmd.', '2012-01-09', '09:00:00', 12, 33),
	(246, 'pirmd.', '2012-01-09', '09:30:00', 12, 33),
	(247, 'pirmd.', '2012-01-09', '10:00:00', 12, 33),
	(248, 'pirmd.', '2012-01-09', '10:00:00', 8, 33),
	(249, 'pirmd.', '2012-01-09', '10:15:00', 12, 33),
	(250, 'pirmd.', '2012-01-09', '12:00:00', 14, 32),
	(251, 'pirmd.', '2012-01-09', '15:45:00', 12, 33),
	(252, 'pirmd.', '2012-01-09', '15:30:00', 12, 32),
	(253, 'pirmd.', '2012-01-09', '16:00:00', 7, 32),
	(254, 'pirmd.', '2012-01-09', '16:00:00', 7, 32),
	(255, 'pirmd.', '2012-01-09', '15:30:00', 12, 33),
	(256, 'pirmd.', '2012-01-09', '17:15:00', 12, 33),
	(257, 'pirmd.', '2012-01-09', '20:30:00', 8, 33),
	(258, 'pirmd.', '2012-01-09', '22:00:00', 8, 33),
	(259, 'pirmd.', '2012-01-09', '15:30:00', 7, 33),
	(260, 'otrd.', '2012-01-10', '06:00:00', 1, 32),
	(261, 'otrd.', '2012-01-10', '07:45:00', 14, 33),
	(262, 'otrd.', '2012-01-10', '09:00:00', 12, 33),
	(263, 'otrd.', '2012-01-10', '09:00:00', 12, 33),
	(264, 'otrd.', '2012-01-10', '09:30:00', 12, 33),
	(265, 'otrd.', '2012-01-10', '12:30:00', 12, 33),
	(266, 'otrd.', '2012-01-10', '19:30:00', 12, 33),
	(267, 'otrd.', '2012-01-10', '21:00:00', 12, 33),
	(268, 'otrd.', '2012-01-10', '21:00:00', 14, 33),
	(269, 'trešd.', '2012-01-11', '06:00:00', 1, 32),
	(270, 'trešd.', '2012-01-11', '07:45:00', 14, 33),
	(271, 'trešd.', '2012-01-11', '08:30:00', 11, 33),
	(272, 'trešd.', '2012-01-11', '08:30:00', 12, 33),
	(273, 'trešd.', '2012-01-11', '08:30:00', 12, 33),
	(274, 'trešd.', '2012-01-11', '08:30:00', 12, 33),
	(275, 'trešd.', '2012-01-11', '19:00:00', 14, 32),
	(276, 'ceturtd.', '2012-01-12', '06:00:00', 1, 32),
	(277, 'ceturtd.', '2012-01-12', '17:01:00', 12, 33),
	(278, 'piektd.', '2012-01-13', '06:00:00', 1, 32),
	(279, 'piektd.', '2012-01-13', '09:49:00', 12, 34),
	(280, 'piektd.', '2012-01-13', '09:49:00', 7, 34),
	(281, 'piektd.', '2012-01-13', '11:19:00', 12, 33),
	(282, 'piektd.', '2012-01-13', '20:00:00', 14, 32),
	(283, 'sestd.', '2012-01-14', '06:00:00', 1, 32),
	(284, 'sestd.', '2012-01-14', '20:07:00', 12, 33),
	(285, 'sestd.', '2012-01-14', '20:07:00', 7, 33),
	(286, 'sestd.', '2012-01-14', '20:09:00', 12, 32),
	(287, 'svētd.', '2012-01-15', '06:00:00', 1, 32),
	(288, 'svētd.', '2012-01-15', '07:00:00', 12, 33),
	(289, 'pirmd.', '2012-01-16', '06:00:00', 1, 32),
	(290, 'pirmd.', '2012-01-16', '16:00:00', 12, 33),
	(291, 'pirmd.', '2012-01-16', '16:45:00', 12, 33),
	(292, 'otrd.', '2012-01-17', '06:00:00', 1, 32),
	(293, 'otrd.', '2012-01-17', '08:30:00', 12, 32),
	(294, 'otrd.', '2012-01-17', '15:49:00', 12, 33),
	(295, 'otrd.', '2012-01-17', '14:00:00', 12, 33),
	(296, 'otrd.', '2012-01-17', '18:00:00', 13, 32),
	(297, 'trešd.', '2012-01-18', '06:00:00', 1, 32),
	(298, 'ceturtd.', '2012-01-19', '06:00:00', 1, 32),
	(299, 'ceturtd.', '2012-01-19', '07:51:00', 12, 32),
	(300, 'ceturtd.', '2012-01-19', '07:51:00', 7, 32),
	(301, 'piektd.', '2012-01-20', '06:00:00', 11, 33),
	(302, 'piektd.', '2012-01-20', '06:00:00', 1, 32),
	(303, 'piektd.', '2012-01-20', '08:30:00', 7, 32),
	(304, 'piektd.', '2012-01-20', '11:20:00', 12, 31),
	(305, 'piektd.', '2012-01-20', '11:20:00', 7, 31),
	(306, 'piektd.', '2012-01-20', '12:20:00', 12, 33),
	(307, 'piektd.', '2012-01-20', '12:20:00', 7, 33),
	(308, 'sestd.', '2012-01-21', '06:00:00', 1, 32),
	(309, 'svētd.', '2012-01-22', '06:00:00', 1, 32),
	(310, 'svētd.', '2012-01-22', '07:28:00', 12, 34),
	(311, 'svētd.', '2012-01-22', '07:28:00', 7, 34),
	(312, 'pirmd.', '2012-01-23', '06:00:00', 1, 32),
	(313, 'otrd.', '2012-01-24', '06:00:00', 1, 32),
	(314, 'trešd.', '2012-01-25', '06:00:00', 1, 32),
	(315, 'trešd.', '2012-01-25', '08:00:00', 12, 33),
	(316, 'trešd.', '2012-01-25', '08:00:00', 12, 33),
	(317, 'ceturtd.', '2012-01-26', '06:00:00', 1, 32),
	(318, 'ceturtd.', '2012-01-26', '08:20:00', 12, 35),
	(319, 'ceturtd.', '2012-01-26', '07:30:00', 7, 35),
	(320, 'piektd.', '2012-01-27', '06:00:00', 1, 32),
	(321, 'piektd.', '2012-01-27', '10:00:00', 11, 33),
	(322, 'piektd.', '2012-01-27', '13:00:00', 11, 33),
	(323, 'piektd.', '2012-01-27', '17:00:00', 11, 33),
	(324, 'sestd.', '2012-01-28', '06:00:00', 12, 33),
	(325, 'sestd.', '2012-01-28', '06:00:00', 7, 33),
	(326, 'sestd.', '2012-01-28', '06:00:00', 1, 32),
	(327, 'sestd.', '2012-01-28', '06:00:00', 12, 33),
	(328, 'sestd.', '2012-01-28', '06:00:00', 7, 32),
	(329, 'svētd.', '2012-01-29', '06:00:00', 1, 32),
	(330, 'svētd.', '2012-01-29', '06:00:00', 12, 32),
	(331, 'svētd.', '2012-01-29', '06:30:00', 7, 32),
	(332, 'svētd.', '2012-01-29', '12:00:00', 11, 33),
	(333, 'svētd.', '2012-01-29', '16:30:00', 14, 32),
	(334, 'pirmd.', '2012-01-30', '06:00:00', 1, 32),
	(335, 'pirmd.', '2012-01-30', '09:30:00', 12, 33),
	(336, 'otrd.', '2012-01-31', '20:00:00', 12, 33),
	(337, 'otrd.', '2012-01-31', '06:00:00', 1, 32),
	(338, 'otrd.', '2012-01-31', '07:45:00', 12, 33),
	(339, 'otrd.', '2012-01-31', '08:04:00', 12, 35),
	(340, 'otrd.', '2012-01-31', '08:04:00', 7, 35),
	(341, 'otrd.', '2012-01-31', '09:00:00', 11, 33),
	(342, 'otrd.', '2012-01-31', '16:00:00', 12, 33),
	(343, 'otrd.', '2012-01-31', '09:00:00', 7, 32),
	(344, 'otrd.', '2012-01-31', '09:00:00', 12, 34),
	(345, 'svētd.', '2012-01-01', '06:00:00', 1, 32),
	(346, 'pirmd.', '2012-01-02', '06:00:00', 1, 32),
	(347, 'pirmd.', '2012-01-02', '07:45:00', 14, 33),
	(348, 'pirmd.', '2012-01-02', '09:00:00', 7, 33),
	(349, 'pirmd.', '2012-01-02', '09:00:00', 7, 33),
	(350, 'pirmd.', '2012-01-02', '13:30:00', 7, 33),
	(351, 'pirmd.', '2012-01-02', '13:30:00', 7, 33),
	(352, 'pirmd.', '2012-01-02', '16:00:00', 12, 33),
	(353, 'otrd.', '2012-01-03', '06:00:00', 1, 32),
	(354, 'otrd.', '2012-01-03', '07:45:00', 14, 33),
	(355, 'otrd.', '2012-01-03', '08:40:00', 12, 33),
	(356, 'otrd.', '2012-01-03', '09:00:00', 8, 33),
	(357, 'otrd.', '2012-01-03', '09:00:00', 8, 33),
	(358, 'otrd.', '2012-01-03', '10:30:00', 8, 33),
	(359, 'otrd.', '2012-01-03', '11:50:00', 12, 33),
	(360, 'otrd.', '2012-01-03', '13:00:00', 12, 33),
	(361, 'otrd.', '2012-01-03', '14:00:00', 12, 99),
	(362, 'otrd.', '2012-01-03', '14:15:00', 12, 33),
	(363, 'otrd.', '2012-01-03', '14:50:00', 12, 33),
	(364, 'otrd.', '2012-01-03', '14:50:00', 7, 33),
	(365, 'otrd.', '2012-01-03', '14:50:00', 7, 33),
	(366, 'otrd.', '2012-01-03', '15:45:00', 12, 33),
	(367, 'otrd.', '2012-01-03', '15:45:00', 7, 33),
	(368, 'otrd.', '2012-01-03', '16:00:00', 8, 33),
	(369, 'trešd.', '2012-01-04', '06:00:00', 1, 32),
	(370, 'trešd.', '2012-01-04', '07:45:00', 14, 33),
	(371, 'trešd.', '2012-01-04', '08:30:00', 8, 33),
	(372, 'trešd.', '2012-01-04', '09:00:00', 12, 33),
	(373, 'trešd.', '2012-01-04', '09:00:00', 7, 33),
	(374, 'trešd.', '2012-01-04', '09:30:00', 8, 33),
	(375, 'trešd.', '2012-01-04', '10:00:00', 8, 33),
	(376, 'trešd.', '2012-01-04', '11:30:00', 8, 33),
	(377, 'trešd.', '2012-01-04', '13:00:00', 8, 33),
	(378, 'trešd.', '2012-01-04', '13:30:00', 14, 33),
	(379, 'trešd.', '2012-01-04', '14:45:00', 8, 33),
	(380, 'trešd.', '2012-01-04', '14:22:00', 12, 33),
	(381, 'trešd.', '2012-01-04', '15:00:00', 7, 33),
	(382, 'trešd.', '2012-01-04', '16:00:00', 7, 33),
	(383, 'trešd.', '2012-01-04', '16:00:00', 7, 33),
	(384, 'trešd.', '2012-01-04', '16:00:00', 7, 33),
	(385, 'trešd.', '2012-01-04', '21:00:00', 8, 33),
	(386, 'trešd.', '2012-01-04', '20:00:00', 14, 32),
	(387, 'ceturtd.', '2012-01-05', '06:00:00', 1, 32),
	(388, 'ceturtd.', '2012-01-05', '07:25:00', 12, 99),
	(389, 'ceturtd.', '2012-01-05', '07:45:00', 14, 33),
	(390, 'ceturtd.', '2012-01-05', '09:00:00', 12, 33),
	(391, 'ceturtd.', '2012-01-05', '10:00:00', 12, 99),
	(392, 'ceturtd.', '2012-01-05', '10:00:00', 12, 33),
	(393, 'ceturtd.', '2012-01-05', '10:30:00', 12, 33),
	(394, 'ceturtd.', '2012-01-05', '10:30:00', 8, 33),
	(395, 'ceturtd.', '2012-01-05', '12:48:00', 12, 33),
	(396, 'ceturtd.', '2012-01-05', '13:30:00', 14, 33),
	(397, 'ceturtd.', '2012-01-05', '13:30:00', 12, 99),
	(398, 'ceturtd.', '2012-01-05', '13:40:00', 14, 33),
	(399, 'ceturtd.', '2012-01-05', '14:00:00', 12, 33),
	(400, 'piektd.', '2012-01-06', '06:00:00', 1, 32),
	(401, 'piektd.', '2012-01-06', '06:30:00', 12, 33),
	(402, 'piektd.', '2012-01-06', '06:30:00', 7, 33),
	(403, 'piektd.', '2012-01-06', '07:45:00', 14, 33),
	(404, 'sestd.', '2012-01-07', '06:00:00', 1, 32),
	(405, 'svētd.', '2012-01-08', '06:00:00', 1, 32),
	(406, 'svētd.', '2012-01-08', '14:30:00', 12, 99),
	(407, 'pirmd.', '2012-01-09', '06:00:00', 1, 32),
	(408, 'pirmd.', '2012-01-09', '07:45:00', 14, 33),
	(409, 'pirmd.', '2012-01-09', '09:00:00', 12, 33),
	(410, 'pirmd.', '2012-01-09', '09:00:00', 12, 33),
	(411, 'pirmd.', '2012-01-09', '09:30:00', 12, 33),
	(412, 'pirmd.', '2012-01-09', '10:00:00', 12, 33),
	(413, 'pirmd.', '2012-01-09', '10:00:00', 8, 33),
	(414, 'pirmd.', '2012-01-09', '10:15:00', 12, 33),
	(415, 'pirmd.', '2012-01-09', '12:00:00', 14, 32),
	(416, 'pirmd.', '2012-01-09', '14:20:00', 12, 99),
	(417, 'pirmd.', '2012-01-09', '15:30:00', 12, 99),
	(418, 'pirmd.', '2012-01-09', '15:45:00', 12, 33),
	(419, 'pirmd.', '2012-01-09', '15:30:00', 12, 32),
	(420, 'pirmd.', '2012-01-09', '16:00:00', 7, 32),
	(421, 'pirmd.', '2012-01-09', '16:00:00', 7, 32),
	(422, 'pirmd.', '2012-01-09', '15:30:00', 12, 33),
	(423, 'pirmd.', '2012-01-09', '17:15:00', 12, 33),
	(424, 'pirmd.', '2012-01-09', '20:30:00', 8, 33),
	(425, 'pirmd.', '2012-01-09', '22:00:00', 8, 33),
	(426, 'pirmd.', '2012-01-09', '15:30:00', 7, 33),
	(427, 'otrd.', '2012-01-10', '06:00:00', 1, 32),
	(428, 'otrd.', '2012-01-10', '07:45:00', 14, 33),
	(429, 'otrd.', '2012-01-10', '09:00:00', 12, 33),
	(430, 'otrd.', '2012-01-10', '09:00:00', 12, 33),
	(431, 'otrd.', '2012-01-10', '09:30:00', 12, 33),
	(432, 'otrd.', '2012-01-10', '12:30:00', 12, 33),
	(433, 'otrd.', '2012-01-10', '19:30:00', 12, 33),
	(434, 'otrd.', '2012-01-10', '21:00:00', 12, 33),
	(435, 'otrd.', '2012-01-10', '21:00:00', 14, 33),
	(436, 'trešd.', '2012-01-11', '06:00:00', 1, 32),
	(437, 'trešd.', '2012-01-11', '07:45:00', 14, 33),
	(438, 'trešd.', '2012-01-11', '08:30:00', 11, 33),
	(439, 'trešd.', '2012-01-11', '08:30:00', 12, 33),
	(440, 'trešd.', '2012-01-11', '08:30:00', 12, 33),
	(441, 'trešd.', '2012-01-11', '08:30:00', 12, 33),
	(442, 'trešd.', '2012-01-11', '08:30:00', 12, 99),
	(443, 'trešd.', '2012-01-11', '19:00:00', 14, 32),
	(444, 'ceturtd.', '2012-01-12', '06:00:00', 1, 32),
	(445, 'ceturtd.', '2012-01-12', '12:07:00', 12, 99),
	(446, 'ceturtd.', '2012-01-12', '12:07:00', 7, 99),
	(447, 'ceturtd.', '2012-01-12', '17:01:00', 12, 33),
	(448, 'piektd.', '2012-01-13', '06:00:00', 1, 32),
	(449, 'piektd.', '2012-01-13', '09:49:00', 12, 34),
	(450, 'piektd.', '2012-01-13', '09:49:00', 7, 34),
	(451, 'piektd.', '2012-01-13', '11:19:00', 12, 33),
	(452, 'piektd.', '2012-01-13', '13:48:00', 12, 99),
	(453, 'piektd.', '2012-01-13', '20:00:00', 14, 32),
	(454, 'sestd.', '2012-01-14', '06:00:00', 1, 32),
	(455, 'sestd.', '2012-01-14', '20:07:00', 12, 33),
	(456, 'sestd.', '2012-01-14', '20:07:00', 7, 33),
	(457, 'sestd.', '2012-01-14', '20:09:00', 12, 32),
	(458, 'svētd.', '2012-01-15', '06:00:00', 1, 32),
	(459, 'svētd.', '2012-01-15', '07:00:00', 12, 33),
	(460, 'pirmd.', '2012-01-16', '06:00:00', 1, 32),
	(461, 'pirmd.', '2012-01-16', '16:00:00', 12, 33),
	(462, 'pirmd.', '2012-01-16', '16:45:00', 12, 33),
	(463, 'otrd.', '2012-01-17', '06:00:00', 1, 32),
	(464, 'otrd.', '2012-01-17', '08:30:00', 12, 32),
	(465, 'otrd.', '2012-01-17', '12:00:00', 12, 99),
	(466, 'otrd.', '2012-01-17', '15:49:00', 12, 33),
	(467, 'otrd.', '2012-01-17', '14:00:00', 12, 33),
	(468, 'otrd.', '2012-01-17', '18:00:00', 13, 32),
	(469, 'trešd.', '2012-01-18', '06:00:00', 1, 32),
	(470, 'ceturtd.', '2012-01-19', '06:00:00', 1, 32),
	(471, 'ceturtd.', '2012-01-19', '07:51:00', 12, 32),
	(472, 'ceturtd.', '2012-01-19', '07:51:00', 7, 32),
	(473, 'piektd.', '2012-01-20', '06:00:00', 11, 33),
	(474, 'piektd.', '2012-01-20', '06:00:00', 1, 32),
	(475, 'piektd.', '2012-01-20', '08:30:00', 7, 32),
	(476, 'piektd.', '2012-01-20', '11:20:00', 12, 31),
	(477, 'piektd.', '2012-01-20', '11:20:00', 7, 31),
	(478, 'piektd.', '2012-01-20', '11:50:00', 12, 99),
	(479, 'piektd.', '2012-01-20', '11:50:00', 7, 99),
	(480, 'piektd.', '2012-01-20', '12:20:00', 12, 33),
	(481, 'piektd.', '2012-01-20', '12:20:00', 7, 33),
	(482, 'sestd.', '2012-01-21', '06:00:00', 1, 32),
	(483, 'svētd.', '2012-01-22', '06:00:00', 1, 32),
	(484, 'svētd.', '2012-01-22', '07:28:00', 12, 34),
	(485, 'svētd.', '2012-01-22', '07:28:00', 7, 34),
	(486, 'pirmd.', '2012-01-23', '06:00:00', 1, 32),
	(487, 'otrd.', '2012-01-24', '06:00:00', 1, 32),
	(488, 'trešd.', '2012-01-25', '06:00:00', 1, 32),
	(489, 'trešd.', '2012-01-25', '08:00:00', 12, 99),
	(490, 'trešd.', '2012-01-25', '08:00:00', 12, 99),
	(491, 'trešd.', '2012-01-25', '08:00:00', 12, 33),
	(492, 'trešd.', '2012-01-25', '08:00:00', 12, 33),
	(493, 'ceturtd.', '2012-01-26', '06:00:00', 1, 32),
	(494, 'ceturtd.', '2012-01-26', '08:20:00', 12, 35),
	(495, 'ceturtd.', '2012-01-26', '07:30:00', 7, 35),
	(496, 'piektd.', '2012-01-27', '06:00:00', 1, 32),
	(497, 'piektd.', '2012-01-27', '10:00:00', 11, 33),
	(498, 'piektd.', '2012-01-27', '13:00:00', 11, 33),
	(499, 'piektd.', '2012-01-27', '17:00:00', 11, 33),
	(500, 'sestd.', '2012-01-28', '06:00:00', 12, 33),
	(501, 'sestd.', '2012-01-28', '06:00:00', 7, 33),
	(502, 'sestd.', '2012-01-28', '06:00:00', 1, 32),
	(503, 'sestd.', '2012-01-28', '06:00:00', 12, 33),
	(504, 'sestd.', '2012-01-28', '06:00:00', 7, 32),
	(505, 'svētd.', '2012-01-29', '06:00:00', 1, 32),
	(506, 'svētd.', '2012-01-29', '06:00:00', 12, 32),
	(507, 'svētd.', '2012-01-29', '06:30:00', 7, 32),
	(508, 'svētd.', '2012-01-29', '12:00:00', 11, 33),
	(509, 'svētd.', '2012-01-29', '16:30:00', 14, 32),
	(510, 'svētd.', '2012-01-29', '17:30:00', 12, 99),
	(511, 'pirmd.', '2012-01-30', '06:00:00', 1, 32),
	(512, 'pirmd.', '2012-01-30', '06:50:00', 12, 99),
	(513, 'pirmd.', '2012-01-30', '06:51:00', 7, 99),
	(514, 'pirmd.', '2012-01-30', '09:30:00', 12, 33),
	(515, 'pirmd.', '2012-01-30', '18:00:00', 12, 99),
	(516, 'otrd.', '2012-01-31', '20:00:00', 12, 33),
	(517, 'otrd.', '2012-01-31', '06:00:00', 1, 32),
	(518, 'otrd.', '2012-01-31', '07:45:00', 12, 33),
	(519, 'otrd.', '2012-01-31', '07:30:00', 12, 99),
	(520, 'otrd.', '2012-01-31', '07:30:00', 7, 99),
	(521, 'otrd.', '2012-01-31', '07:30:00', 7, 99),
	(522, 'otrd.', '2012-01-31', '08:04:00', 12, 35),
	(523, 'otrd.', '2012-01-31', '08:04:00', 7, 35),
	(524, 'otrd.', '2012-01-31', '09:00:00', 11, 33),
	(525, 'otrd.', '2012-01-31', '16:00:00', 12, 33),
	(526, 'otrd.', '2012-01-31', '09:00:00', 7, 32),
	(527, 'otrd.', '2012-01-31', '09:00:00', 12, 34),
	(528, 'otrd.', '2012-01-31', '09:00:00', 12, 99),
	(529, 'svētd.', '2012-01-01', '06:00:00', 1, 32),
	(530, 'pirmd.', '2012-01-02', '06:00:00', 1, 32),
	(531, 'pirmd.', '2012-01-02', '07:45:00', 14, 33),
	(532, 'pirmd.', '2012-01-02', '09:00:00', 7, 33),
	(533, 'pirmd.', '2012-01-02', '09:00:00', 7, 33),
	(534, 'pirmd.', '2012-01-02', '13:30:00', 7, 33),
	(535, 'pirmd.', '2012-01-02', '13:30:00', 7, 33),
	(536, 'pirmd.', '2012-01-02', '16:00:00', 12, 33),
	(537, 'otrd.', '2012-01-03', '06:00:00', 1, 32),
	(538, 'otrd.', '2012-01-03', '07:45:00', 14, 33),
	(539, 'otrd.', '2012-01-03', '08:40:00', 12, 33),
	(540, 'otrd.', '2012-01-03', '09:00:00', 8, 33),
	(541, 'otrd.', '2012-01-03', '09:00:00', 8, 33),
	(542, 'otrd.', '2012-01-03', '10:30:00', 8, 33),
	(543, 'otrd.', '2012-01-03', '11:50:00', 12, 33),
	(544, 'otrd.', '2012-01-03', '13:00:00', 12, 33),
	(545, 'otrd.', '2012-01-03', '14:00:00', 12, 99),
	(546, 'otrd.', '2012-01-03', '14:15:00', 12, 33),
	(547, 'otrd.', '2012-01-03', '14:50:00', 12, 33),
	(548, 'otrd.', '2012-01-03', '14:50:00', 7, 33),
	(549, 'otrd.', '2012-01-03', '14:50:00', 7, 33),
	(550, 'otrd.', '2012-01-03', '15:45:00', 12, 33),
	(551, 'otrd.', '2012-01-03', '15:45:00', 7, 33),
	(552, 'otrd.', '2012-01-03', '16:00:00', 8, 33),
	(553, 'trešd.', '2012-01-04', '06:00:00', 1, 32),
	(554, 'trešd.', '2012-01-04', '07:45:00', 14, 33),
	(555, 'trešd.', '2012-01-04', '08:30:00', 8, 33),
	(556, 'trešd.', '2012-01-04', '09:00:00', 12, 33),
	(557, 'trešd.', '2012-01-04', '09:00:00', 7, 33),
	(558, 'trešd.', '2012-01-04', '09:30:00', 8, 33),
	(559, 'trešd.', '2012-01-04', '10:00:00', 8, 33),
	(560, 'trešd.', '2012-01-04', '11:30:00', 8, 33),
	(561, 'trešd.', '2012-01-04', '13:00:00', 8, 33),
	(562, 'trešd.', '2012-01-04', '13:30:00', 14, 33),
	(563, 'trešd.', '2012-01-04', '14:45:00', 8, 33),
	(564, 'trešd.', '2012-01-04', '14:22:00', 12, 33),
	(565, 'trešd.', '2012-01-04', '15:00:00', 7, 33),
	(566, 'trešd.', '2012-01-04', '16:00:00', 7, 33),
	(567, 'trešd.', '2012-01-04', '16:00:00', 7, 33),
	(568, 'trešd.', '2012-01-04', '16:00:00', 7, 33),
	(569, 'trešd.', '2012-01-04', '21:00:00', 8, 33),
	(570, 'trešd.', '2012-01-04', '20:00:00', 14, 32),
	(571, 'ceturtd.', '2012-01-05', '06:00:00', 1, 32),
	(572, 'ceturtd.', '2012-01-05', '07:25:00', 12, 99),
	(573, 'ceturtd.', '2012-01-05', '07:45:00', 14, 33),
	(574, 'ceturtd.', '2012-01-05', '09:00:00', 12, 33),
	(575, 'ceturtd.', '2012-01-05', '10:00:00', 12, 99),
	(576, 'ceturtd.', '2012-01-05', '10:00:00', 12, 33),
	(577, 'ceturtd.', '2012-01-05', '10:30:00', 12, 33),
	(578, 'ceturtd.', '2012-01-05', '10:30:00', 8, 33),
	(579, 'ceturtd.', '2012-01-05', '12:48:00', 12, 33),
	(580, 'ceturtd.', '2012-01-05', '13:30:00', 14, 33),
	(581, 'ceturtd.', '2012-01-05', '13:30:00', 12, 99),
	(582, 'ceturtd.', '2012-01-05', '13:40:00', 14, 33),
	(583, 'ceturtd.', '2012-01-05', '14:00:00', 12, 33),
	(584, 'piektd.', '2012-01-06', '06:00:00', 1, 32),
	(585, 'piektd.', '2012-01-06', '06:30:00', 12, 33),
	(586, 'piektd.', '2012-01-06', '06:30:00', 7, 33),
	(587, 'piektd.', '2012-01-06', '07:45:00', 14, 33),
	(588, 'sestd.', '2012-01-07', '06:00:00', 1, 32),
	(589, 'svētd.', '2012-01-08', '06:00:00', 1, 32),
	(590, 'svētd.', '2012-01-08', '14:30:00', 12, 99),
	(591, 'pirmd.', '2012-01-09', '06:00:00', 1, 32),
	(592, 'pirmd.', '2012-01-09', '07:45:00', 14, 33),
	(593, 'pirmd.', '2012-01-09', '09:00:00', 12, 33),
	(594, 'pirmd.', '2012-01-09', '09:00:00', 12, 33),
	(595, 'pirmd.', '2012-01-09', '09:30:00', 12, 33),
	(596, 'pirmd.', '2012-01-09', '10:00:00', 12, 33),
	(597, 'pirmd.', '2012-01-09', '10:00:00', 8, 33),
	(598, 'pirmd.', '2012-01-09', '10:15:00', 12, 33),
	(599, 'pirmd.', '2012-01-09', '12:00:00', 14, 32),
	(600, 'pirmd.', '2012-01-09', '14:20:00', 12, 99),
	(601, 'pirmd.', '2012-01-09', '15:30:00', 12, 99),
	(602, 'pirmd.', '2012-01-09', '15:45:00', 12, 33),
	(603, 'pirmd.', '2012-01-09', '15:30:00', 12, 32),
	(604, 'pirmd.', '2012-01-09', '16:00:00', 7, 32),
	(605, 'pirmd.', '2012-01-09', '16:00:00', 7, 32),
	(606, 'pirmd.', '2012-01-09', '15:30:00', 12, 33),
	(607, 'pirmd.', '2012-01-09', '17:15:00', 12, 33),
	(608, 'pirmd.', '2012-01-09', '20:30:00', 8, 33),
	(609, 'pirmd.', '2012-01-09', '22:00:00', 8, 33),
	(610, 'pirmd.', '2012-01-09', '15:30:00', 7, 33),
	(611, 'otrd.', '2012-01-10', '06:00:00', 1, 32),
	(612, 'otrd.', '2012-01-10', '07:45:00', 14, 33),
	(613, 'otrd.', '2012-01-10', '09:00:00', 12, 33),
	(614, 'otrd.', '2012-01-10', '09:00:00', 12, 33),
	(615, 'otrd.', '2012-01-10', '09:30:00', 12, 33),
	(616, 'otrd.', '2012-01-10', '12:30:00', 12, 33),
	(617, 'otrd.', '2012-01-10', '19:30:00', 12, 33),
	(618, 'otrd.', '2012-01-10', '21:00:00', 12, 33),
	(619, 'otrd.', '2012-01-10', '21:00:00', 14, 33),
	(620, 'trešd.', '2012-01-11', '06:00:00', 1, 32),
	(621, 'trešd.', '2012-01-11', '07:45:00', 14, 33),
	(622, 'trešd.', '2012-01-11', '08:30:00', 11, 33),
	(623, 'trešd.', '2012-01-11', '08:30:00', 12, 33),
	(624, 'trešd.', '2012-01-11', '08:30:00', 12, 33),
	(625, 'trešd.', '2012-01-11', '08:30:00', 12, 33),
	(626, 'trešd.', '2012-01-11', '08:30:00', 12, 99),
	(627, 'trešd.', '2012-01-11', '19:00:00', 14, 32),
	(628, 'ceturtd.', '2012-01-12', '06:00:00', 1, 32),
	(629, 'ceturtd.', '2012-01-12', '12:07:00', 12, 99),
	(630, 'ceturtd.', '2012-01-12', '12:07:00', 7, 99),
	(631, 'ceturtd.', '2012-01-12', '17:01:00', 12, 33),
	(632, 'piektd.', '2012-01-13', '06:00:00', 1, 32),
	(633, 'piektd.', '2012-01-13', '09:49:00', 12, 34),
	(634, 'piektd.', '2012-01-13', '09:49:00', 7, 34),
	(635, 'piektd.', '2012-01-13', '11:19:00', 12, 33),
	(636, 'piektd.', '2012-01-13', '13:48:00', 12, 99),
	(637, 'piektd.', '2012-01-13', '20:00:00', 14, 32),
	(638, 'sestd.', '2012-01-14', '06:00:00', 1, 32),
	(639, 'sestd.', '2012-01-14', '20:07:00', 12, 33),
	(640, 'sestd.', '2012-01-14', '20:07:00', 7, 33),
	(641, 'sestd.', '2012-01-14', '20:09:00', 12, 32),
	(642, 'svētd.', '2012-01-15', '06:00:00', 1, 32),
	(643, 'svētd.', '2012-01-15', '07:00:00', 12, 33),
	(644, 'pirmd.', '2012-01-16', '06:00:00', 1, 32),
	(645, 'pirmd.', '2012-01-16', '16:00:00', 12, 33),
	(646, 'pirmd.', '2012-01-16', '16:45:00', 12, 33),
	(647, 'otrd.', '2012-01-17', '06:00:00', 1, 32),
	(648, 'otrd.', '2012-01-17', '08:30:00', 12, 32),
	(649, 'otrd.', '2012-01-17', '12:00:00', 12, 99),
	(650, 'otrd.', '2012-01-17', '15:49:00', 12, 33),
	(651, 'otrd.', '2012-01-17', '14:00:00', 12, 33),
	(652, 'otrd.', '2012-01-17', '18:00:00', 13, 32),
	(653, 'trešd.', '2012-01-18', '06:00:00', 1, 32),
	(654, 'ceturtd.', '2012-01-19', '06:00:00', 1, 32),
	(655, 'ceturtd.', '2012-01-19', '07:51:00', 12, 32),
	(656, 'ceturtd.', '2012-01-19', '07:51:00', 7, 32),
	(657, 'piektd.', '2012-01-20', '06:00:00', 11, 33),
	(658, 'piektd.', '2012-01-20', '06:00:00', 1, 32),
	(659, 'piektd.', '2012-01-20', '08:30:00', 7, 32),
	(660, 'piektd.', '2012-01-20', '11:20:00', 12, 31),
	(661, 'piektd.', '2012-01-20', '11:20:00', 7, 31),
	(662, 'piektd.', '2012-01-20', '11:50:00', 12, 99),
	(663, 'piektd.', '2012-01-20', '11:50:00', 7, 99),
	(664, 'piektd.', '2012-01-20', '12:20:00', 12, 33),
	(665, 'piektd.', '2012-01-20', '12:20:00', 7, 33),
	(666, 'sestd.', '2012-01-21', '06:00:00', 1, 32),
	(667, 'svētd.', '2012-01-22', '06:00:00', 1, 32),
	(668, 'svētd.', '2012-01-22', '07:28:00', 12, 34),
	(669, 'svētd.', '2012-01-22', '07:28:00', 7, 34),
	(670, 'pirmd.', '2012-01-23', '06:00:00', 1, 32),
	(671, 'otrd.', '2012-01-24', '06:00:00', 1, 32),
	(672, 'trešd.', '2012-01-25', '06:00:00', 1, 32),
	(673, 'trešd.', '2012-01-25', '08:00:00', 12, 99),
	(674, 'trešd.', '2012-01-25', '08:00:00', 12, 99),
	(675, 'trešd.', '2012-01-25', '08:00:00', 12, 33),
	(676, 'trešd.', '2012-01-25', '08:00:00', 12, 33),
	(677, 'ceturtd.', '2012-01-26', '06:00:00', 1, 32),
	(678, 'ceturtd.', '2012-01-26', '08:20:00', 12, 35),
	(679, 'ceturtd.', '2012-01-26', '07:30:00', 7, 35),
	(680, 'piektd.', '2012-01-27', '06:00:00', 1, 32),
	(681, 'piektd.', '2012-01-27', '10:00:00', 11, 33),
	(682, 'piektd.', '2012-01-27', '13:00:00', 11, 33),
	(683, 'piektd.', '2012-01-27', '17:00:00', 11, 33),
	(684, 'sestd.', '2012-01-28', '06:00:00', 12, 33),
	(685, 'sestd.', '2012-01-28', '06:00:00', 7, 33),
	(686, 'sestd.', '2012-01-28', '06:00:00', 1, 32),
	(687, 'sestd.', '2012-01-28', '06:00:00', 12, 33),
	(688, 'sestd.', '2012-01-28', '06:00:00', 7, 32),
	(689, 'svētd.', '2012-01-29', '06:00:00', 1, 32),
	(690, 'svētd.', '2012-01-29', '06:00:00', 12, 32),
	(691, 'svētd.', '2012-01-29', '06:30:00', 7, 32),
	(692, 'svētd.', '2012-01-29', '12:00:00', 11, 33),
	(693, 'svētd.', '2012-01-29', '16:30:00', 14, 32),
	(694, 'svētd.', '2012-01-29', '17:30:00', 12, 99),
	(695, 'pirmd.', '2012-01-30', '06:00:00', 1, 32),
	(696, 'pirmd.', '2012-01-30', '06:50:00', 12, 99),
	(697, 'pirmd.', '2012-01-30', '06:51:00', 7, 99),
	(698, 'pirmd.', '2012-01-30', '09:30:00', 12, 33),
	(699, 'pirmd.', '2012-01-30', '18:00:00', 12, 99),
	(700, 'otrd.', '2012-01-31', '20:00:00', 12, 33),
	(701, 'otrd.', '2012-01-31', '06:00:00', 1, 32),
	(702, 'otrd.', '2012-01-31', '07:45:00', 12, 33),
	(703, 'otrd.', '2012-01-31', '07:30:00', 12, 99),
	(704, 'otrd.', '2012-01-31', '07:30:00', 7, 99),
	(705, 'otrd.', '2012-01-31', '07:30:00', 7, 99),
	(706, 'otrd.', '2012-01-31', '08:04:00', 12, 35),
	(707, 'otrd.', '2012-01-31', '08:04:00', 7, 35),
	(708, 'otrd.', '2012-01-31', '09:00:00', 11, 33),
	(709, 'otrd.', '2012-01-31', '16:00:00', 12, 33),
	(710, 'otrd.', '2012-01-31', '09:00:00', 7, 32),
	(711, 'otrd.', '2012-01-31', '09:00:00', 12, 34),
	(712, 'otrd.', '2012-01-31', '09:00:00', 12, 99);

-- Dumping structure for view sr_310_ricards_tren.rezultats
-- Creating temporary table to overcome VIEW dependency errors
CREATE TABLE `rezultats` (
	`ieraksti_id` INT NOT NULL,
	`diena` VARCHAR(1) NULL COMMENT 'nedēļas diena' COLLATE 'utf8mb4_unicode_ci',
	`datums` DATE NOT NULL COMMENT 'darba veikšanas datums',
	`laiks_no` TIME NOT NULL COMMENT 'darba veikšanas sākuma laiks',
	`darbs_id` INT NULL,
	`vieta_id` INT NULL
);

-- Dumping structure for table sr_310_ricards_tren.vieta
CREATE TABLE IF NOT EXISTS `vieta` (
  `vieta_id` int NOT NULL AUTO_INCREMENT,
  `vieta` varchar(50) COLLATE utf8mb4_unicode_ci NOT NULL DEFAULT '0' COMMENT 'darba veikšanas vieta',
  PRIMARY KEY (`vieta_id`)
) ENGINE=InnoDB AUTO_INCREMENT=185 DEFAULT CHARSET=utf8mb4 COLLATE=utf8mb4_unicode_ci;

-- Dumping data for table sr_310_ricards_tren.vieta: ~0 rows (approximately)
DELETE FROM `vieta`;
INSERT INTO `vieta` (`vieta_id`, `vieta`) VALUES
	(1, 'Jelgava'),
	(2, 'Jelgava'),
	(3, 'ME'),
	(4, 'Raiņa-Pasta'),
	(5, 'Raiņa-Pasta'),
	(6, 'Raiņa-Pasta'),
	(7, 'Raiņa-Pasta'),
	(8, 'ME'),
	(9, 'Jelgava'),
	(10, 'ME'),
	(11, 'ME'),
	(12, 'ME'),
	(13, 'ME'),
	(14, 'P/S'),
	(15, 'Rīgas-Izstādes'),
	(16, 'P/S'),
	(17, 'Dobeles-Brieža'),
	(18, 'Raiņa-Sarmas'),
	(19, 'Raiņa-Mātera'),
	(20, 'Raiņa-Mātera'),
	(21, 'Raiņa-Mātera'),
	(22, 'Raiņa-Pasta'),
	(23, 'Raiņa-Pasta'),
	(24, 'ME'),
	(25, 'Jelgava'),
	(26, 'ME'),
	(27, 'ME'),
	(28, 'Raiņa-Mātera'),
	(29, 'Raiņa-Mātera'),
	(30, 'ME'),
	(31, 'ME'),
	(32, 'ME'),
	(33, 'P/S'),
	(34, 'P/S'),
	(35, 'ME'),
	(36, 'Raiņa-Akadēmijas'),
	(37, 'Raiņa-Akadēmijas'),
	(38, 'Raiņa-Akadēmijas'),
	(39, 'Raiņa-Akadēmijas'),
	(40, 'Raiņa-Akadēmijas'),
	(41, 'mājās'),
	(42, 'Jelgava'),
	(43, 'Jelgava'),
	(44, 'Dobeles-5.Līnija'),
	(45, 'ME'),
	(46, 'Rīgas-Izstādes'),
	(47, 'Dobeles-5.līnija'),
	(48, 'mājās'),
	(49, 'Raiņa-Tērvetes'),
	(50, 'mājās'),
	(51, 'Rīgas-Loka'),
	(52, 'mājās'),
	(53, 'Dobeles-Brieža'),
	(54, 'mājās'),
	(55, 'Raiņa-Tērvetes'),
	(56, 'Jelgava'),
	(57, 'Lielā-Mātera'),
	(58, 'Lielā-Mātera'),
	(59, 'ME'),
	(60, 'Jelgava'),
	(61, 'Jelgava'),
	(62, 'Dobeles-5.līnija'),
	(63, 'Jelgava'),
	(64, 'ME'),
	(65, 'Pasta-Edžus'),
	(66, 'ME'),
	(67, 'ME'),
	(68, 'Lielā-Pasta'),
	(69, 'P/S'),
	(70, 'P/S'),
	(71, 'Jelgava'),
	(72, 'Dobeles-4.līnija'),
	(73, 'Dobeles-4.līnija'),
	(74, 'ME'),
	(75, 'Lielā-IKI'),
	(76, 'Lielā-IKI'),
	(77, 'Lielā-IKI'),
	(78, 'Pasta-Stacijas'),
	(79, 'ME'),
	(80, 'mājas'),
	(81, 'mājas'),
	(82, 'Pasta-Stacijas'),
	(83, 'Jelgava'),
	(84, 'ME'),
	(85, 'ME'),
	(86, 'ME'),
	(87, 'ME'),
	(88, 'ME'),
	(89, 'mājas'),
	(90, 'mājas'),
	(91, 'mājas'),
	(92, 'Jelgava'),
	(93, 'ME'),
	(94, 'ME'),
	(95, 'Raiņa-Sarmas'),
	(96, 'Raiņa-Katoļu'),
	(97, 'Mācību luksoforu'),
	(98, 'Dobeles-Blaumaņa'),
	(99, 'Jelgava'),
	(100, 'Jelgava'),
	(101, 'Dobeles-Brieža'),
	(102, 'Dobeles-Brieža'),
	(103, 'Mātera-Svētes'),
	(104, 'Jelgava'),
	(105, 'Rīgas-Strazdu'),
	(106, 'Rīgas-Strazdu'),
	(107, 'Rīgas-Loka'),
	(108, 'Dobeles-Brieža'),
	(109, 'Lejgava'),
	(110, 'Jelgava'),
	(111, 'Pasta-Edžus'),
	(112, 'Pasta-Edžus'),
	(113, 'Lielā-Akadēmijas'),
	(114, 'Jelgava'),
	(115, 'Pasta-Stacijas'),
	(116, 'Jelgava'),
	(117, 'ME'),
	(118, 'ME'),
	(119, 'Jelgava'),
	(120, 'Lielā-Čakstes'),
	(121, '3C'),
	(122, 'Raiņa-Mātera'),
	(123, 'ME'),
	(124, 'Jelgava'),
	(125, 'Jelgava'),
	(126, 'Jelgava'),
	(127, 'Lielā-IKI'),
	(128, 'Lielā-IKI'),
	(129, 'majās'),
	(130, 'Jelgava'),
	(131, 'Lielā-Čakstes'),
	(132, 'Dobeles-Satiksmes'),
	(133, 'Dobeles-Satiksmes'),
	(134, 'Dobeles-Atmodas'),
	(135, 'Dobeles-Atmodas'),
	(136, 'Lielā-Māras'),
	(137, 'Lielā-Māras'),
	(138, 'Jelgava'),
	(139, 'Jelgava'),
	(140, 'Rīgas-Pērnavas'),
	(141, 'Rīgas-Pērnavas'),
	(142, 'Jelgava'),
	(143, 'Jelgava'),
	(144, 'Jelgava'),
	(145, 'Dobeles-Blaumaņa'),
	(146, 'Dobeles-Brieža'),
	(147, 'Mātera-Svētes'),
	(148, 'Pasta-Edžus'),
	(149, 'Jelgava'),
	(150, 'Rūpniecības-Kalpaka'),
	(151, 'Rūpniecības-Kalpaka'),
	(152, 'Jelgava'),
	(153, 'Mājas'),
	(154, 'ME'),
	(155, 'Mājas'),
	(156, 'Raiņa-Akadēmijas'),
	(157, 'Raiņa-Akadēmijas'),
	(158, 'Jelgava'),
	(159, 'Raiņa-Akadēmijas'),
	(160, 'Lielā-Akadēmijas'),
	(161, 'Jelgava'),
	(162, 'Lielā-Akadēmijas'),
	(163, 'Lielā-Akadēmijas'),
	(164, 'Mājas'),
	(165, 'Jelgava'),
	(166, 'Dobeles-Brieža'),
	(167, 'Jelgava'),
	(168, 'Dobeles-Atmodas'),
	(169, 'Dobeles-Atmodas'),
	(170, 'Raiņa-Akadēmijas'),
	(171, 'Dobeles-4.līnija'),
	(172, 'Mājas'),
	(173, 'Jelgava'),
	(174, 'ME'),
	(175, 'Dobeles-Atmodas'),
	(176, 'Dobeles-Atmodas'),
	(177, 'Dobeles-Atmodas'),
	(178, 'Rūpniecības-Kalpaka'),
	(179, 'Rūpniecības-Kalpaka'),
	(180, 'Mājas'),
	(181, 'ME'),
	(182, 'Jelgava'),
	(183, 'Rīgas-Tērvetes'),
	(184, 'Dobeles-%. Līnija');

-- Removing temporary table and create final VIEW structure
DROP TABLE IF EXISTS `rezultats`;
CREATE ALGORITHM=UNDEFINED SQL SECURITY INVOKER VIEW `rezultats` AS select `ieraksti`.`ieraksti_id` AS `ieraksti_id`,`ieraksti`.`diena` AS `diena`,`ieraksti`.`datums` AS `datums`,`ieraksti`.`laiks_no` AS `laiks_no`,`ieraksti`.`darbs_id` AS `darbs_id`,`ieraksti`.`vieta_id` AS `vieta_id` from `ieraksti`
;

/*!40103 SET TIME_ZONE=IFNULL(@OLD_TIME_ZONE, 'system') */;
/*!40101 SET SQL_MODE=IFNULL(@OLD_SQL_MODE, '') */;
/*!40014 SET FOREIGN_KEY_CHECKS=IFNULL(@OLD_FOREIGN_KEY_CHECKS, 1) */;
/*!40101 SET CHARACTER_SET_CLIENT=@OLD_CHARACTER_SET_CLIENT */;
/*!40111 SET SQL_NOTES=IFNULL(@OLD_SQL_NOTES, 1) */;
