SET NAMES utf8mb4;
DROP DATABASE IF EXISTS `mitusovs_d_trenesanas_eksamenam_1`;
CREATE DATABASE `mitusovs_d_trenesanas_eksamenam_1` CHARACTER SET utf8mb4 COLLATE utf8mb4_unicode_ci;
USE `mitusovs_d_trenesanas_eksamenam_1`;

SET FOREIGN_KEY_CHECKS=0;

CREATE TABLE `darba_tipi` (
  `darba_tips_id` INT NOT NULL COMMENT 'Primārā atslēga',
  `nosaukums` VARCHAR(100) NOT NULL COMMENT 'Darba tipa nosaukums no Excel varianta',
  `komentars` VARCHAR(255) NULL COMMENT 'Paskaidrojums par darba tipa izcelsmi vai nozīmi',
  PRIMARY KEY (`darba_tips_id`),
  UNIQUE KEY `uq_darba_tipi_nosaukums` (`nosaukums`)
) ENGINE=InnoDB DEFAULT CHARSET=utf8mb4 COMMENT='Darba tipu klasifikators';

CREATE TABLE `vietas` (
  `vieta_id` INT NOT NULL COMMENT 'Primārā atslēga',
  `nosaukums` VARCHAR(150) NOT NULL COMMENT 'Vietas nosaukums no Excel varianta',
  `komentars` VARCHAR(255) NULL COMMENT 'Paskaidrojums par vietu',
  PRIMARY KEY (`vieta_id`),
  UNIQUE KEY `uq_vietas_nosaukums` (`nosaukums`)
) ENGINE=InnoDB DEFAULT CHARSET=utf8mb4 COMMENT='Darbu izpildes vietu saraksts';

CREATE TABLE `darbinieki` (
  `darbinieks_id` INT NOT NULL COMMENT 'Primārā atslēga',
  `pilns_vards` VARCHAR(100) NOT NULL COMMENT 'Normalizēts darbinieka vārds/uzvārds',
  `komentars` VARCHAR(255) NULL COMMENT 'Paskaidrojums par darbinieka ierakstu',
  PRIMARY KEY (`darbinieks_id`),
  UNIQUE KEY `uq_darbinieki_vards` (`pilns_vards`)
) ENGINE=InnoDB DEFAULT CHARSET=utf8mb4 COMMENT='Darbinieku saraksts';

CREATE TABLE `cenradis` (
  `cenradis_id` INT NOT NULL COMMENT 'Primārā atslēga',
  `darba_nr` VARCHAR(10) NOT NULL COMMENT 'Darba kods no cenrāža',
  `darba_veids` VARCHAR(255) NOT NULL COMMENT 'Darba veida nosaukums no cenrāža',
  `mervieniba` VARCHAR(20) NOT NULL COMMENT 'Mērvienība no cenrāža',
  `vienibas_cena_ls` DECIMAL(10,2) NOT NULL COMMENT 'Vienības cena latos bez PVN',
  `komentars` VARCHAR(255) NULL COMMENT 'Paskaidrojums par cenrāža ierakstu',
  PRIMARY KEY (`cenradis_id`),
  UNIQUE KEY `uq_cenradis_dati` (`darba_nr`,`darba_veids`,`mervieniba`)
) ENGINE=InnoDB DEFAULT CHARSET=utf8mb4 COMMENT='Cenrāža dati no 3. darba lapas';

CREATE TABLE `darbi` (
  `darbs_id` INT NOT NULL COMMENT 'Primārā atslēga',
  `avota_rindas_nr` INT NOT NULL COMMENT 'Sākotnējā rindas pozīcija 9. variantā',
  `datums` DATE NOT NULL COMMENT 'Darba sākuma datums',
  `sakuma_laiks` TIME NOT NULL COMMENT 'Darba sākuma laiks',
  `darba_tips_id` INT NOT NULL COMMENT 'Ārējā atslēga uz darba_tipi',
  `vieta_id` INT NOT NULL COMMENT 'Ārējā atslēga uz vietas',
  `kludas_apraksts` VARCHAR(255) NOT NULL COMMENT 'Darba vai kļūdas apraksts no Excel varianta',
  `beigu_datums` DATE NOT NULL COMMENT 'Darba beigu datums',
  `beigu_laiks` TIME NOT NULL COMMENT 'Darba beigu laiks',
  `darba_veiceji_teksts` VARCHAR(200) NOT NULL COMMENT 'Darba veicējs/i tieši tādā pierakstā kā Excel variantā',
  `cenradis_id` INT NULL COMMENT 'Ārējā atslēga uz cenradis, ja variants satur darba numuru',
  PRIMARY KEY (`darbs_id`),
  UNIQUE KEY `uq_darbi_avota_rinda` (`avota_rindas_nr`),
  KEY `idx_darbi_darba_tips` (`darba_tips_id`),
  KEY `idx_darbi_vieta` (`vieta_id`),
  KEY `idx_darbi_cenradis` (`cenradis_id`),
  CONSTRAINT `fk_darbi_darba_tipi` FOREIGN KEY (`darba_tips_id`) REFERENCES `darba_tipi` (`darba_tips_id`),
  CONSTRAINT `fk_darbi_vietas` FOREIGN KEY (`vieta_id`) REFERENCES `vietas` (`vieta_id`),
  CONSTRAINT `fk_darbi_cenradis` FOREIGN KEY (`cenradis_id`) REFERENCES `cenradis` (`cenradis_id`)
) ENGINE=InnoDB DEFAULT CHARSET=utf8mb4 COMMENT='Galvenā faktu tabula ar visiem 9. varianta ierakstiem';

CREATE TABLE `darba_darbinieki` (
  `darbs_id` INT NOT NULL COMMENT 'Ārējā atslēga uz darbi',
  `darbinieks_id` INT NOT NULL COMMENT 'Ārējā atslēga uz darbinieki',
  `seciba` TINYINT NOT NULL COMMENT 'Darbinieka secība Excel rindā',
  `attelosanas_vards` VARCHAR(100) NOT NULL COMMENT 'Darbinieka vārds tieši tādā rakstībā kā avota rindā',
  PRIMARY KEY (`darbs_id`, `seciba`),
  KEY `idx_darba_darbinieki_darbinieks` (`darbinieks_id`),
  CONSTRAINT `fk_darba_darbinieki_darbs` FOREIGN KEY (`darbs_id`) REFERENCES `darbi` (`darbs_id`),
  CONSTRAINT `fk_darba_darbinieki_darbinieks` FOREIGN KEY (`darbinieks_id`) REFERENCES `darbinieki` (`darbinieks_id`)
) ENGINE=InnoDB DEFAULT CHARSET=utf8mb4 COMMENT='Starptabula M:N relācijai starp darbiem un darbiniekiem';

INSERT INTO `darba_tipi` (`darba_tips_id`, `nosaukums`, `komentars`) VALUES (1, 'Apgaita', 'Darba tipa nosaukums no 9. varianta Excel datiem');
INSERT INTO `darba_tipi` (`darba_tips_id`, `nosaukums`, `komentars`) VALUES (2, 'Apkope', 'Darba tipa nosaukums no 9. varianta Excel datiem');
INSERT INTO `darba_tipi` (`darba_tips_id`, `nosaukums`, `komentars`) VALUES (3, 'Būvniecība', 'Darba tipa nosaukums no 9. varianta Excel datiem');
INSERT INTO `darba_tipi` (`darba_tips_id`, `nosaukums`, `komentars`) VALUES (4, 'Datortehnikas apkope', 'Darba tipa nosaukums no 9. varianta Excel datiem');
INSERT INTO `darba_tipi` (`darba_tips_id`, `nosaukums`, `komentars`) VALUES (5, 'Dokmentacija', 'Darba tipa nosaukums no 9. varianta Excel datiem');
INSERT INTO `darba_tipi` (`darba_tips_id`, `nosaukums`, `komentars`) VALUES (6, 'Dokmentācija', 'Darba tipa nosaukums no 9. varianta Excel datiem');
INSERT INTO `darba_tipi` (`darba_tips_id`, `nosaukums`, `komentars`) VALUES (7, 'Dokumentācija', 'Darba tipa nosaukums no 9. varianta Excel datiem');
INSERT INTO `darba_tipi` (`darba_tips_id`, `nosaukums`, `komentars`) VALUES (8, 'Info', 'Darba tipa nosaukums no 9. varianta Excel datiem');
INSERT INTO `darba_tipi` (`darba_tips_id`, `nosaukums`, `komentars`) VALUES (9, 'Izsaukums', 'Darba tipa nosaukums no 9. varianta Excel datiem');
INSERT INTO `darba_tipi` (`darba_tips_id`, `nosaukums`, `komentars`) VALUES (10, 'Maina', 'Darba tipa nosaukums no 9. varianta Excel datiem');
INSERT INTO `darba_tipi` (`darba_tips_id`, `nosaukums`, `komentars`) VALUES (11, 'Maiņa', 'Darba tipa nosaukums no 9. varianta Excel datiem');
INSERT INTO `darba_tipi` (`darba_tips_id`, `nosaukums`, `komentars`) VALUES (12, 'Projektēšana', 'Darba tipa nosaukums no 9. varianta Excel datiem');
INSERT INTO `darba_tipi` (`darba_tips_id`, `nosaukums`, `komentars`) VALUES (13, 'Sapulce', 'Darba tipa nosaukums no 9. varianta Excel datiem');

INSERT INTO `vietas` (`vieta_id`, `nosaukums`, `komentars`) VALUES (1, '3C', 'Darba izpildes vieta no 9. varianta Excel datiem');
INSERT INTO `vietas` (`vieta_id`, `nosaukums`, `komentars`) VALUES (2, 'Dobeles-4.līnija', 'Darba izpildes vieta no 9. varianta Excel datiem');
INSERT INTO `vietas` (`vieta_id`, `nosaukums`, `komentars`) VALUES (3, 'Dobeles-5.Līnija', 'Darba izpildes vieta no 9. varianta Excel datiem');
INSERT INTO `vietas` (`vieta_id`, `nosaukums`, `komentars`) VALUES (4, 'Dobeles-5.līnija', 'Darba izpildes vieta no 9. varianta Excel datiem');
INSERT INTO `vietas` (`vieta_id`, `nosaukums`, `komentars`) VALUES (5, 'Dobeles-Blaumaņa', 'Darba izpildes vieta no 9. varianta Excel datiem');
INSERT INTO `vietas` (`vieta_id`, `nosaukums`, `komentars`) VALUES (6, 'Dobeles-Brieža', 'Darba izpildes vieta no 9. varianta Excel datiem');
INSERT INTO `vietas` (`vieta_id`, `nosaukums`, `komentars`) VALUES (7, 'Jelgava', 'Darba izpildes vieta no 9. varianta Excel datiem');
INSERT INTO `vietas` (`vieta_id`, `nosaukums`, `komentars`) VALUES (8, 'Lejgava', 'Darba izpildes vieta no 9. varianta Excel datiem');
INSERT INTO `vietas` (`vieta_id`, `nosaukums`, `komentars`) VALUES (9, 'Lielā-Akadēmijas', 'Darba izpildes vieta no 9. varianta Excel datiem');
INSERT INTO `vietas` (`vieta_id`, `nosaukums`, `komentars`) VALUES (10, 'Lielā-IKI', 'Darba izpildes vieta no 9. varianta Excel datiem');
INSERT INTO `vietas` (`vieta_id`, `nosaukums`, `komentars`) VALUES (11, 'Lielā-Mātera', 'Darba izpildes vieta no 9. varianta Excel datiem');
INSERT INTO `vietas` (`vieta_id`, `nosaukums`, `komentars`) VALUES (12, 'Lielā-Pasta', 'Darba izpildes vieta no 9. varianta Excel datiem');
INSERT INTO `vietas` (`vieta_id`, `nosaukums`, `komentars`) VALUES (13, 'Lielā-Čakstes', 'Darba izpildes vieta no 9. varianta Excel datiem');
INSERT INTO `vietas` (`vieta_id`, `nosaukums`, `komentars`) VALUES (14, 'ME', 'Darba izpildes vieta no 9. varianta Excel datiem');
INSERT INTO `vietas` (`vieta_id`, `nosaukums`, `komentars`) VALUES (15, 'Mācību luksoforu', 'Darba izpildes vieta no 9. varianta Excel datiem');
INSERT INTO `vietas` (`vieta_id`, `nosaukums`, `komentars`) VALUES (16, 'Mātera-Svētes', 'Darba izpildes vieta no 9. varianta Excel datiem');
INSERT INTO `vietas` (`vieta_id`, `nosaukums`, `komentars`) VALUES (17, 'P/S', 'Darba izpildes vieta no 9. varianta Excel datiem');
INSERT INTO `vietas` (`vieta_id`, `nosaukums`, `komentars`) VALUES (18, 'Pasta-Edžus', 'Darba izpildes vieta no 9. varianta Excel datiem');
INSERT INTO `vietas` (`vieta_id`, `nosaukums`, `komentars`) VALUES (19, 'Pasta-Stacijas', 'Darba izpildes vieta no 9. varianta Excel datiem');
INSERT INTO `vietas` (`vieta_id`, `nosaukums`, `komentars`) VALUES (20, 'Raiņa-Akadēmijas', 'Darba izpildes vieta no 9. varianta Excel datiem');
INSERT INTO `vietas` (`vieta_id`, `nosaukums`, `komentars`) VALUES (21, 'Raiņa-Katoļu', 'Darba izpildes vieta no 9. varianta Excel datiem');
INSERT INTO `vietas` (`vieta_id`, `nosaukums`, `komentars`) VALUES (22, 'Raiņa-Mātera', 'Darba izpildes vieta no 9. varianta Excel datiem');
INSERT INTO `vietas` (`vieta_id`, `nosaukums`, `komentars`) VALUES (23, 'Raiņa-Pasta', 'Darba izpildes vieta no 9. varianta Excel datiem');
INSERT INTO `vietas` (`vieta_id`, `nosaukums`, `komentars`) VALUES (24, 'Raiņa-Sarmas', 'Darba izpildes vieta no 9. varianta Excel datiem');
INSERT INTO `vietas` (`vieta_id`, `nosaukums`, `komentars`) VALUES (25, 'Raiņa-Tērvetes', 'Darba izpildes vieta no 9. varianta Excel datiem');
INSERT INTO `vietas` (`vieta_id`, `nosaukums`, `komentars`) VALUES (26, 'Rīgas-Izstādes', 'Darba izpildes vieta no 9. varianta Excel datiem');
INSERT INTO `vietas` (`vieta_id`, `nosaukums`, `komentars`) VALUES (27, 'Rīgas-Loka', 'Darba izpildes vieta no 9. varianta Excel datiem');
INSERT INTO `vietas` (`vieta_id`, `nosaukums`, `komentars`) VALUES (28, 'Rīgas-Strazdu', 'Darba izpildes vieta no 9. varianta Excel datiem');
INSERT INTO `vietas` (`vieta_id`, `nosaukums`, `komentars`) VALUES (29, 'majās', 'Darba izpildes vieta no 9. varianta Excel datiem');
INSERT INTO `vietas` (`vieta_id`, `nosaukums`, `komentars`) VALUES (30, 'mājas', 'Darba izpildes vieta no 9. varianta Excel datiem');
INSERT INTO `vietas` (`vieta_id`, `nosaukums`, `komentars`) VALUES (31, 'mājās', 'Darba izpildes vieta no 9. varianta Excel datiem');

INSERT INTO `darbinieki` (`darbinieks_id`, `pilns_vards`, `komentars`) VALUES (1, 'U. Grunde-Zeiferts', 'Normalizēts darbinieka vārds no Excel datiem');
INSERT INTO `darbinieki` (`darbinieks_id`, `pilns_vards`, `komentars`) VALUES (2, 'Ē. Aukmanis', 'Normalizēts darbinieka vārds no Excel datiem');

INSERT INTO `cenradis` (`cenradis_id`, `darba_nr`, `darba_veids`, `mervieniba`, `vienibas_cena_ls`, `komentars`) VALUES (1, '4.6', 'Kabeļu sadalnes demontāža', 'kompl.', 5.00, 'Cenrāža ieraksts no 3. lapas');
INSERT INTO `cenradis` (`cenradis_id`, `darba_nr`, `darba_veids`, `mervieniba`, `vienibas_cena_ls`, `komentars`) VALUES (2, '1.21', 'Aizsargcaurules DVK-110 montāža', 'm.', 1.20, 'Cenrāža ieraksts no 3. lapas');
INSERT INTO `cenradis` (`cenradis_id`, `darba_nr`, `darba_veids`, `mervieniba`, `vienibas_cena_ls`, `komentars`) VALUES (3, '1.19', 'Aizsargcaurules DVK-50 montāža', 'm.', 0.05, 'Cenrāža ieraksts no 3. lapas');
INSERT INTO `cenradis` (`cenradis_id`, `darba_nr`, `darba_veids`, `mervieniba`, `vienibas_cena_ls`, `komentars`) VALUES (4, '1.2', 'Aizsargcaurules DVK-75 montāža', 'm.', 0.05, 'Cenrāža ieraksts no 3. lapas');
INSERT INTO `cenradis` (`cenradis_id`, `darba_nr`, `darba_veids`, `mervieniba`, `vienibas_cena_ls`, `komentars`) VALUES (5, '2.6', 'Asfalta segumā iebūvējama sensora SensysNetworks VSN 240F (vai ekvivalenta) nomaiņa', 'gab.', 320.00, 'Cenrāža ieraksts no 3. lapas');
INSERT INTO `cenradis` (`cenradis_id`, `darba_nr`, `darba_veids`, `mervieniba`, `vienibas_cena_ls`, `komentars`) VALUES (6, '2.59', 'Asfalta segumā iebūvējama sensora SensysNetworks VSN 240T (vai ekvivalenta) nomaiņa', 'gab.', 320.00, 'Cenrāža ieraksts no 3. lapas');
INSERT INTO `cenradis` (`cenradis_id`, `darba_nr`, `darba_veids`, `mervieniba`, `vienibas_cena_ls`, `komentars`) VALUES (7, '3.18', 'Automātiska slēdža nomaiņa C16-32A 3 fāzu', 'gab.', 2.00, 'Cenrāža ieraksts no 3. lapas');
INSERT INTO `cenradis` (`cenradis_id`, `darba_nr`, `darba_veids`, `mervieniba`, `vienibas_cena_ls`, `komentars`) VALUES (8, '3.19', 'Automātiska slēdža nomaiņa C2-32A 1 fāzu', 'gab.', 1.00, 'Cenrāža ieraksts no 3. lapas');
INSERT INTO `cenradis` (`cenradis_id`, `darba_nr`, `darba_veids`, `mervieniba`, `vienibas_cena_ls`, `komentars`) VALUES (9, '2.4', 'Balsta vāka maiņa', 'gab.', 5.00, 'Cenrāža ieraksts no 3. lapas');
INSERT INTO `cenradis` (`cenradis_id`, `darba_nr`, `darba_veids`, `mervieniba`, `vienibas_cena_ls`, `komentars`) VALUES (10, '3.21', 'Diferenciālas aizsardzības nomaiņa 20A, 300mA 1 fāzu', 'gab.', 5.00, 'Cenrāža ieraksts no 3. lapas');
INSERT INTO `cenradis` (`cenradis_id`, `darba_nr`, `darba_veids`, `mervieniba`, `vienibas_cena_ls`, `komentars`) VALUES (11, '3.39', 'EC-2 astronomiska laika releja nomaiņa', 'gab.', 25.00, 'Cenrāža ieraksts no 3. lapas');
INSERT INTO `cenradis` (`cenradis_id`, `darba_nr`, `darba_veids`, `mervieniba`, `vienibas_cena_ls`, `komentars`) VALUES (12, '3.33', 'EC-2 CPU bloka nomaiņa', 'gab.', 360.00, 'Cenrāža ieraksts no 3. lapas');
INSERT INTO `cenradis` (`cenradis_id`, `darba_nr`, `darba_veids`, `mervieniba`, `vienibas_cena_ls`, `komentars`) VALUES (13, '3.36', 'EC-2 ED316 bloka nomaiņa', 'gab.', 60.00, 'Cenrāža ieraksts no 3. lapas');
INSERT INTO `cenradis` (`cenradis_id`, `darba_nr`, `darba_veids`, `mervieniba`, `vienibas_cena_ls`, `komentars`) VALUES (14, '3.4', 'EC-2 GSM antenas nomaiņa', 'gab.', 400.00, 'Cenrāža ieraksts no 3. lapas');
INSERT INTO `cenradis` (`cenradis_id`, `darba_nr`, `darba_veids`, `mervieniba`, `vienibas_cena_ls`, `komentars`) VALUES (15, '3.35', 'EC-2 IO1616 bloka nomaiņa', 'gab.', 30.00, 'Cenrāža ieraksts no 3. lapas');
INSERT INTO `cenradis` (`cenradis_id`, `darba_nr`, `darba_veids`, `mervieniba`, `vienibas_cena_ls`, `komentars`) VALUES (16, '3.34', 'EC-2 LCM bloka nomaiņa', 'gab.', 500.00, 'Cenrāža ieraksts no 3. lapas');
INSERT INTO `cenradis` (`cenradis_id`, `darba_nr`, `darba_veids`, `mervieniba`, `vienibas_cena_ls`, `komentars`) VALUES (17, '3.32', 'EC-2 MDU bloka nomaiņa', 'gab.', 190.00, 'Cenrāža ieraksts no 3. lapas');
INSERT INTO `cenradis` (`cenradis_id`, `darba_nr`, `darba_veids`, `mervieniba`, `vienibas_cena_ls`, `komentars`) VALUES (18, '3.37', 'EC-2 MMI bloka nomaiņa', 'gab.', 10.00, 'Cenrāža ieraksts no 3. lapas');
INSERT INTO `cenradis` (`cenradis_id`, `darba_nr`, `darba_veids`, `mervieniba`, `vienibas_cena_ls`, `komentars`) VALUES (19, '3.38', 'EC-2 termoregulatora nomaiņa', 'gab.', 10.00, 'Cenrāža ieraksts no 3. lapas');
INSERT INTO `cenradis` (`cenradis_id`, `darba_nr`, `darba_veids`, `mervieniba`, `vienibas_cena_ls`, `komentars`) VALUES (20, '2.35', 'Gājēju izsaukuma pogas nomaiņa', 'gab.', 75.00, 'Cenrāža ieraksts no 3. lapas');
INSERT INTO `cenradis` (`cenradis_id`, `darba_nr`, `darba_veids`, `mervieniba`, `vienibas_cena_ls`, `komentars`) VALUES (21, '2.37', 'Gājēju izsaukuma pogas remonts', 'gab.', 5.00, 'Cenrāža ieraksts no 3. lapas');
INSERT INTO `cenradis` (`cenradis_id`, `darba_nr`, `darba_veids`, `mervieniba`, `vienibas_cena_ls`, `komentars`) VALUES (22, '2.18', 'Gājēju signālgalvas (ar 2 lēcām, 200mm) montāža uz balsta', 'kompl.', 100.00, 'Cenrāža ieraksts no 3. lapas');
INSERT INTO `cenradis` (`cenradis_id`, `darba_nr`, `darba_veids`, `mervieniba`, `vienibas_cena_ls`, `komentars`) VALUES (23, '2.55', 'Gājēju signālgalvas (ar 2 lēcām, 200mm) montāža uz balsta (LED 42V)', 'gab.', 230.00, 'Cenrāža ieraksts no 3. lapas');
INSERT INTO `cenradis` (`cenradis_id`, `darba_nr`, `darba_veids`, `mervieniba`, `vienibas_cena_ls`, `komentars`) VALUES (24, '2.19', 'Gājēju signālgalvas (ar 2 lēcām, 200mm) montāža uz balsta (LED)', 'kompl.', 200.00, 'Cenrāža ieraksts no 3. lapas');
INSERT INTO `cenradis` (`cenradis_id`, `darba_nr`, `darba_veids`, `mervieniba`, `vienibas_cena_ls`, `komentars`) VALUES (25, '2.2', 'Gājēju signālgalvas (ar 2 lēcām, 200mm) montāža uz konsoles', 'kompl.', 20.00, 'Cenrāža ieraksts no 3. lapas');
INSERT INTO `cenradis` (`cenradis_id`, `darba_nr`, `darba_veids`, `mervieniba`, `vienibas_cena_ls`, `komentars`) VALUES (26, '2.5', 'Gājēju signālgalvas uz balsta optiskas virsmas mazgāšana, tīrīšana', 'gab.', 0.30, 'Cenrāža ieraksts no 3. lapas');
INSERT INTO `cenradis` (`cenradis_id`, `darba_nr`, `darba_veids`, `mervieniba`, `vienibas_cena_ls`, `komentars`) VALUES (27, '5.1', 'Izsaukums luksofora objektā', 'gab.', 10.00, 'Cenrāža ieraksts no 3. lapas');
INSERT INTO `cenradis` (`cenradis_id`, `darba_nr`, `darba_veids`, `mervieniba`, `vienibas_cena_ls`, `komentars`) VALUES (28, '1.4', 'Kabeļa Al 4x35 montāža', 'm.', 0.10, 'Cenrāža ieraksts no 3. lapas');
INSERT INTO `cenradis` (`cenradis_id`, `darba_nr`, `darba_veids`, `mervieniba`, `vienibas_cena_ls`, `komentars`) VALUES (29, '1.3', 'Kabeļa Cu 4x16 montāža,', 'm.', 0.10, 'Cenrāža ieraksts no 3. lapas');
INSERT INTO `cenradis` (`cenradis_id`, `darba_nr`, `darba_veids`, `mervieniba`, `vienibas_cena_ls`, `komentars`) VALUES (30, '1.23', 'Kabeļa gala apdares Raychem EPKT0015 montāža', 'kompl.', 5.00, 'Cenrāža ieraksts no 3. lapas');
INSERT INTO `cenradis` (`cenradis_id`, `darba_nr`, `darba_veids`, `mervieniba`, `vienibas_cena_ls`, `komentars`) VALUES (31, '1.24', 'Kabeļa savienojuma uzmavas Raychem POLJ-01/4x10-35 montāža', 'kompl.', 26.00, 'Cenrāža ieraksts no 3. lapas');
INSERT INTO `cenradis` (`cenradis_id`, `darba_nr`, `darba_veids`, `mervieniba`, `vienibas_cena_ls`, `komentars`) VALUES (32, '1.1', 'Kabeļa tranšejas rakšana, aizberšana', 'm.', 1.17, 'Cenrāža ieraksts no 3. lapas');
INSERT INTO `cenradis` (`cenradis_id`, `darba_nr`, `darba_veids`, `mervieniba`, `vienibas_cena_ls`, `komentars`) VALUES (33, '1.2', 'Kabeļu montāža izmantojot horizontālas urbšanas metodi', 'm', 30.00, 'Cenrāža ieraksts no 3. lapas');
INSERT INTO `cenradis` (`cenradis_id`, `darba_nr`, `darba_veids`, `mervieniba`, `vienibas_cena_ls`, `komentars`) VALUES (34, '4.3', 'Konsoles demontāža', 'kompl.', 50.00, 'Cenrāža ieraksts no 3. lapas');
INSERT INTO `cenradis` (`cenradis_id`, `darba_nr`, `darba_veids`, `mervieniba`, `vienibas_cena_ls`, `komentars`) VALUES (35, '4.1', 'Kontroliera demontāža', 'kompl.', 15.00, 'Cenrāža ieraksts no 3. lapas');
INSERT INTO `cenradis` (`cenradis_id`, `darba_nr`, `darba_veids`, `mervieniba`, `vienibas_cena_ls`, `komentars`) VALUES (36, '3.31', 'Kontroliera EC-2 montāža', 'gab.', 5320.00, 'Cenrāža ieraksts no 3. lapas');
INSERT INTO `cenradis` (`cenradis_id`, `darba_nr`, `darba_veids`, `mervieniba`, `vienibas_cena_ls`, `komentars`) VALUES (37, '3.27', 'Kontroliera signālgrupas pieslēgšana', 'kompl.', 10.00, 'Cenrāža ieraksts no 3. lapas');
INSERT INTO `cenradis` (`cenradis_id`, `darba_nr`, `darba_veids`, `mervieniba`, `vienibas_cena_ls`, `komentars`) VALUES (38, '3.26', 'Kontroliera signālgrupas spaiļu nomaiņa', 'kompl.', 10.00, 'Cenrāža ieraksts no 3. lapas');
INSERT INTO `cenradis` (`cenradis_id`, `darba_nr`, `darba_veids`, `mervieniba`, `vienibas_cena_ls`, `komentars`) VALUES (39, '3.3', 'Kontroliera VSF montāža', 'gab.', 1.00, 'Cenrāža ieraksts no 3. lapas');
INSERT INTO `cenradis` (`cenradis_id`, `darba_nr`, `darba_veids`, `mervieniba`, `vienibas_cena_ls`, `komentars`) VALUES (40, '3.2', 'Kontroliera VTC montāža', 'gab.', 4000.00, 'Cenrāža ieraksts no 3. lapas');
INSERT INTO `cenradis` (`cenradis_id`, `darba_nr`, `darba_veids`, `mervieniba`, `vienibas_cena_ls`, `komentars`) VALUES (41, '1.27', 'LSS-4 tipa sadalnes montāža', 'gab.', 70.00, 'Cenrāža ieraksts no 3. lapas');
INSERT INTO `cenradis` (`cenradis_id`, `darba_nr`, `darba_veids`, `mervieniba`, `vienibas_cena_ls`, `komentars`) VALUES (42, '2.2', 'Luksofora balsta h=4m montāža', 'gab.', 80.00, 'Cenrāža ieraksts no 3. lapas');
INSERT INTO `cenradis` (`cenradis_id`, `darba_nr`, `darba_veids`, `mervieniba`, `vienibas_cena_ls`, `komentars`) VALUES (43, '2.1', 'Luksofora balsta h=6m montāža', 'gab.', 120.00, 'Cenrāža ieraksts no 3. lapas');
INSERT INTO `cenradis` (`cenradis_id`, `darba_nr`, `darba_veids`, `mervieniba`, `vienibas_cena_ls`, `komentars`) VALUES (44, '2.4', 'Luksofora balsta pamatnes montāža', 'gab.', 40.00, 'Cenrāža ieraksts no 3. lapas');
INSERT INTO `cenradis` (`cenradis_id`, `darba_nr`, `darba_veids`, `mervieniba`, `vienibas_cena_ls`, `komentars`) VALUES (45, '2.6', 'Luksofora balsta taisnošana, remonts', 'gab.', 15.00, 'Cenrāža ieraksts no 3. lapas');
INSERT INTO `cenradis` (`cenradis_id`, `darba_nr`, `darba_veids`, `mervieniba`, `vienibas_cena_ls`, `komentars`) VALUES (46, '2.3', 'Luksofora konsoles h=6,5m montāža', 'gab.', 2000.00, 'Cenrāža ieraksts no 3. lapas');
INSERT INTO `cenradis` (`cenradis_id`, `darba_nr`, `darba_veids`, `mervieniba`, `vienibas_cena_ls`, `komentars`) VALUES (47, '2.5', 'Luksofora konsoles pamatnes montāža', 'gab.', 80.00, 'Cenrāža ieraksts no 3. lapas');
INSERT INTO `cenradis` (`cenradis_id`, `darba_nr`, `darba_veids`, `mervieniba`, `vienibas_cena_ls`, `komentars`) VALUES (48, '2.7', 'Luksofora konsoles taisnošana, remonts', 'gab.', 80.00, 'Cenrāža ieraksts no 3. lapas');
INSERT INTO `cenradis` (`cenradis_id`, `darba_nr`, `darba_veids`, `mervieniba`, `vienibas_cena_ls`, `komentars`) VALUES (49, '1.26', 'Luksofora objekta bojājuma noteikšana', 'st.', 20.00, 'Cenrāža ieraksts no 3. lapas');
INSERT INTO `cenradis` (`cenradis_id`, `darba_nr`, `darba_veids`, `mervieniba`, `vienibas_cena_ls`, `komentars`) VALUES (50, '3.25', 'Luksofora objekta signālplāna izstrāde', 'kompl.', 200.00, 'Cenrāža ieraksts no 3. lapas');
INSERT INTO `cenradis` (`cenradis_id`, `darba_nr`, `darba_veids`, `mervieniba`, `vienibas_cena_ls`, `komentars`) VALUES (51, '4.2', 'Luksofora staba demontāža', 'kompl.', 10.00, 'Cenrāža ieraksts no 3. lapas');
INSERT INTO `cenradis` (`cenradis_id`, `darba_nr`, `darba_veids`, `mervieniba`, `vienibas_cena_ls`, `komentars`) VALUES (52, '5.2', 'Maršruta apsekošana', 'km', 1.00, 'Cenrāža ieraksts no 3. lapas');
INSERT INTO `cenradis` (`cenradis_id`, `darba_nr`, `darba_veids`, `mervieniba`, `vienibas_cena_ls`, `komentars`) VALUES (53, '2.14', 'Papīldsekcijas transporta signālgalvas (ar 1 lēcu, 300mm) montāža uz balsta', 'kompl.', 40.00, 'Cenrāža ieraksts no 3. lapas');
INSERT INTO `cenradis` (`cenradis_id`, `darba_nr`, `darba_veids`, `mervieniba`, `vienibas_cena_ls`, `komentars`) VALUES (54, '2.53', 'Papīldsekcijas transporta signālgalvas (ar 1 lēcu, 300mm) montāža uz balsta (LED 42V)', 'gab.', 160.00, 'Cenrāža ieraksts no 3. lapas');
INSERT INTO `cenradis` (`cenradis_id`, `darba_nr`, `darba_veids`, `mervieniba`, `vienibas_cena_ls`, `komentars`) VALUES (55, '2.15', 'Papīldsekcijas transporta signālgalvas (ar 1 lēcu, 300mm) montāža uz balsta (LED)', 'kompl.', 120.00, 'Cenrāža ieraksts no 3. lapas');
INSERT INTO `cenradis` (`cenradis_id`, `darba_nr`, `darba_veids`, `mervieniba`, `vienibas_cena_ls`, `komentars`) VALUES (56, '2.54', 'Papīldsekcijas transporta signālgalvas (ar 1 lēcu, 300mm) montāža uz konsoles (LED 42V)', 'gab.', 160.00, 'Cenrāža ieraksts no 3. lapas');
INSERT INTO `cenradis` (`cenradis_id`, `darba_nr`, `darba_veids`, `mervieniba`, `vienibas_cena_ls`, `komentars`) VALUES (57, '2.17', 'Papīldsekcijas transporta signālgalvas (ar 1 lēcu, 300mm) montāža uz konsoles (LED)', 'kompl.', 120.00, 'Cenrāža ieraksts no 3. lapas');
INSERT INTO `cenradis` (`cenradis_id`, `darba_nr`, `darba_veids`, `mervieniba`, `vienibas_cena_ls`, `komentars`) VALUES (58, '2.16', 'Papīldsekcijas transporta signālgalvas (ar 1 lēcu, 300mm) nomaiņa uz konsoles', 'kompl.', 25.00, 'Cenrāža ieraksts no 3. lapas');
INSERT INTO `cenradis` (`cenradis_id`, `darba_nr`, `darba_veids`, `mervieniba`, `vienibas_cena_ls`, `komentars`) VALUES (59, '3.23', 'Pārsprieguma novadītāja ieliktņa nomaiņa', 'gab.', 1.00, 'Cenrāža ieraksts no 3. lapas');
INSERT INTO `cenradis` (`cenradis_id`, `darba_nr`, `darba_veids`, `mervieniba`, `vienibas_cena_ls`, `komentars`) VALUES (60, '3.22', 'Pārsprieguma novadītāja nomaiņa 1 fāzu, 65kA, līdz 1,5kV', 'gab.', 5.00, 'Cenrāža ieraksts no 3. lapas');
INSERT INTO `cenradis` (`cenradis_id`, `darba_nr`, `darba_veids`, `mervieniba`, `vienibas_cena_ls`, `komentars`) VALUES (61, '3.29', 'Pasūtītāja aizsardzības elementa nomaiņa', 'gab.', 5.00, 'Cenrāža ieraksts no 3. lapas');
INSERT INTO `cenradis` (`cenradis_id`, `darba_nr`, `darba_veids`, `mervieniba`, `vienibas_cena_ls`, `komentars`) VALUES (62, '2.41', 'Pasūtītāja balsta montāža', 'gab.', 7.00, 'Cenrāža ieraksts no 3. lapas');
INSERT INTO `cenradis` (`cenradis_id`, `darba_nr`, `darba_veids`, `mervieniba`, `vienibas_cena_ls`, `komentars`) VALUES (63, '2.47', 'Pasūtītāja gājēju signālgavas montāža', 'gab.', 15.00, 'Cenrāža ieraksts no 3. lapas');
INSERT INTO `cenradis` (`cenradis_id`, `darba_nr`, `darba_veids`, `mervieniba`, `vienibas_cena_ls`, `komentars`) VALUES (64, '3.3', 'Pasūtītāja kontroliera montāža', 'gab.', 200.00, 'Cenrāža ieraksts no 3. lapas');
INSERT INTO `cenradis` (`cenradis_id`, `darba_nr`, `darba_veids`, `mervieniba`, `vienibas_cena_ls`, `komentars`) VALUES (65, '2.42', 'Pasūtītāja pamatnes montāža', 'gab.', 5.00, 'Cenrāža ieraksts no 3. lapas');
INSERT INTO `cenradis` (`cenradis_id`, `darba_nr`, `darba_veids`, `mervieniba`, `vienibas_cena_ls`, `komentars`) VALUES (66, '2.45', 'Pasūtītāja signāllēcas nomaiņa uz balsta', 'gab.', 5.00, 'Cenrāža ieraksts no 3. lapas');
INSERT INTO `cenradis` (`cenradis_id`, `darba_nr`, `darba_veids`, `mervieniba`, `vienibas_cena_ls`, `komentars`) VALUES (67, '2.46', 'Pasūtītāja signāllēcas nomaiņa uz konsoles', 'gab.', 5.00, 'Cenrāža ieraksts no 3. lapas');
INSERT INTO `cenradis` (`cenradis_id`, `darba_nr`, `darba_veids`, `mervieniba`, `vienibas_cena_ls`, `komentars`) VALUES (68, '2.43', 'Pasūtītāja transporta signālgalvas montāža uz balsta', 'gab.', 20.00, 'Cenrāža ieraksts no 3. lapas');
INSERT INTO `cenradis` (`cenradis_id`, `darba_nr`, `darba_veids`, `mervieniba`, `vienibas_cena_ls`, `komentars`) VALUES (69, '2.44', 'Pasūtītāja transporta signālgalvas montāža uz konsoles', 'gab.', 20.00, 'Cenrāža ieraksts no 3. lapas');
INSERT INTO `cenradis` (`cenradis_id`, `darba_nr`, `darba_veids`, `mervieniba`, `vienibas_cena_ls`, `komentars`) VALUES (70, '3.28', 'Pasūtītāja vadības plates nomaiņa', 'gab.', 10.00, 'Cenrāža ieraksts no 3. lapas');
INSERT INTO `cenradis` (`cenradis_id`, `darba_nr`, `darba_veids`, `mervieniba`, `vienibas_cena_ls`, `komentars`) VALUES (71, '2.61', 'Sensora signāla atkārtotāja SensysNetworks RP 240B (vai ekvivalenta) iekārtas nomaiņa', 'gab.', 560.00, 'Cenrāža ieraksts no 3. lapas');
INSERT INTO `cenradis` (`cenradis_id`, `darba_nr`, `darba_veids`, `mervieniba`, `vienibas_cena_ls`, `komentars`) VALUES (72, '2.62', 'Sensora signāla uztvērēja SensysNetworks AP 240-E (vai ekvivalenta) iekārtas nomaiņa', 'gab.', 1900.00, 'Cenrāža ieraksts no 3. lapas');
INSERT INTO `cenradis` (`cenradis_id`, `darba_nr`, `darba_veids`, `mervieniba`, `vienibas_cena_ls`, `komentars`) VALUES (73, '2.25', 'Signālgalvas aizsargjumtiņa nomaiņa uz balsta', 'gab.', 20.00, 'Cenrāža ieraksts no 3. lapas');
INSERT INTO `cenradis` (`cenradis_id`, `darba_nr`, `darba_veids`, `mervieniba`, `vienibas_cena_ls`, `komentars`) VALUES (74, '2.26', 'Signālgalvas aizsargjumtiņa nomaiņa uz konsoles', 'gab.', 10.00, 'Cenrāža ieraksts no 3. lapas');
INSERT INTO `cenradis` (`cenradis_id`, `darba_nr`, `darba_veids`, `mervieniba`, `vienibas_cena_ls`, `komentars`) VALUES (75, '2.22', 'Signālgalvas ar papīldsekciju atstarojošā rāmīša nomaiņa uz balsta', 'kompl.', 60.00, 'Cenrāža ieraksts no 3. lapas');
INSERT INTO `cenradis` (`cenradis_id`, `darba_nr`, `darba_veids`, `mervieniba`, `vienibas_cena_ls`, `komentars`) VALUES (76, '2.24', 'Signālgalvas ar papīldsekciju atstarojošā rāmīša nomaiņa uz konsoles', 'kompl.', 60.00, 'Cenrāža ieraksts no 3. lapas');
INSERT INTO `cenradis` (`cenradis_id`, `darba_nr`, `darba_veids`, `mervieniba`, `vienibas_cena_ls`, `komentars`) VALUES (77, '2.21', 'Signālgalvas atstarojošā rāmīša nomaiņa uz balsta', 'kompl.', 60.00, 'Cenrāža ieraksts no 3. lapas');
INSERT INTO `cenradis` (`cenradis_id`, `darba_nr`, `darba_veids`, `mervieniba`, `vienibas_cena_ls`, `komentars`) VALUES (78, '2.23', 'Signālgalvas atstarojošā rāmīša nomaiņa uz konsoles', 'kompl.', 60.00, 'Cenrāža ieraksts no 3. lapas');
INSERT INTO `cenradis` (`cenradis_id`, `darba_nr`, `darba_veids`, `mervieniba`, `vienibas_cena_ls`, `komentars`) VALUES (79, '4.4', 'Signālgalvas demontāža uz balsta', 'gab.', 10.00, 'Cenrāža ieraksts no 3. lapas');
INSERT INTO `cenradis` (`cenradis_id`, `darba_nr`, `darba_veids`, `mervieniba`, `vienibas_cena_ls`, `komentars`) VALUES (80, '4.5', 'Signālgalvas demontāža uz konsoles', 'gab.', 15.00, 'Cenrāža ieraksts no 3. lapas');
INSERT INTO `cenradis` (`cenradis_id`, `darba_nr`, `darba_veids`, `mervieniba`, `vienibas_cena_ls`, `komentars`) VALUES (81, '1.6', 'Signālkabeļa Cu 12x1,5 montāža', 'm.', 3.40, 'Cenrāža ieraksts no 3. lapas');
INSERT INTO `cenradis` (`cenradis_id`, `darba_nr`, `darba_veids`, `mervieniba`, `vienibas_cena_ls`, `komentars`) VALUES (82, '1.13', 'Signālkabeļa Cu 12x2,5 montāža', 'm.', 0.05, 'Cenrāža ieraksts no 3. lapas');
INSERT INTO `cenradis` (`cenradis_id`, `darba_nr`, `darba_veids`, `mervieniba`, `vienibas_cena_ls`, `komentars`) VALUES (83, '1.7', 'Signālkabeļa Cu 19x1,5 montāža', 'm.', 0.10, 'Cenrāža ieraksts no 3. lapas');
INSERT INTO `cenradis` (`cenradis_id`, `darba_nr`, `darba_veids`, `mervieniba`, `vienibas_cena_ls`, `komentars`) VALUES (84, '1.14', 'Signālkabeļa Cu 19x2,5 montāža', 'm.', 0.05, 'Cenrāža ieraksts no 3. lapas');
INSERT INTO `cenradis` (`cenradis_id`, `darba_nr`, `darba_veids`, `mervieniba`, `vienibas_cena_ls`, `komentars`) VALUES (85, '1.8', 'Signālkabeļa Cu 27x1,5 montāža', 'm.', 0.10, 'Cenrāža ieraksts no 3. lapas');
INSERT INTO `cenradis` (`cenradis_id`, `darba_nr`, `darba_veids`, `mervieniba`, `vienibas_cena_ls`, `komentars`) VALUES (86, '1.15', 'Signālkabeļa Cu 27x2,5 montāža', 'm.', 0.05, 'Cenrāža ieraksts no 3. lapas');
INSERT INTO `cenradis` (`cenradis_id`, `darba_nr`, `darba_veids`, `mervieniba`, `vienibas_cena_ls`, `komentars`) VALUES (87, '1.9', 'Signālkabeļa Cu 3x1,5 montāža', 'm.', 0.05, 'Cenrāža ieraksts no 3. lapas');
INSERT INTO `cenradis` (`cenradis_id`, `darba_nr`, `darba_veids`, `mervieniba`, `vienibas_cena_ls`, `komentars`) VALUES (88, '1.16', 'Signālkabeļa Cu 3x2,5 montāža', 'm.', 0.05, 'Cenrāža ieraksts no 3. lapas');
INSERT INTO `cenradis` (`cenradis_id`, `darba_nr`, `darba_veids`, `mervieniba`, `vienibas_cena_ls`, `komentars`) VALUES (89, '1.1', 'Signālkabeļa Cu 4x1,5 montāža', 'm.', 0.05, 'Cenrāža ieraksts no 3. lapas');
INSERT INTO `cenradis` (`cenradis_id`, `darba_nr`, `darba_veids`, `mervieniba`, `vienibas_cena_ls`, `komentars`) VALUES (90, '1.17', 'Signālkabeļa Cu 4x2,5 montāža', 'm.', 0.10, 'Cenrāža ieraksts no 3. lapas');
INSERT INTO `cenradis` (`cenradis_id`, `darba_nr`, `darba_veids`, `mervieniba`, `vienibas_cena_ls`, `komentars`) VALUES (91, '1.5', 'Signālkabeļa Cu 7x1,5 montāža', 'm.', 1.50, 'Cenrāža ieraksts no 3. lapas');
INSERT INTO `cenradis` (`cenradis_id`, `darba_nr`, `darba_veids`, `mervieniba`, `vienibas_cena_ls`, `komentars`) VALUES (92, '1.11', 'Signālkabeļa Cu 7x1,5 montāža stabā, konsolē', 'm.', 1.50, 'Cenrāža ieraksts no 3. lapas');
INSERT INTO `cenradis` (`cenradis_id`, `darba_nr`, `darba_veids`, `mervieniba`, `vienibas_cena_ls`, `komentars`) VALUES (93, '1.12', 'Signālkabeļa Cu 7x2,5 montāža', 'm.', 0.10, 'Cenrāža ieraksts no 3. lapas');
INSERT INTO `cenradis` (`cenradis_id`, `darba_nr`, `darba_veids`, `mervieniba`, `vienibas_cena_ls`, `komentars`) VALUES (94, '1.18', 'Signālkabeļa Cu 7x2,5 montāža stabā, konsolē', 'm.', 0.05, 'Cenrāža ieraksts no 3. lapas');
INSERT INTO `cenradis` (`cenradis_id`, `darba_nr`, `darba_veids`, `mervieniba`, `vienibas_cena_ls`, `komentars`) VALUES (95, '1.25', 'Signālkabeļa spaiļu komplekta nomaiņa balstā, konsolē', 'kompl.', 5.00, 'Cenrāža ieraksts no 3. lapas');
INSERT INTO `cenradis` (`cenradis_id`, `darba_nr`, `darba_veids`, `mervieniba`, `vienibas_cena_ls`, `komentars`) VALUES (96, '2.31', 'Signāllēcas (200mm) nomaiņa uz balsta', 'gab.', 10.00, 'Cenrāža ieraksts no 3. lapas');
INSERT INTO `cenradis` (`cenradis_id`, `darba_nr`, `darba_veids`, `mervieniba`, `vienibas_cena_ls`, `komentars`) VALUES (97, '2.29', 'Signāllēcas (300mm) nomaiņa uz balsta', 'gab.', 10.00, 'Cenrāža ieraksts no 3. lapas');
INSERT INTO `cenradis` (`cenradis_id`, `darba_nr`, `darba_veids`, `mervieniba`, `vienibas_cena_ls`, `komentars`) VALUES (98, '2.33', 'Signāllēcas (300mm) nomaiņa uz konsoles', 'gab.', 10.00, 'Cenrāža ieraksts no 3. lapas');
INSERT INTO `cenradis` (`cenradis_id`, `darba_nr`, `darba_veids`, `mervieniba`, `vienibas_cena_ls`, `komentars`) VALUES (99, '2.56', 'Signāllēcas (LED 42V, 300mm) nomaiņa uz balsta', 'gab.', 80.00, 'Cenrāža ieraksts no 3. lapas');
INSERT INTO `cenradis` (`cenradis_id`, `darba_nr`, `darba_veids`, `mervieniba`, `vienibas_cena_ls`, `komentars`) VALUES (100, '2.58', 'Signāllēcas (LED 42V,200mm) nomaiņa uz balsta', 'gab.', 80.00, 'Cenrāža ieraksts no 3. lapas');
INSERT INTO `cenradis` (`cenradis_id`, `darba_nr`, `darba_veids`, `mervieniba`, `vienibas_cena_ls`, `komentars`) VALUES (101, '2.57', 'Signāllēcas (LED 42V,300mm) nomaiņa uz konsoles', 'gab.', 80.00, 'Cenrāža ieraksts no 3. lapas');
INSERT INTO `cenradis` (`cenradis_id`, `darba_nr`, `darba_veids`, `mervieniba`, `vienibas_cena_ls`, `komentars`) VALUES (102, '2.32', 'Signāllēcas (LED, 200mm) nomaiņa uz balsta', 'gab.', 80.00, 'Cenrāža ieraksts no 3. lapas');
INSERT INTO `cenradis` (`cenradis_id`, `darba_nr`, `darba_veids`, `mervieniba`, `vienibas_cena_ls`, `komentars`) VALUES (103, '2.3', 'Signāllēcas (LED, 300mm) nomaiņa uz balsta', 'gab.', 80.00, 'Cenrāža ieraksts no 3. lapas');
INSERT INTO `cenradis` (`cenradis_id`, `darba_nr`, `darba_veids`, `mervieniba`, `vienibas_cena_ls`, `komentars`) VALUES (104, '2.34', 'Signāllēcas (LED,300mm) nomaiņa uz konsoles', 'gab.', 80.00, 'Cenrāža ieraksts no 3. lapas');
INSERT INTO `cenradis` (`cenradis_id`, `darba_nr`, `darba_veids`, `mervieniba`, `vienibas_cena_ls`, `komentars`) VALUES (105, '1.22', 'Signāllentas montāža', 'm.', 0.05, 'Cenrāža ieraksts no 3. lapas');
INSERT INTO `cenradis` (`cenradis_id`, `darba_nr`, `darba_veids`, `mervieniba`, `vienibas_cena_ls`, `komentars`) VALUES (106, '5.3', 'Skaitītāju radījumu nolasīšana, objektu apsekošana', 'gab.', 2495.00, 'Cenrāža ieraksts no 3. lapas');
INSERT INTO `cenradis` (`cenradis_id`, `darba_nr`, `darba_veids`, `mervieniba`, `vienibas_cena_ls`, `komentars`) VALUES (107, '2.39', 'Skaņas signāla iekārtas nomaiņa', 'gab.', 115.00, 'Cenrāža ieraksts no 3. lapas');
INSERT INTO `cenradis` (`cenradis_id`, `darba_nr`, `darba_veids`, `mervieniba`, `vienibas_cena_ls`, `komentars`) VALUES (108, '1.28', 'SP-7 tipa sadalnes montāža', 'gab.', 20.00, 'Cenrāža ieraksts no 3. lapas');
INSERT INTO `cenradis` (`cenradis_id`, `darba_nr`, `darba_veids`, `mervieniba`, `vienibas_cena_ls`, `komentars`) VALUES (109, '2.27', 'Spuldzes nomaiņa uz balsta', 'gab.', 4.40, 'Cenrāža ieraksts no 3. lapas');
INSERT INTO `cenradis` (`cenradis_id`, `darba_nr`, `darba_veids`, `mervieniba`, `vienibas_cena_ls`, `komentars`) VALUES (110, '2.28', 'Spuldzes nomaiņa uz konsoles', 'gab.', 5.00, 'Cenrāža ieraksts no 3. lapas');
INSERT INTO `cenradis` (`cenradis_id`, `darba_nr`, `darba_veids`, `mervieniba`, `vienibas_cena_ls`, `komentars`) VALUES (111, '3.2', 'Starpreleja nomaiņa 20A', 'gab.', 5.00, 'Cenrāža ieraksts no 3. lapas');
INSERT INTO `cenradis` (`cenradis_id`, `darba_nr`, `darba_veids`, `mervieniba`, `vienibas_cena_ls`, `komentars`) VALUES (112, '2.36', 'Transporta kustības detektora nomaiņa', 'gab.', 380.00, 'Cenrāža ieraksts no 3. lapas');
INSERT INTO `cenradis` (`cenradis_id`, `darba_nr`, `darba_veids`, `mervieniba`, `vienibas_cena_ls`, `komentars`) VALUES (113, '2.38', 'Transporta kustības detektora regulēšana', 'gab.', 5.00, 'Cenrāža ieraksts no 3. lapas');
INSERT INTO `cenradis` (`cenradis_id`, `darba_nr`, `darba_veids`, `mervieniba`, `vienibas_cena_ls`, `komentars`) VALUES (114, '2.13', 'Transporta signālgalvas (ar 3 lēcām) montāža uz konsoles (LED)', 'kompl.', 300.00, 'Cenrāža ieraksts no 3. lapas');
INSERT INTO `cenradis` (`cenradis_id`, `darba_nr`, `darba_veids`, `mervieniba`, `vienibas_cena_ls`, `komentars`) VALUES (115, '2.1', 'Transporta signālgalvas (ar 3 lēcām, 200mm) montāža uz balsta', 'kompl.', 100.00, 'Cenrāža ieraksts no 3. lapas');
INSERT INTO `cenradis` (`cenradis_id`, `darba_nr`, `darba_veids`, `mervieniba`, `vienibas_cena_ls`, `komentars`) VALUES (116, '2.11', 'Transporta signālgalvas (ar 3 lēcām, 200mm) montāža uz balsta (LED)', 'kompl.', 200.00, 'Cenrāža ieraksts no 3. lapas');
INSERT INTO `cenradis` (`cenradis_id`, `darba_nr`, `darba_veids`, `mervieniba`, `vienibas_cena_ls`, `komentars`) VALUES (117, '2.8', 'Transporta signālgalvas (ar 3 lēcām, 300mm) montāža uz balsta', 'kompl.', 100.00, 'Cenrāža ieraksts no 3. lapas');
INSERT INTO `cenradis` (`cenradis_id`, `darba_nr`, `darba_veids`, `mervieniba`, `vienibas_cena_ls`, `komentars`) VALUES (118, '2.51', 'Transporta signālgalvas (ar 3 lēcām, 300mm) montāža uz balsta (LED 42V)', 'gab.', 280.00, 'Cenrāža ieraksts no 3. lapas');
INSERT INTO `cenradis` (`cenradis_id`, `darba_nr`, `darba_veids`, `mervieniba`, `vienibas_cena_ls`, `komentars`) VALUES (119, '2.9', 'Transporta signālgalvas (ar 3 lēcām, 300mm) montāža uz balsta (LED)', 'kompl.', 300.00, 'Cenrāža ieraksts no 3. lapas');
INSERT INTO `cenradis` (`cenradis_id`, `darba_nr`, `darba_veids`, `mervieniba`, `vienibas_cena_ls`, `komentars`) VALUES (120, '2.12', 'Transporta signālgalvas (ar 3 lēcām, 300mm) montāža uz konsoles', 'kompl.', 100.00, 'Cenrāža ieraksts no 3. lapas');
INSERT INTO `cenradis` (`cenradis_id`, `darba_nr`, `darba_veids`, `mervieniba`, `vienibas_cena_ls`, `komentars`) VALUES (121, '2.52', 'Transporta signālgalvas (ar 3 lēcām, 300mm) montāža uz konsoles (LED 42V)', 'gab.', 280.00, 'Cenrāža ieraksts no 3. lapas');
INSERT INTO `cenradis` (`cenradis_id`, `darba_nr`, `darba_veids`, `mervieniba`, `vienibas_cena_ls`, `komentars`) VALUES (122, '2.48', 'Transporta signālgalvas uz balsta optiskas virsmas mazgāšana, tīrīšana', 'gab.', 0.30, 'Cenrāža ieraksts no 3. lapas');
INSERT INTO `cenradis` (`cenradis_id`, `darba_nr`, `darba_veids`, `mervieniba`, `vienibas_cena_ls`, `komentars`) VALUES (123, '2.49', 'Transporta signālgalvas uz konsoles optiskas virsmas mazgāšana, tīrīšana', 'gab.', 0.30, 'Cenrāža ieraksts no 3. lapas');
INSERT INTO `cenradis` (`cenradis_id`, `darba_nr`, `darba_veids`, `mervieniba`, `vienibas_cena_ls`, `komentars`) VALUES (124, '3.1', 'Uzskaites sadalnes E-N-LU-I tipa montāža', 'gab.', 250.00, 'Cenrāža ieraksts no 3. lapas');
INSERT INTO `cenradis` (`cenradis_id`, `darba_nr`, `darba_veids`, `mervieniba`, `vienibas_cena_ls`, `komentars`) VALUES (125, '3.17', 'Vadības plates ZKS tipa drošinātāja nomaiņa', 'gab.', 10.00, 'Cenrāža ieraksts no 3. lapas');
INSERT INTO `cenradis` (`cenradis_id`, `darba_nr`, `darba_veids`, `mervieniba`, `vienibas_cena_ls`, `komentars`) VALUES (126, '3.7', 'VSF CPU bloka nomaiņa', 'gab.', 270.00, 'Cenrāža ieraksts no 3. lapas');
INSERT INTO `cenradis` (`cenradis_id`, `darba_nr`, `darba_veids`, `mervieniba`, `vienibas_cena_ls`, `komentars`) VALUES (127, '3.8', 'VSF LK-6 bloka nomaiņa', 'gab.', 150.00, 'Cenrāža ieraksts no 3. lapas');
INSERT INTO `cenradis` (`cenradis_id`, `darba_nr`, `darba_veids`, `mervieniba`, `vienibas_cena_ls`, `komentars`) VALUES (128, '3.5', 'VTC CPU bloka nomaiņa', 'gab.', 950.00, 'Cenrāža ieraksts no 3. lapas');
INSERT INTO `cenradis` (`cenradis_id`, `darba_nr`, `darba_veids`, `mervieniba`, `vienibas_cena_ls`, `komentars`) VALUES (129, '3.6', 'VTC LK-6M bloka nomaiņa', 'gab.', 510.00, 'Cenrāža ieraksts no 3. lapas');
INSERT INTO `cenradis` (`cenradis_id`, `darba_nr`, `darba_veids`, `mervieniba`, `vienibas_cena_ls`, `komentars`) VALUES (130, '3.13', 'VTC mini (VTC-1080, VTC-1040) barošanas bloka nomaiņa', 'gab.', 120.00, 'Cenrāža ieraksts no 3. lapas');
INSERT INTO `cenradis` (`cenradis_id`, `darba_nr`, `darba_veids`, `mervieniba`, `vienibas_cena_ls`, `komentars`) VALUES (131, '3.14', 'VTC mini (VTC-1080, VTC-1040) CPU bloka nomaiņa', 'gab.', 200.00, 'Cenrāža ieraksts no 3. lapas');
INSERT INTO `cenradis` (`cenradis_id`, `darba_nr`, `darba_veids`, `mervieniba`, `vienibas_cena_ls`, `komentars`) VALUES (132, '3.15', 'VTC mini (VTC-1080, VTC-1040) LK bloka nomaiņa', 'gab.', 50.00, 'Cenrāža ieraksts no 3. lapas');
INSERT INTO `cenradis` (`cenradis_id`, `darba_nr`, `darba_veids`, `mervieniba`, `vienibas_cena_ls`, `komentars`) VALUES (133, '3.16', 'VTC mini (VTC-1080, VTC-1040) termoregulatora bloka nomaiņa', 'gab.', 130.00, 'Cenrāža ieraksts no 3. lapas');
INSERT INTO `cenradis` (`cenradis_id`, `darba_nr`, `darba_veids`, `mervieniba`, `vienibas_cena_ls`, `komentars`) VALUES (134, '3.4', 'VTC, VSF barošanas bloka nomaiņa', 'gab.', 300.00, 'Cenrāža ieraksts no 3. lapas');
INSERT INTO `cenradis` (`cenradis_id`, `darba_nr`, `darba_veids`, `mervieniba`, `vienibas_cena_ls`, `komentars`) VALUES (135, '3.9', 'VTC, VSF GDK bloka nomaiņa', 'gab.', 300.00, 'Cenrāža ieraksts no 3. lapas');
INSERT INTO `cenradis` (`cenradis_id`, `darba_nr`, `darba_veids`, `mervieniba`, `vienibas_cena_ls`, `komentars`) VALUES (136, '3.1', 'VTC, VSF GSM antenas nomaiņa', 'gab.', 300.00, 'Cenrāža ieraksts no 3. lapas');
INSERT INTO `cenradis` (`cenradis_id`, `darba_nr`, `darba_veids`, `mervieniba`, `vienibas_cena_ls`, `komentars`) VALUES (137, '3.24', 'VTC, VSF luksofora objekta signālplānu nomaiņa', 'gab.', 200.00, 'Cenrāža ieraksts no 3. lapas');
INSERT INTO `cenradis` (`cenradis_id`, `darba_nr`, `darba_veids`, `mervieniba`, `vienibas_cena_ls`, `komentars`) VALUES (138, '3.12', 'VTC, VSF sildelementa nomaiņa', 'gab.', 10.00, 'Cenrāža ieraksts no 3. lapas');
INSERT INTO `cenradis` (`cenradis_id`, `darba_nr`, `darba_veids`, `mervieniba`, `vienibas_cena_ls`, `komentars`) VALUES (139, '3.11', 'VTC, VSF termoregulatora bloka nomaiņa', 'gab.', 130.00, 'Cenrāža ieraksts no 3. lapas');

INSERT INTO `darbi` (`darbs_id`, `avota_rindas_nr`, `datums`, `sakuma_laiks`, `darba_tips_id`, `vieta_id`, `kludas_apraksts`, `beigu_datums`, `beigu_laiks`, `darba_veiceji_teksts`, `cenradis_id`) VALUES (1, 2, '2012-01-01', '06:00:00', 1, 7, 'Maršruta apsekošana', '2012-01-01', '07:30:00', 'U. Grunde-Zeiferts', 52);
INSERT INTO `darbi` (`darbs_id`, `avota_rindas_nr`, `datums`, `sakuma_laiks`, `darba_tips_id`, `vieta_id`, `kludas_apraksts`, `beigu_datums`, `beigu_laiks`, `darba_veiceji_teksts`, `cenradis_id`) VALUES (2, 3, '2012-01-02', '06:00:00', 1, 7, 'Maršruta apsekošana', '2012-01-02', '07:30:00', 'U. Grunde-Zeiferts', 52);
INSERT INTO `darbi` (`darbs_id`, `avota_rindas_nr`, `datums`, `sakuma_laiks`, `darba_tips_id`, `vieta_id`, `kludas_apraksts`, `beigu_datums`, `beigu_laiks`, `darba_veiceji_teksts`, `cenradis_id`) VALUES (3, 4, '2012-01-02', '07:45:00', 13, 14, 'Ražošanas sapulce', '2012-01-02', '08:30:00', 'U. Grunde-Zeiferts', NULL);
INSERT INTO `darbi` (`darbs_id`, `avota_rindas_nr`, `datums`, `sakuma_laiks`, `darba_tips_id`, `vieta_id`, `kludas_apraksts`, `beigu_datums`, `beigu_laiks`, `darba_veiceji_teksts`, `cenradis_id`) VALUES (4, 5, '2012-01-02', '09:00:00', 3, 23, 'Signālgalvu uzstādīšana', '2012-01-02', '13:00:00', 'Ē. Aukmanis', NULL);
INSERT INTO `darbi` (`darbs_id`, `avota_rindas_nr`, `datums`, `sakuma_laiks`, `darba_tips_id`, `vieta_id`, `kludas_apraksts`, `beigu_datums`, `beigu_laiks`, `darba_veiceji_teksts`, `cenradis_id`) VALUES (5, 6, '2012-01-02', '09:00:00', 3, 23, 'Signālgalvu uzstādīšana', '2012-01-02', '13:00:00', 'U. Grunde-Zeiferts', NULL);
INSERT INTO `darbi` (`darbs_id`, `avota_rindas_nr`, `datums`, `sakuma_laiks`, `darba_tips_id`, `vieta_id`, `kludas_apraksts`, `beigu_datums`, `beigu_laiks`, `darba_veiceji_teksts`, `cenradis_id`) VALUES (6, 7, '2012-01-02', '13:30:00', 3, 23, 'Signālgalvu pievienošana', '2012-01-02', '15:00:00', 'Ē. Aukmanis', NULL);
INSERT INTO `darbi` (`darbs_id`, `avota_rindas_nr`, `datums`, `sakuma_laiks`, `darba_tips_id`, `vieta_id`, `kludas_apraksts`, `beigu_datums`, `beigu_laiks`, `darba_veiceji_teksts`, `cenradis_id`) VALUES (7, 8, '2012-01-02', '13:30:00', 3, 23, 'Signālgalvu pievienošana', '2012-01-02', '16:00:00', 'U. Grunde-Zeiferts', NULL);
INSERT INTO `darbi` (`darbs_id`, `avota_rindas_nr`, `datums`, `sakuma_laiks`, `darba_tips_id`, `vieta_id`, `kludas_apraksts`, `beigu_datums`, `beigu_laiks`, `darba_veiceji_teksts`, `cenradis_id`) VALUES (8, 9, '2012-01-02', '16:00:00', 8, 14, 'Nenodoto signālgalvu sanešana Mazā noliktavā', '2012-01-02', '17:00:00', 'U. Grunde-Zeiferts', NULL);
INSERT INTO `darbi` (`darbs_id`, `avota_rindas_nr`, `datums`, `sakuma_laiks`, `darba_tips_id`, `vieta_id`, `kludas_apraksts`, `beigu_datums`, `beigu_laiks`, `darba_veiceji_teksts`, `cenradis_id`) VALUES (9, 10, '2012-01-03', '06:00:00', 1, 7, 'Maršruta apsekošana', '2012-01-03', '07:30:00', 'U.Grunde-Zeiferts', 52);
INSERT INTO `darbi` (`darbs_id`, `avota_rindas_nr`, `datums`, `sakuma_laiks`, `darba_tips_id`, `vieta_id`, `kludas_apraksts`, `beigu_datums`, `beigu_laiks`, `darba_veiceji_teksts`, `cenradis_id`) VALUES (10, 11, '2012-01-03', '07:45:00', 13, 14, 'Ražošanas sapulce', '2012-01-03', '08:30:00', 'U. Grunde-Zeiferts', NULL);
INSERT INTO `darbi` (`darbs_id`, `avota_rindas_nr`, `datums`, `sakuma_laiks`, `darba_tips_id`, `vieta_id`, `kludas_apraksts`, `beigu_datums`, `beigu_laiks`, `darba_veiceji_teksts`, `cenradis_id`) VALUES (11, 12, '2012-01-03', '08:40:00', 8, 14, 'Donatas interesējas par Stacijas MINI luksoforu', '2012-01-03', '08:50:00', 'U. Grunde-Zeiferts', NULL);
INSERT INTO `darbi` (`darbs_id`, `avota_rindas_nr`, `datums`, `sakuma_laiks`, `darba_tips_id`, `vieta_id`, `kludas_apraksts`, `beigu_datums`, `beigu_laiks`, `darba_veiceji_teksts`, `cenradis_id`) VALUES (12, 13, '2012-01-03', '09:00:00', 5, 14, 'Skaitītāju rādījumi, P/S žurnāls', '2012-01-03', '10:30:00', 'U. Grunde-Zeiferts', NULL);
INSERT INTO `darbi` (`darbs_id`, `avota_rindas_nr`, `datums`, `sakuma_laiks`, `darba_tips_id`, `vieta_id`, `kludas_apraksts`, `beigu_datums`, `beigu_laiks`, `darba_veiceji_teksts`, `cenradis_id`) VALUES (13, 14, '2012-01-03', '09:00:00', 5, 14, 'Skaitītāju rādījumi, P/S žurnāls', '2012-01-03', '10:30:00', 'U. Grunde-Zeiferts', NULL);
INSERT INTO `darbi` (`darbs_id`, `avota_rindas_nr`, `datums`, `sakuma_laiks`, `darba_tips_id`, `vieta_id`, `kludas_apraksts`, `beigu_datums`, `beigu_laiks`, `darba_veiceji_teksts`, `cenradis_id`) VALUES (14, 15, '2012-01-03', '10:30:00', 5, 17, 'Rēķinu ievešana P/S', '2012-01-03', '10:45:00', 'U. Grunde-Zeiferts', NULL);
INSERT INTO `darbi` (`darbs_id`, `avota_rindas_nr`, `datums`, `sakuma_laiks`, `darba_tips_id`, `vieta_id`, `kludas_apraksts`, `beigu_datums`, `beigu_laiks`, `darba_veiceji_teksts`, `cenradis_id`) VALUES (15, 16, '2012-01-03', '11:50:00', 9, 26, 'Kļūda GEP', '2012-01-03', '12:50:00', 'U.Grunde-Zeiferts', 27);
INSERT INTO `darbi` (`darbs_id`, `avota_rindas_nr`, `datums`, `sakuma_laiks`, `darba_tips_id`, `vieta_id`, `kludas_apraksts`, `beigu_datums`, `beigu_laiks`, `darba_veiceji_teksts`, `cenradis_id`) VALUES (16, 17, '2012-01-03', '13:00:00', 8, 17, 'Māris Mielavs par meteostaciju uzturēšanu', '2012-01-03', '13:45:00', 'U. Grunde-Zeiferts', NULL);
INSERT INTO `darbi` (`darbs_id`, `avota_rindas_nr`, `datums`, `sakuma_laiks`, `darba_tips_id`, `vieta_id`, `kludas_apraksts`, `beigu_datums`, `beigu_laiks`, `darba_veiceji_teksts`, `cenradis_id`) VALUES (17, 18, '2012-01-03', '14:00:00', 9, 6, 'Andrejs Bobikins liek pārbaudīt skaitītāja rādījumus', '2012-01-03', '14:15:00', 'U.Grunde-Zeiferts', 27);
INSERT INTO `darbi` (`darbs_id`, `avota_rindas_nr`, `datums`, `sakuma_laiks`, `darba_tips_id`, `vieta_id`, `kludas_apraksts`, `beigu_datums`, `beigu_laiks`, `darba_veiceji_teksts`, `cenradis_id`) VALUES (18, 19, '2012-01-03', '14:15:00', 9, 24, 'Andrejs Bobikins liek pārbaudīt skaitītāja rādījumus', '2012-01-03', '14:30:00', 'U.Grunde-Zeiferts', 27);
INSERT INTO `darbi` (`darbs_id`, `avota_rindas_nr`, `datums`, `sakuma_laiks`, `darba_tips_id`, `vieta_id`, `kludas_apraksts`, `beigu_datums`, `beigu_laiks`, `darba_veiceji_teksts`, `cenradis_id`) VALUES (19, 20, '2012-01-03', '14:50:00', 9, 22, 'GP1G1', '2012-01-03', '15:30:00', 'U.Grunde-Zeiferts', 27);
INSERT INTO `darbi` (`darbs_id`, `avota_rindas_nr`, `datums`, `sakuma_laiks`, `darba_tips_id`, `vieta_id`, `kludas_apraksts`, `beigu_datums`, `beigu_laiks`, `darba_veiceji_teksts`, `cenradis_id`) VALUES (20, 21, '2012-01-03', '14:50:00', 2, 22, 'Vadības plates ZKS tipa drošinātāja nomaiņa', '2012-01-03', '15:30:00', 'U. Grunde-Zeiferts', 125);
INSERT INTO `darbi` (`darbs_id`, `avota_rindas_nr`, `datums`, `sakuma_laiks`, `darba_tips_id`, `vieta_id`, `kludas_apraksts`, `beigu_datums`, `beigu_laiks`, `darba_veiceji_teksts`, `cenradis_id`) VALUES (21, 22, '2012-01-03', '14:50:00', 2, 22, 'Bojājuma noteikšana', '2012-01-03', '15:30:00', 'U. Grunde-Zeiferts', 9);
INSERT INTO `darbi` (`darbs_id`, `avota_rindas_nr`, `datums`, `sakuma_laiks`, `darba_tips_id`, `vieta_id`, `kludas_apraksts`, `beigu_datums`, `beigu_laiks`, `darba_veiceji_teksts`, `cenradis_id`) VALUES (22, 23, '2012-01-03', '15:45:00', 9, 23, 'Trūkst balsta vāks', '2012-01-03', '16:00:00', 'U.Grunde-Zeiferts', 27);
INSERT INTO `darbi` (`darbs_id`, `avota_rindas_nr`, `datums`, `sakuma_laiks`, `darba_tips_id`, `vieta_id`, `kludas_apraksts`, `beigu_datums`, `beigu_laiks`, `darba_veiceji_teksts`, `cenradis_id`) VALUES (23, 24, '2012-01-03', '15:45:00', 2, 23, 'Balsta vāks', '2012-01-03', '16:00:00', 'U. Grunde-Zeiferts', 9);
INSERT INTO `darbi` (`darbs_id`, `avota_rindas_nr`, `datums`, `sakuma_laiks`, `darba_tips_id`, `vieta_id`, `kludas_apraksts`, `beigu_datums`, `beigu_laiks`, `darba_veiceji_teksts`, `cenradis_id`) VALUES (24, 25, '2012-01-03', '16:00:00', 4, 14, 'Kopētāja sagatavošana darbam, Veikala printera neveiksmīga instalēšana, Anrda datora papildus konfigurēšana', '2012-01-03', '17:30:00', 'U. Grunde-Zeiferts', NULL);
INSERT INTO `darbi` (`darbs_id`, `avota_rindas_nr`, `datums`, `sakuma_laiks`, `darba_tips_id`, `vieta_id`, `kludas_apraksts`, `beigu_datums`, `beigu_laiks`, `darba_veiceji_teksts`, `cenradis_id`) VALUES (25, 26, '2012-01-04', '06:00:00', 1, 7, 'Maršruta apsekošana', '2012-01-04', '07:30:00', 'U.Grunde-Zeiferts', 52);
INSERT INTO `darbi` (`darbs_id`, `avota_rindas_nr`, `datums`, `sakuma_laiks`, `darba_tips_id`, `vieta_id`, `kludas_apraksts`, `beigu_datums`, `beigu_laiks`, `darba_veiceji_teksts`, `cenradis_id`) VALUES (26, 27, '2012-01-04', '07:45:00', 13, 14, 'Ražošanas sapulce', '2012-01-04', '08:30:00', 'U. Grunde-Zeiferts', NULL);
INSERT INTO `darbi` (`darbs_id`, `avota_rindas_nr`, `datums`, `sakuma_laiks`, `darba_tips_id`, `vieta_id`, `kludas_apraksts`, `beigu_datums`, `beigu_laiks`, `darba_veiceji_teksts`, `cenradis_id`) VALUES (27, 28, '2012-01-04', '08:30:00', 5, 14, 'Meteostacijas uzturēšanas līguma izmaksas', '2012-01-04', '09:00:00', 'U. Grunde-Zeiferts', NULL);
INSERT INTO `darbi` (`darbs_id`, `avota_rindas_nr`, `datums`, `sakuma_laiks`, `darba_tips_id`, `vieta_id`, `kludas_apraksts`, `beigu_datums`, `beigu_laiks`, `darba_veiceji_teksts`, `cenradis_id`) VALUES (28, 29, '2012-01-04', '09:00:00', 9, 22, 'Trūkst balsta vāks', '2012-01-04', '16:00:00', 'U.Grunde-Zeiferts', 27);
INSERT INTO `darbi` (`darbs_id`, `avota_rindas_nr`, `datums`, `sakuma_laiks`, `darba_tips_id`, `vieta_id`, `kludas_apraksts`, `beigu_datums`, `beigu_laiks`, `darba_veiceji_teksts`, `cenradis_id`) VALUES (29, 30, '2012-01-04', '09:00:00', 2, 22, 'Spuldzes maiņa balstā', '2012-01-04', '09:30:00', 'U. Grunde-Zeiferts', 108);
INSERT INTO `darbi` (`darbs_id`, `avota_rindas_nr`, `datums`, `sakuma_laiks`, `darba_tips_id`, `vieta_id`, `kludas_apraksts`, `beigu_datums`, `beigu_laiks`, `darba_veiceji_teksts`, `cenradis_id`) VALUES (30, 31, '2012-01-04', '09:30:00', 5, 14, 'Skaitītāju rādījumi LVC', '2012-01-04', '10:00:00', 'U. Grunde-Zeiferts', NULL);
INSERT INTO `darbi` (`darbs_id`, `avota_rindas_nr`, `datums`, `sakuma_laiks`, `darba_tips_id`, `vieta_id`, `kludas_apraksts`, `beigu_datums`, `beigu_laiks`, `darba_veiceji_teksts`, `cenradis_id`) VALUES (31, 32, '2012-01-04', '10:00:00', 4, 14, 'Kopētāja pieinstalēšana serverim, printera resursu izdalīšana, Kopētaja piesaiste Aināra, Andra,Veikala datoram', '2012-01-04', '11:30:00', 'U. Grunde-Zeiferts', NULL);
INSERT INTO `darbi` (`darbs_id`, `avota_rindas_nr`, `datums`, `sakuma_laiks`, `darba_tips_id`, `vieta_id`, `kludas_apraksts`, `beigu_datums`, `beigu_laiks`, `darba_veiceji_teksts`, `cenradis_id`) VALUES (32, 33, '2012-01-04', '11:30:00', 4, 14, 'Datortīkla vada ievilšana virs veikala griestiem', '2012-01-04', '13:00:00', 'U. Grunde-Zeiferts', NULL);
INSERT INTO `darbi` (`darbs_id`, `avota_rindas_nr`, `datums`, `sakuma_laiks`, `darba_tips_id`, `vieta_id`, `kludas_apraksts`, `beigu_datums`, `beigu_laiks`, `darba_veiceji_teksts`, `cenradis_id`) VALUES (33, 34, '2012-01-04', '13:00:00', 5, 17, 'Māris Mielavs par meteostaciju uzturēšanu', '2012-01-04', '13:30:00', 'U. Grunde-Zeiferts', NULL);
INSERT INTO `darbi` (`darbs_id`, `avota_rindas_nr`, `datums`, `sakuma_laiks`, `darba_tips_id`, `vieta_id`, `kludas_apraksts`, `beigu_datums`, `beigu_laiks`, `darba_veiceji_teksts`, `cenradis_id`) VALUES (34, 35, '2012-01-04', '13:30:00', 12, 17, 'Dzidra Staša par Lietuvas ielas signālplāniem', '2012-01-04', '14:30:00', 'U. Grunde-Zeiferts', NULL);
INSERT INTO `darbi` (`darbs_id`, `avota_rindas_nr`, `datums`, `sakuma_laiks`, `darba_tips_id`, `vieta_id`, `kludas_apraksts`, `beigu_datums`, `beigu_laiks`, `darba_veiceji_teksts`, `cenradis_id`) VALUES (35, 36, '2012-01-04', '14:45:00', 4, 14, 'Pie Brigitas. Meteostacijas uzturēšanas līguma izmaksas', '2012-01-04', '15:00:00', 'U. Grunde-Zeiferts', NULL);
INSERT INTO `darbi` (`darbs_id`, `avota_rindas_nr`, `datums`, `sakuma_laiks`, `darba_tips_id`, `vieta_id`, `kludas_apraksts`, `beigu_datums`, `beigu_laiks`, `darba_veiceji_teksts`, `cenradis_id`) VALUES (36, 37, '2012-01-04', '14:22:00', 9, 20, 'Nolauzti stiprinājuma kronšteini atkārtotāja transporta signālgalvai V3', '2012-01-04', '17:00:00', 'U.Grunde-Zeiferts', 27);
INSERT INTO `darbi` (`darbs_id`, `avota_rindas_nr`, `datums`, `sakuma_laiks`, `darba_tips_id`, `vieta_id`, `kludas_apraksts`, `beigu_datums`, `beigu_laiks`, `darba_veiceji_teksts`, `cenradis_id`) VALUES (37, 38, '2012-01-04', '15:00:00', 2, 20, 'Signālgalvas demontāža uz balsta', '2012-01-04', '16:00:00', 'U. Grunde-Zeiferts', 79);
INSERT INTO `darbi` (`darbs_id`, `avota_rindas_nr`, `datums`, `sakuma_laiks`, `darba_tips_id`, `vieta_id`, `kludas_apraksts`, `beigu_datums`, `beigu_laiks`, `darba_veiceji_teksts`, `cenradis_id`) VALUES (38, 39, '2012-01-04', '16:00:00', 2, 20, 'Pasūtītāja transporta signālgalvas montāža uz balsta', '2012-01-04', '17:30:00', 'U. Grunde-Zeiferts', 68);
INSERT INTO `darbi` (`darbs_id`, `avota_rindas_nr`, `datums`, `sakuma_laiks`, `darba_tips_id`, `vieta_id`, `kludas_apraksts`, `beigu_datums`, `beigu_laiks`, `darba_veiceji_teksts`, `cenradis_id`) VALUES (39, 40, '2012-01-04', '16:00:00', 2, 20, 'Signālkabeļa Cu 7x1,5 montāža stabā, konsolē', '2012-01-04', '17:30:00', 'U. Grunde-Zeiferts', 92);
INSERT INTO `darbi` (`darbs_id`, `avota_rindas_nr`, `datums`, `sakuma_laiks`, `darba_tips_id`, `vieta_id`, `kludas_apraksts`, `beigu_datums`, `beigu_laiks`, `darba_veiceji_teksts`, `cenradis_id`) VALUES (40, 41, '2012-01-04', '16:00:00', 2, 20, 'Signālkabeļa spaiļu komplekta nomaiņa balstā, konsolē', '2012-01-04', '17:30:00', 'U. Grunde-Zeiferts', 95);
INSERT INTO `darbi` (`darbs_id`, `avota_rindas_nr`, `datums`, `sakuma_laiks`, `darba_tips_id`, `vieta_id`, `kludas_apraksts`, `beigu_datums`, `beigu_laiks`, `darba_veiceji_teksts`, `cenradis_id`) VALUES (41, 42, '2012-01-04', '21:00:00', 5, 31, 'Slodzes savākšana par decembri', '2012-01-04', '21:30:00', 'U. Grunde-Zeiferts', NULL);
INSERT INTO `darbi` (`darbs_id`, `avota_rindas_nr`, `datums`, `sakuma_laiks`, `darba_tips_id`, `vieta_id`, `kludas_apraksts`, `beigu_datums`, `beigu_laiks`, `darba_veiceji_teksts`, `cenradis_id`) VALUES (42, 43, '2012-01-04', '20:00:00', 11, 7, 'Maiņas nodošana', '2012-01-04', '21:00:00', 'U. Grunde-Zeiferts, E.Aukmanis', NULL);
INSERT INTO `darbi` (`darbs_id`, `avota_rindas_nr`, `datums`, `sakuma_laiks`, `darba_tips_id`, `vieta_id`, `kludas_apraksts`, `beigu_datums`, `beigu_laiks`, `darba_veiceji_teksts`, `cenradis_id`) VALUES (43, 44, '2012-01-05', '06:00:00', 1, 7, 'Maršruta apsekošana', '2012-01-05', '07:30:00', 'Ē.Aukmanis', 52);
INSERT INTO `darbi` (`darbs_id`, `avota_rindas_nr`, `datums`, `sakuma_laiks`, `darba_tips_id`, `vieta_id`, `kludas_apraksts`, `beigu_datums`, `beigu_laiks`, `darba_veiceji_teksts`, `cenradis_id`) VALUES (44, 45, '2012-01-05', '07:25:00', 9, 3, 'Gājēju pārejas signāla izsaukšanas pogā pastāvīgs īsslēgums, visu laiku slēdzas iekšā gājēju signāls.WDS Kļūda', '2012-01-05', '10:00:00', 'Ē.Aukmanis', 27);
INSERT INTO `darbi` (`darbs_id`, `avota_rindas_nr`, `datums`, `sakuma_laiks`, `darba_tips_id`, `vieta_id`, `kludas_apraksts`, `beigu_datums`, `beigu_laiks`, `darba_veiceji_teksts`, `cenradis_id`) VALUES (45, 46, '2012-01-05', '07:45:00', 13, 14, 'Ražošanas sapulce', '2012-01-05', '08:30:00', 'Ē. Aukmanis', NULL);
INSERT INTO `darbi` (`darbs_id`, `avota_rindas_nr`, `datums`, `sakuma_laiks`, `darba_tips_id`, `vieta_id`, `kludas_apraksts`, `beigu_datums`, `beigu_laiks`, `darba_veiceji_teksts`, `cenradis_id`) VALUES (46, 47, '2012-01-05', '09:00:00', 9, 26, 'Transporta signālgalvas uz saliņas nostiprināšanaV1', '2012-01-05', '10:00:00', 'Ē.Aukmanis', 27);
INSERT INTO `darbi` (`darbs_id`, `avota_rindas_nr`, `datums`, `sakuma_laiks`, `darba_tips_id`, `vieta_id`, `kludas_apraksts`, `beigu_datums`, `beigu_laiks`, `darba_veiceji_teksts`, `cenradis_id`) VALUES (47, 48, '2012-01-05', '10:00:00', 9, 4, 'WDS antena, zaudējusi sakarus', '2012-01-05', '10:30:00', 'Ē.Aukmanis', 27);
INSERT INTO `darbi` (`darbs_id`, `avota_rindas_nr`, `datums`, `sakuma_laiks`, `darba_tips_id`, `vieta_id`, `kludas_apraksts`, `beigu_datums`, `beigu_laiks`, `darba_veiceji_teksts`, `cenradis_id`) VALUES (48, 49, '2012-01-05', '10:00:00', 8, 31, 'CTCOM interesējās par otikas pieslēgumu Sarmas krustā', '2012-01-05', '10:10:00', 'U. Grunde-Zeiferts', NULL);
INSERT INTO `darbi` (`darbs_id`, `avota_rindas_nr`, `datums`, `sakuma_laiks`, `darba_tips_id`, `vieta_id`, `kludas_apraksts`, `beigu_datums`, `beigu_laiks`, `darba_veiceji_teksts`, `cenradis_id`) VALUES (49, 50, '2012-01-05', '10:30:00', 9, 25, 'CTCOM pieslēdz optiku', '2012-01-05', '12:00:00', 'Ē.Aukmanis', 27);
INSERT INTO `darbi` (`darbs_id`, `avota_rindas_nr`, `datums`, `sakuma_laiks`, `darba_tips_id`, `vieta_id`, `kludas_apraksts`, `beigu_datums`, `beigu_laiks`, `darba_veiceji_teksts`, `cenradis_id`) VALUES (50, 51, '2012-01-05', '10:30:00', 5, 31, 'Darbu apkopošana', '2012-01-05', '12:00:00', 'U. Grunde-Zeiferts', NULL);
INSERT INTO `darbi` (`darbs_id`, `avota_rindas_nr`, `datums`, `sakuma_laiks`, `darba_tips_id`, `vieta_id`, `kludas_apraksts`, `beigu_datums`, `beigu_laiks`, `darba_veiceji_teksts`, `cenradis_id`) VALUES (51, 52, '2012-01-05', '12:48:00', 9, 27, 'Atvērusies zaļās gaismas sekcija', '2012-01-05', '13:30:00', 'Ē.Aukmanis', 27);
INSERT INTO `darbi` (`darbs_id`, `avota_rindas_nr`, `datums`, `sakuma_laiks`, `darba_tips_id`, `vieta_id`, `kludas_apraksts`, `beigu_datums`, `beigu_laiks`, `darba_veiceji_teksts`, `cenradis_id`) VALUES (52, 53, '2012-01-05', '13:30:00', 12, 31, 'Dzidra Staša par Lietuvas ielas signālplāniem', '2012-01-05', '13:40:00', 'U. Grunde-Zeiferts', NULL);
INSERT INTO `darbi` (`darbs_id`, `avota_rindas_nr`, `datums`, `sakuma_laiks`, `darba_tips_id`, `vieta_id`, `kludas_apraksts`, `beigu_datums`, `beigu_laiks`, `darba_veiceji_teksts`, `cenradis_id`) VALUES (53, 54, '2012-01-05', '13:30:00', 9, 6, 'GSM kļūda', '2012-01-05', '14:00:00', 'Ē.Aukmanis', 27);
INSERT INTO `darbi` (`darbs_id`, `avota_rindas_nr`, `datums`, `sakuma_laiks`, `darba_tips_id`, `vieta_id`, `kludas_apraksts`, `beigu_datums`, `beigu_laiks`, `darba_veiceji_teksts`, `cenradis_id`) VALUES (54, 55, '2012-01-05', '13:40:00', 12, 31, '3C Kalpaka stāvlaukums', '2012-01-05', '13:50:00', 'U. Grunde-Zeiferts', NULL);
INSERT INTO `darbi` (`darbs_id`, `avota_rindas_nr`, `datums`, `sakuma_laiks`, `darba_tips_id`, `vieta_id`, `kludas_apraksts`, `beigu_datums`, `beigu_laiks`, `darba_veiceji_teksts`, `cenradis_id`) VALUES (55, 56, '2012-01-05', '14:00:00', 9, 25, 'CTCOM pieslēdz optiku', '2012-01-05', '15:00:00', 'Ē.Aukmanis', 27);
INSERT INTO `darbi` (`darbs_id`, `avota_rindas_nr`, `datums`, `sakuma_laiks`, `darba_tips_id`, `vieta_id`, `kludas_apraksts`, `beigu_datums`, `beigu_laiks`, `darba_veiceji_teksts`, `cenradis_id`) VALUES (56, 57, '2012-01-06', '06:00:00', 1, 7, 'Maršruta apsekošana', '2012-01-06', '07:30:00', 'Ē.Aukmanis', 52);
INSERT INTO `darbi` (`darbs_id`, `avota_rindas_nr`, `datums`, `sakuma_laiks`, `darba_tips_id`, `vieta_id`, `kludas_apraksts`, `beigu_datums`, `beigu_laiks`, `darba_veiceji_teksts`, `cenradis_id`) VALUES (57, 58, '2012-01-06', '06:30:00', 9, 11, 'Iededzies dzeltenais brīdinājuma signāls.', '2012-01-06', '07:40:00', 'Ē.Aukmanis', 27);
INSERT INTO `darbi` (`darbs_id`, `avota_rindas_nr`, `datums`, `sakuma_laiks`, `darba_tips_id`, `vieta_id`, `kludas_apraksts`, `beigu_datums`, `beigu_laiks`, `darba_veiceji_teksts`, `cenradis_id`) VALUES (58, 59, '2012-01-06', '06:30:00', 2, 11, 'Spuldzes nomaiņa uz balsta', '2012-01-06', '07:40:00', 'Ē.Aukmanis', 109);
INSERT INTO `darbi` (`darbs_id`, `avota_rindas_nr`, `datums`, `sakuma_laiks`, `darba_tips_id`, `vieta_id`, `kludas_apraksts`, `beigu_datums`, `beigu_laiks`, `darba_veiceji_teksts`, `cenradis_id`) VALUES (59, 60, '2012-01-06', '07:45:00', 13, 14, 'Ražošanas sapulce', '2012-01-06', '08:30:00', 'Ē. Aukmanis', NULL);
INSERT INTO `darbi` (`darbs_id`, `avota_rindas_nr`, `datums`, `sakuma_laiks`, `darba_tips_id`, `vieta_id`, `kludas_apraksts`, `beigu_datums`, `beigu_laiks`, `darba_veiceji_teksts`, `cenradis_id`) VALUES (60, 61, '2012-01-07', '06:00:00', 1, 7, 'Maršruta apsekošana', '2012-01-07', '07:30:00', 'Ē.Aukmanis', 52);
INSERT INTO `darbi` (`darbs_id`, `avota_rindas_nr`, `datums`, `sakuma_laiks`, `darba_tips_id`, `vieta_id`, `kludas_apraksts`, `beigu_datums`, `beigu_laiks`, `darba_veiceji_teksts`, `cenradis_id`) VALUES (61, 62, '2012-01-08', '06:00:00', 1, 7, 'Maršruta apsekošana', '2012-01-08', '07:30:00', 'Ē.Aukmanis', 52);
INSERT INTO `darbi` (`darbs_id`, `avota_rindas_nr`, `datums`, `sakuma_laiks`, `darba_tips_id`, `vieta_id`, `kludas_apraksts`, `beigu_datums`, `beigu_laiks`, `darba_veiceji_teksts`, `cenradis_id`) VALUES (62, 63, '2012-01-08', '14:30:00', 9, 4, 'WDS kļūda', '2012-01-08', '15:00:00', 'Ē.Aukmanis', 27);
INSERT INTO `darbi` (`darbs_id`, `avota_rindas_nr`, `datums`, `sakuma_laiks`, `darba_tips_id`, `vieta_id`, `kludas_apraksts`, `beigu_datums`, `beigu_laiks`, `darba_veiceji_teksts`, `cenradis_id`) VALUES (63, 64, '2012-01-09', '06:00:00', 1, 7, 'Maršruta apsekošana', '2012-01-09', '07:30:00', 'Ē.Aukmanis', 52);
INSERT INTO `darbi` (`darbs_id`, `avota_rindas_nr`, `datums`, `sakuma_laiks`, `darba_tips_id`, `vieta_id`, `kludas_apraksts`, `beigu_datums`, `beigu_laiks`, `darba_veiceji_teksts`, `cenradis_id`) VALUES (64, 65, '2012-01-09', '07:45:00', 13, 14, 'Ražošanas sapulce', '2012-01-09', '08:30:00', 'Ē. Aukmanis', NULL);
INSERT INTO `darbi` (`darbs_id`, `avota_rindas_nr`, `datums`, `sakuma_laiks`, `darba_tips_id`, `vieta_id`, `kludas_apraksts`, `beigu_datums`, `beigu_laiks`, `darba_veiceji_teksts`, `cenradis_id`) VALUES (65, 66, '2012-01-09', '09:00:00', 9, 18, 'Atvēries V2R1 atkārtotāja durtiņas', '2012-01-09', '09:40:00', 'U.Grunde-Zeiferts, Ē. Aukmanis', 27);
INSERT INTO `darbi` (`darbs_id`, `avota_rindas_nr`, `datums`, `sakuma_laiks`, `darba_tips_id`, `vieta_id`, `kludas_apraksts`, `beigu_datums`, `beigu_laiks`, `darba_veiceji_teksts`, `cenradis_id`) VALUES (66, 67, '2012-01-09', '09:00:00', 8, 14, 'Praktikantu vadīšana', '2012-01-09', '16:00:00', 'U. Grunde-Zeiferts', NULL);
INSERT INTO `darbi` (`darbs_id`, `avota_rindas_nr`, `datums`, `sakuma_laiks`, `darba_tips_id`, `vieta_id`, `kludas_apraksts`, `beigu_datums`, `beigu_laiks`, `darba_veiceji_teksts`, `cenradis_id`) VALUES (67, 68, '2012-01-09', '09:30:00', 8, 14, 'Datortehnikas apkalpošana', '2012-01-09', '10:10:00', 'U. Grunde-Zeiferts', NULL);
INSERT INTO `darbi` (`darbs_id`, `avota_rindas_nr`, `datums`, `sakuma_laiks`, `darba_tips_id`, `vieta_id`, `kludas_apraksts`, `beigu_datums`, `beigu_laiks`, `darba_veiceji_teksts`, `cenradis_id`) VALUES (68, 69, '2012-01-09', '10:00:00', 9, 12, 'kabeļu uzrādīšana', '2012-01-09', '10:30:00', 'Ē.Aukmanis', 27);
INSERT INTO `darbi` (`darbs_id`, `avota_rindas_nr`, `datums`, `sakuma_laiks`, `darba_tips_id`, `vieta_id`, `kludas_apraksts`, `beigu_datums`, `beigu_laiks`, `darba_veiceji_teksts`, `cenradis_id`) VALUES (69, 70, '2012-01-09', '10:00:00', 5, 17, 'Rēķins par Filozofu-Rūpniecības', '2012-01-09', '10:15:00', 'U. Grunde-Zeiferts', NULL);
INSERT INTO `darbi` (`darbs_id`, `avota_rindas_nr`, `datums`, `sakuma_laiks`, `darba_tips_id`, `vieta_id`, `kludas_apraksts`, `beigu_datums`, `beigu_laiks`, `darba_veiceji_teksts`, `cenradis_id`) VALUES (70, 71, '2012-01-09', '10:15:00', 8, 17, 'par Lielā-Pasta modernizāciju, Signālgalvu nodošanu, marķēšanu, nākotnes luksofora objektiem, Meteostacijas uzturēšanu', '2012-01-09', '11:00:00', 'U. Grunde-Zeiferts', NULL);
INSERT INTO `darbi` (`darbs_id`, `avota_rindas_nr`, `datums`, `sakuma_laiks`, `darba_tips_id`, `vieta_id`, `kludas_apraksts`, `beigu_datums`, `beigu_laiks`, `darba_veiceji_teksts`, `cenradis_id`) VALUES (71, 72, '2012-01-09', '12:00:00', 11, 7, 'Maiņas nodošana', '2012-01-09', '12:30:00', 'U.Grunde-Zeiferts, Ē. Aukmanis', NULL);
INSERT INTO `darbi` (`darbs_id`, `avota_rindas_nr`, `datums`, `sakuma_laiks`, `darba_tips_id`, `vieta_id`, `kludas_apraksts`, `beigu_datums`, `beigu_laiks`, `darba_veiceji_teksts`, `cenradis_id`) VALUES (72, 73, '2012-01-09', '14:20:00', 9, 2, 'Gp1g1 kļūda', '2012-01-09', '15:00:00', 'U.Grunde-Zeiferts', 27);
INSERT INTO `darbi` (`darbs_id`, `avota_rindas_nr`, `datums`, `sakuma_laiks`, `darba_tips_id`, `vieta_id`, `kludas_apraksts`, `beigu_datums`, `beigu_laiks`, `darba_veiceji_teksts`, `cenradis_id`) VALUES (73, 74, '2012-01-09', '15:30:00', 9, 2, 'WDS 3. devēja kļuda, strādā fiksētā programma', '2012-01-09', '16:00:00', 'U.Grunde-Zeiferts', 27);
INSERT INTO `darbi` (`darbs_id`, `avota_rindas_nr`, `datums`, `sakuma_laiks`, `darba_tips_id`, `vieta_id`, `kludas_apraksts`, `beigu_datums`, `beigu_laiks`, `darba_veiceji_teksts`, `cenradis_id`) VALUES (74, 75, '2012-01-09', '15:45:00', 8, 14, 'Argils par Čakstes luksofora balsta pārnešanu.', '2012-01-09', '16:00:00', 'U. Grunde-Zeiferts', NULL);
INSERT INTO `darbi` (`darbs_id`, `avota_rindas_nr`, `datums`, `sakuma_laiks`, `darba_tips_id`, `vieta_id`, `kludas_apraksts`, `beigu_datums`, `beigu_laiks`, `darba_veiceji_teksts`, `cenradis_id`) VALUES (75, 76, '2012-01-09', '15:30:00', 9, 10, 'Patvaļigs izsaukums gp2 pogā uz saliņas', '2012-01-09', '16:30:00', 'U.Grunde-Zeiferts', 27);
INSERT INTO `darbi` (`darbs_id`, `avota_rindas_nr`, `datums`, `sakuma_laiks`, `darba_tips_id`, `vieta_id`, `kludas_apraksts`, `beigu_datums`, `beigu_laiks`, `darba_veiceji_teksts`, `cenradis_id`) VALUES (76, 77, '2012-01-09', '16:00:00', 2, 10, 'Luksofora objekta bojājuma noteikšana', '2012-01-09', '16:30:00', 'U. Grunde-Zeiferts', 49);
INSERT INTO `darbi` (`darbs_id`, `avota_rindas_nr`, `datums`, `sakuma_laiks`, `darba_tips_id`, `vieta_id`, `kludas_apraksts`, `beigu_datums`, `beigu_laiks`, `darba_veiceji_teksts`, `cenradis_id`) VALUES (77, 78, '2012-01-09', '16:00:00', 2, 10, 'Luksofora objekta bojājuma noteikšana', '2012-01-09', '16:30:00', 'U. Grunde-Zeiferts', 49);
INSERT INTO `darbi` (`darbs_id`, `avota_rindas_nr`, `datums`, `sakuma_laiks`, `darba_tips_id`, `vieta_id`, `kludas_apraksts`, `beigu_datums`, `beigu_laiks`, `darba_veiceji_teksts`, `cenradis_id`) VALUES (78, 79, '2012-01-09', '15:30:00', 9, 19, 'Spieguma noplūde balstā. Elektrotrieciens no balsta', '2012-01-09', '17:00:00', 'U.Grunde-Zeiferts', 27);
INSERT INTO `darbi` (`darbs_id`, `avota_rindas_nr`, `datums`, `sakuma_laiks`, `darba_tips_id`, `vieta_id`, `kludas_apraksts`, `beigu_datums`, `beigu_laiks`, `darba_veiceji_teksts`, `cenradis_id`) VALUES (79, 80, '2012-01-09', '17:15:00', 8, 14, 'PEEK par Lielā-Mātera modernizāciju', '2012-01-09', '17:45:00', 'U. Grunde-Zeiferts', NULL);
INSERT INTO `darbi` (`darbs_id`, `avota_rindas_nr`, `datums`, `sakuma_laiks`, `darba_tips_id`, `vieta_id`, `kludas_apraksts`, `beigu_datums`, `beigu_laiks`, `darba_veiceji_teksts`, `cenradis_id`) VALUES (80, 81, '2012-01-09', '20:30:00', 5, 30, 'Info par Luksoforu apkalpošanu', '2012-01-09', '20:45:00', 'U. Grunde-Zeiferts', NULL);
INSERT INTO `darbi` (`darbs_id`, `avota_rindas_nr`, `datums`, `sakuma_laiks`, `darba_tips_id`, `vieta_id`, `kludas_apraksts`, `beigu_datums`, `beigu_laiks`, `darba_veiceji_teksts`, `cenradis_id`) VALUES (81, 82, '2012-01-09', '22:00:00', 5, 30, 'Darbu apkopošana', '2012-01-09', '22:30:00', 'U. Grunde-Zeiferts', NULL);
INSERT INTO `darbi` (`darbs_id`, `avota_rindas_nr`, `datums`, `sakuma_laiks`, `darba_tips_id`, `vieta_id`, `kludas_apraksts`, `beigu_datums`, `beigu_laiks`, `darba_veiceji_teksts`, `cenradis_id`) VALUES (82, 83, '2012-01-09', '15:30:00', 2, 19, 'Luksofora objekta bojājuma noteikšana', '2012-01-09', '17:00:00', 'U.Grunde-Zeiferts', 49);
INSERT INTO `darbi` (`darbs_id`, `avota_rindas_nr`, `datums`, `sakuma_laiks`, `darba_tips_id`, `vieta_id`, `kludas_apraksts`, `beigu_datums`, `beigu_laiks`, `darba_veiceji_teksts`, `cenradis_id`) VALUES (83, 84, '2012-01-10', '06:00:00', 1, 7, 'Maršruta apsekošana', '2012-01-10', '07:30:00', 'U.Grunde-Zeiferts', 52);
INSERT INTO `darbi` (`darbs_id`, `avota_rindas_nr`, `datums`, `sakuma_laiks`, `darba_tips_id`, `vieta_id`, `kludas_apraksts`, `beigu_datums`, `beigu_laiks`, `darba_veiceji_teksts`, `cenradis_id`) VALUES (84, 85, '2012-01-10', '07:45:00', 13, 14, 'Ražošanas sapulce', '2012-01-10', '08:30:00', 'U. Grunde-Zeiferts', NULL);
INSERT INTO `darbi` (`darbs_id`, `avota_rindas_nr`, `datums`, `sakuma_laiks`, `darba_tips_id`, `vieta_id`, `kludas_apraksts`, `beigu_datums`, `beigu_laiks`, `darba_veiceji_teksts`, `cenradis_id`) VALUES (85, 86, '2012-01-10', '09:00:00', 8, 14, 'Praktikantu vadīšana', '2012-01-10', '17:00:00', 'U. Grunde-Zeiferts', NULL);
INSERT INTO `darbi` (`darbs_id`, `avota_rindas_nr`, `datums`, `sakuma_laiks`, `darba_tips_id`, `vieta_id`, `kludas_apraksts`, `beigu_datums`, `beigu_laiks`, `darba_veiceji_teksts`, `cenradis_id`) VALUES (86, 87, '2012-01-10', '09:00:00', 8, 14, 'Datortehnikas apkalpošana', '2012-01-10', '09:30:00', 'U. Grunde-Zeiferts', NULL);
INSERT INTO `darbi` (`darbs_id`, `avota_rindas_nr`, `datums`, `sakuma_laiks`, `darba_tips_id`, `vieta_id`, `kludas_apraksts`, `beigu_datums`, `beigu_laiks`, `darba_veiceji_teksts`, `cenradis_id`) VALUES (87, 88, '2012-01-10', '09:30:00', 8, 14, 'Luksofora iekārtas sakārtošana mazā noliktavā', '2012-01-10', '12:00:00', 'U. Grunde-Zeiferts', NULL);
INSERT INTO `darbi` (`darbs_id`, `avota_rindas_nr`, `datums`, `sakuma_laiks`, `darba_tips_id`, `vieta_id`, `kludas_apraksts`, `beigu_datums`, `beigu_laiks`, `darba_veiceji_teksts`, `cenradis_id`) VALUES (88, 89, '2012-01-10', '12:30:00', 8, 14, 'Darba telpas kārtošana', '2012-01-10', '16:30:00', 'U. Grunde-Zeiferts', NULL);
INSERT INTO `darbi` (`darbs_id`, `avota_rindas_nr`, `datums`, `sakuma_laiks`, `darba_tips_id`, `vieta_id`, `kludas_apraksts`, `beigu_datums`, `beigu_laiks`, `darba_veiceji_teksts`, `cenradis_id`) VALUES (89, 90, '2012-01-10', '19:30:00', 8, 30, 'Žurnālu atkārtota pārsūtīšana pa 10-12.2010 A.BOBIKINAM', '2012-01-10', '19:45:00', 'U. Grunde-Zeiferts', NULL);
INSERT INTO `darbi` (`darbs_id`, `avota_rindas_nr`, `datums`, `sakuma_laiks`, `darba_tips_id`, `vieta_id`, `kludas_apraksts`, `beigu_datums`, `beigu_laiks`, `darba_veiceji_teksts`, `cenradis_id`) VALUES (90, 91, '2012-01-10', '21:00:00', 8, 30, 'Dokmentācija', '2012-01-10', '22:00:00', 'U. Grunde-Zeiferts', NULL);
INSERT INTO `darbi` (`darbs_id`, `avota_rindas_nr`, `datums`, `sakuma_laiks`, `darba_tips_id`, `vieta_id`, `kludas_apraksts`, `beigu_datums`, `beigu_laiks`, `darba_veiceji_teksts`, `cenradis_id`) VALUES (91, 92, '2012-01-10', '21:00:00', 12, 30, 'Lietuvas ielas specifikācija', '2012-01-11', '02:00:00', 'U. Grunde-Zeiferts', NULL);
INSERT INTO `darbi` (`darbs_id`, `avota_rindas_nr`, `datums`, `sakuma_laiks`, `darba_tips_id`, `vieta_id`, `kludas_apraksts`, `beigu_datums`, `beigu_laiks`, `darba_veiceji_teksts`, `cenradis_id`) VALUES (92, 93, '2012-01-11', '06:00:00', 1, 7, 'Maršruta apsekošana', '2012-01-11', '07:30:00', 'U.Grunde-Zeiferts', 52);
INSERT INTO `darbi` (`darbs_id`, `avota_rindas_nr`, `datums`, `sakuma_laiks`, `darba_tips_id`, `vieta_id`, `kludas_apraksts`, `beigu_datums`, `beigu_laiks`, `darba_veiceji_teksts`, `cenradis_id`) VALUES (93, 94, '2012-01-11', '07:45:00', 13, 14, 'Ražošanas sapulce', '2012-01-11', '08:30:00', 'U. Grunde-Zeiferts', NULL);
INSERT INTO `darbi` (`darbs_id`, `avota_rindas_nr`, `datums`, `sakuma_laiks`, `darba_tips_id`, `vieta_id`, `kludas_apraksts`, `beigu_datums`, `beigu_laiks`, `darba_veiceji_teksts`, `cenradis_id`) VALUES (94, 95, '2012-01-11', '08:30:00', 6, 14, 'Luksoforu konkurs', '2012-01-11', '17:00:00', 'U. Grunde-Zeiferts', NULL);
INSERT INTO `darbi` (`darbs_id`, `avota_rindas_nr`, `datums`, `sakuma_laiks`, `darba_tips_id`, `vieta_id`, `kludas_apraksts`, `beigu_datums`, `beigu_laiks`, `darba_veiceji_teksts`, `cenradis_id`) VALUES (95, 96, '2012-01-11', '08:30:00', 8, 24, 'Nodošana noliktavā', '2012-01-11', '10:30:00', 'U. Grunde-Zeiferts', NULL);
INSERT INTO `darbi` (`darbs_id`, `avota_rindas_nr`, `datums`, `sakuma_laiks`, `darba_tips_id`, `vieta_id`, `kludas_apraksts`, `beigu_datums`, `beigu_laiks`, `darba_veiceji_teksts`, `cenradis_id`) VALUES (96, 97, '2012-01-11', '08:30:00', 8, 21, 'Nodošana noliktavā', '2012-01-11', '10:30:00', 'U. Grunde-Zeiferts', NULL);
INSERT INTO `darbi` (`darbs_id`, `avota_rindas_nr`, `datums`, `sakuma_laiks`, `darba_tips_id`, `vieta_id`, `kludas_apraksts`, `beigu_datums`, `beigu_laiks`, `darba_veiceji_teksts`, `cenradis_id`) VALUES (97, 98, '2012-01-11', '08:30:00', 8, 15, 'Nodošana noliktavā', '2012-01-11', '10:30:00', 'U. Grunde-Zeiferts', NULL);
INSERT INTO `darbi` (`darbs_id`, `avota_rindas_nr`, `datums`, `sakuma_laiks`, `darba_tips_id`, `vieta_id`, `kludas_apraksts`, `beigu_datums`, `beigu_laiks`, `darba_veiceji_teksts`, `cenradis_id`) VALUES (98, 99, '2012-01-11', '08:30:00', 8, 5, 'Pogas nodošana noliktavā', '2012-01-11', '10:30:00', 'U. Grunde-Zeiferts', NULL);
INSERT INTO `darbi` (`darbs_id`, `avota_rindas_nr`, `datums`, `sakuma_laiks`, `darba_tips_id`, `vieta_id`, `kludas_apraksts`, `beigu_datums`, `beigu_laiks`, `darba_veiceji_teksts`, `cenradis_id`) VALUES (99, 100, '2012-01-11', '19:00:00', 11, 7, 'Maiņas nodošana', '2012-01-11', '20:00:00', 'U.Grunde-Zeiferts, Ē. Aukmanis', NULL);
INSERT INTO `darbi` (`darbs_id`, `avota_rindas_nr`, `datums`, `sakuma_laiks`, `darba_tips_id`, `vieta_id`, `kludas_apraksts`, `beigu_datums`, `beigu_laiks`, `darba_veiceji_teksts`, `cenradis_id`) VALUES (100, 101, '2012-01-12', '06:00:00', 1, 7, 'Maršruta apsekošana', '2012-01-12', '07:30:00', 'Ē.Aukmanis', 52);
INSERT INTO `darbi` (`darbs_id`, `avota_rindas_nr`, `datums`, `sakuma_laiks`, `darba_tips_id`, `vieta_id`, `kludas_apraksts`, `beigu_datums`, `beigu_laiks`, `darba_veiceji_teksts`, `cenradis_id`) VALUES (101, 102, '2012-01-12', '12:07:00', 9, 6, 'Nav komunikācijas. GSMS kļūda', '2012-01-12', '13:25:00', 'Ē.Aukmanis', 27);
INSERT INTO `darbi` (`darbs_id`, `avota_rindas_nr`, `datums`, `sakuma_laiks`, `darba_tips_id`, `vieta_id`, `kludas_apraksts`, `beigu_datums`, `beigu_laiks`, `darba_veiceji_teksts`, `cenradis_id`) VALUES (102, 103, '2012-01-12', '12:07:00', 2, 6, 'Signālgalvas aizsargjumtiņa nomaiņa uz balsta', NULL, '13:25:00', 'Ē.Aukmanis', 73);
INSERT INTO `darbi` (`darbs_id`, `avota_rindas_nr`, `datums`, `sakuma_laiks`, `darba_tips_id`, `vieta_id`, `kludas_apraksts`, `beigu_datums`, `beigu_laiks`, `darba_veiceji_teksts`, `cenradis_id`) VALUES (103, 104, '2012-01-12', '17:01:00', 9, 16, 'Nav komunikācijas. GSMS kļūda', '2012-01-12', '18:09:00', 'Ē.Aukmanis', 27);
INSERT INTO `darbi` (`darbs_id`, `avota_rindas_nr`, `datums`, `sakuma_laiks`, `darba_tips_id`, `vieta_id`, `kludas_apraksts`, `beigu_datums`, `beigu_laiks`, `darba_veiceji_teksts`, `cenradis_id`) VALUES (104, 105, '2012-01-13', '06:00:00', 1, 7, 'Maršruta apsekošana', '2012-01-13', '07:30:00', 'Ē.Aukmanis', 52);
INSERT INTO `darbi` (`darbs_id`, `avota_rindas_nr`, `datums`, `sakuma_laiks`, `darba_tips_id`, `vieta_id`, `kludas_apraksts`, `beigu_datums`, `beigu_laiks`, `darba_veiceji_teksts`, `cenradis_id`) VALUES (105, 106, '2012-01-13', '09:49:00', 9, 28, 'Izdegusi zaļā lampa.', '2012-01-13', '10:09:00', 'Ē.Aukmanis', 27);
INSERT INTO `darbi` (`darbs_id`, `avota_rindas_nr`, `datums`, `sakuma_laiks`, `darba_tips_id`, `vieta_id`, `kludas_apraksts`, `beigu_datums`, `beigu_laiks`, `darba_veiceji_teksts`, `cenradis_id`) VALUES (106, 107, '2012-01-13', '09:49:00', 2, 28, 'Spuldzes nomaiņa uz balsta', '2012-01-13', '10:09:00', 'Ē.Aukmanis', 109);
INSERT INTO `darbi` (`darbs_id`, `avota_rindas_nr`, `datums`, `sakuma_laiks`, `darba_tips_id`, `vieta_id`, `kludas_apraksts`, `beigu_datums`, `beigu_laiks`, `darba_veiceji_teksts`, `cenradis_id`) VALUES (107, 108, '2012-01-13', '11:19:00', 9, 27, 'Sagrozīta luksofora galva.', '2012-01-13', '11:39:00', 'Ē.Aukmanis', 27);
INSERT INTO `darbi` (`darbs_id`, `avota_rindas_nr`, `datums`, `sakuma_laiks`, `darba_tips_id`, `vieta_id`, `kludas_apraksts`, `beigu_datums`, `beigu_laiks`, `darba_veiceji_teksts`, `cenradis_id`) VALUES (108, 109, '2012-01-13', '13:48:00', 9, 6, 'Nav komunikācijas. GSMS kļūda', '2012-01-13', '16:07:00', 'Ē.Aukmanis', 27);
INSERT INTO `darbi` (`darbs_id`, `avota_rindas_nr`, `datums`, `sakuma_laiks`, `darba_tips_id`, `vieta_id`, `kludas_apraksts`, `beigu_datums`, `beigu_laiks`, `darba_veiceji_teksts`, `cenradis_id`) VALUES (109, 110, '2012-01-13', '20:00:00', 11, 8, 'Maiņas nodošana', '2012-01-13', '21:00:00', 'Ē.Aukmanis', NULL);
INSERT INTO `darbi` (`darbs_id`, `avota_rindas_nr`, `datums`, `sakuma_laiks`, `darba_tips_id`, `vieta_id`, `kludas_apraksts`, `beigu_datums`, `beigu_laiks`, `darba_veiceji_teksts`, `cenradis_id`) VALUES (110, 111, '2012-01-14', '06:00:00', 1, 7, 'Maršruta apsekošana', '2012-01-14', '07:30:00', 'U.Grunde-Zeiferts', 52);
INSERT INTO `darbi` (`darbs_id`, `avota_rindas_nr`, `datums`, `sakuma_laiks`, `darba_tips_id`, `vieta_id`, `kludas_apraksts`, `beigu_datums`, `beigu_laiks`, `darba_veiceji_teksts`, `cenradis_id`) VALUES (111, 112, '2012-01-14', '20:07:00', 9, 18, 'AAL RLM', '2012-01-14', '20:08:00', 'U.Grunde-Zeiferts', 27);
INSERT INTO `darbi` (`darbs_id`, `avota_rindas_nr`, `datums`, `sakuma_laiks`, `darba_tips_id`, `vieta_id`, `kludas_apraksts`, `beigu_datums`, `beigu_laiks`, `darba_veiceji_teksts`, `cenradis_id`) VALUES (112, 113, '2012-01-14', '20:07:00', 2, 18, 'Spuldzes nomaiņa uz balsta', '2012-01-14', '20:08:00', 'U.Grunde-Zeiferts', 109);
INSERT INTO `darbi` (`darbs_id`, `avota_rindas_nr`, `datums`, `sakuma_laiks`, `darba_tips_id`, `vieta_id`, `kludas_apraksts`, `beigu_datums`, `beigu_laiks`, `darba_veiceji_teksts`, `cenradis_id`) VALUES (113, 114, '2012-01-14', '20:09:00', 9, 9, 'XKOP', '2012-01-14', '20:10:00', 'U.Grunde-Zeiferts', 27);
INSERT INTO `darbi` (`darbs_id`, `avota_rindas_nr`, `datums`, `sakuma_laiks`, `darba_tips_id`, `vieta_id`, `kludas_apraksts`, `beigu_datums`, `beigu_laiks`, `darba_veiceji_teksts`, `cenradis_id`) VALUES (114, 115, '2012-01-15', '06:00:00', 1, 7, 'Maršruta apsekošana', '2012-01-15', '07:30:00', 'U.Grunde-Zeiferts', 52);
INSERT INTO `darbi` (`darbs_id`, `avota_rindas_nr`, `datums`, `sakuma_laiks`, `darba_tips_id`, `vieta_id`, `kludas_apraksts`, `beigu_datums`, `beigu_laiks`, `darba_veiceji_teksts`, `cenradis_id`) VALUES (115, 116, '2012-01-15', '07:00:00', 9, 19, 'GEP', '2012-01-15', '07:30:00', 'U.Grunde-Zeiferts', 27);
INSERT INTO `darbi` (`darbs_id`, `avota_rindas_nr`, `datums`, `sakuma_laiks`, `darba_tips_id`, `vieta_id`, `kludas_apraksts`, `beigu_datums`, `beigu_laiks`, `darba_veiceji_teksts`, `cenradis_id`) VALUES (116, 117, '2012-01-16', '06:00:00', 1, 7, 'Maršruta apsekošana', '2012-01-16', '07:30:00', 'U.Grunde-Zeiferts', 52);
INSERT INTO `darbi` (`darbs_id`, `avota_rindas_nr`, `datums`, `sakuma_laiks`, `darba_tips_id`, `vieta_id`, `kludas_apraksts`, `beigu_datums`, `beigu_laiks`, `darba_veiceji_teksts`, `cenradis_id`) VALUES (117, 118, '2012-01-16', '16:00:00', 8, 14, 'Māris Mielavs, Andrejs Bobikins par Rīgas Ielas  sinhronizāciju', '2012-01-16', '16:20:00', 'U.Grunde-Zeiferts', NULL);
INSERT INTO `darbi` (`darbs_id`, `avota_rindas_nr`, `datums`, `sakuma_laiks`, `darba_tips_id`, `vieta_id`, `kludas_apraksts`, `beigu_datums`, `beigu_laiks`, `darba_veiceji_teksts`, `cenradis_id`) VALUES (118, 119, '2012-01-16', '16:45:00', 8, 14, 'Peek Traffic, Cenas Kontrolieriem', '2012-01-16', '17:00:00', 'U.Grunde-Zeiferts', NULL);
INSERT INTO `darbi` (`darbs_id`, `avota_rindas_nr`, `datums`, `sakuma_laiks`, `darba_tips_id`, `vieta_id`, `kludas_apraksts`, `beigu_datums`, `beigu_laiks`, `darba_veiceji_teksts`, `cenradis_id`) VALUES (119, 120, '2012-01-17', '06:00:00', 1, 7, 'Maršruta apsekošana', '2012-01-17', '07:30:00', 'U.Grunde-Zeiferts', 52);
INSERT INTO `darbi` (`darbs_id`, `avota_rindas_nr`, `datums`, `sakuma_laiks`, `darba_tips_id`, `vieta_id`, `kludas_apraksts`, `beigu_datums`, `beigu_laiks`, `darba_veiceji_teksts`, `cenradis_id`) VALUES (120, 121, '2012-01-17', '08:30:00', 7, 13, 'Tāme balsta pārnešanai', '2012-01-17', '10:00:00', 'U.Grunde-Zeiferts', NULL);
INSERT INTO `darbi` (`darbs_id`, `avota_rindas_nr`, `datums`, `sakuma_laiks`, `darba_tips_id`, `vieta_id`, `kludas_apraksts`, `beigu_datums`, `beigu_laiks`, `darba_veiceji_teksts`, `cenradis_id`) VALUES (121, 122, '2012-01-17', '12:00:00', 8, 1, 'Raiņa -Kalpaka stāvlaukums', '2012-01-17', '12:30:00', 'U.Grunde-Zeiferts', NULL);
INSERT INTO `darbi` (`darbs_id`, `avota_rindas_nr`, `datums`, `sakuma_laiks`, `darba_tips_id`, `vieta_id`, `kludas_apraksts`, `beigu_datums`, `beigu_laiks`, `darba_veiceji_teksts`, `cenradis_id`) VALUES (122, 123, '2012-01-17', '15:49:00', 9, 22, 'Pārslēgts no pagaidu uz stacionāro barošanas vadu', '2012-01-17', '16:30:00', 'U.Grunde-Zeiferts', 27);
INSERT INTO `darbi` (`darbs_id`, `avota_rindas_nr`, `datums`, `sakuma_laiks`, `darba_tips_id`, `vieta_id`, `kludas_apraksts`, `beigu_datums`, `beigu_laiks`, `darba_veiceji_teksts`, `cenradis_id`) VALUES (123, 124, '2012-01-17', '14:00:00', 8, 14, 'Andrejs Bobikins prasa Raiņa ielas IP adresses', '2012-01-17', '15:00:00', 'U.Grunde-Zeiferts', NULL);
INSERT INTO `darbi` (`darbs_id`, `avota_rindas_nr`, `datums`, `sakuma_laiks`, `darba_tips_id`, `vieta_id`, `kludas_apraksts`, `beigu_datums`, `beigu_laiks`, `darba_veiceji_teksts`, `cenradis_id`) VALUES (124, 125, '2012-01-17', '18:00:00', 10, 7, 'Maiņas nodošana', '2012-01-17', '19:00:00', 'U.Grunde-Zeiferts, Ē.Aukmanis', NULL);
INSERT INTO `darbi` (`darbs_id`, `avota_rindas_nr`, `datums`, `sakuma_laiks`, `darba_tips_id`, `vieta_id`, `kludas_apraksts`, `beigu_datums`, `beigu_laiks`, `darba_veiceji_teksts`, `cenradis_id`) VALUES (125, 126, '2012-01-18', '06:00:00', 1, 7, 'Maršruta apsekošana', '2012-01-18', '07:30:00', 'Ē.Aukmanis', 52);
INSERT INTO `darbi` (`darbs_id`, `avota_rindas_nr`, `datums`, `sakuma_laiks`, `darba_tips_id`, `vieta_id`, `kludas_apraksts`, `beigu_datums`, `beigu_laiks`, `darba_veiceji_teksts`, `cenradis_id`) VALUES (126, 127, '2012-01-19', '06:00:00', 1, 7, 'Maršruta apsekošana', '2012-01-19', '07:30:00', 'Ē.Aukmanis', 52);
INSERT INTO `darbi` (`darbs_id`, `avota_rindas_nr`, `datums`, `sakuma_laiks`, `darba_tips_id`, `vieta_id`, `kludas_apraksts`, `beigu_datums`, `beigu_laiks`, `darba_veiceji_teksts`, `cenradis_id`) VALUES (127, 128, '2012-01-19', '07:51:00', 9, 10, 'Pats no sevis ieslēdzas gājēju signāls.', '2012-01-19', '09:54:00', 'Ē.Aukmanis', 27);
INSERT INTO `darbi` (`darbs_id`, `avota_rindas_nr`, `datums`, `sakuma_laiks`, `darba_tips_id`, `vieta_id`, `kludas_apraksts`, `beigu_datums`, `beigu_laiks`, `darba_veiceji_teksts`, `cenradis_id`) VALUES (128, 129, '2012-01-19', '07:51:00', 2, 10, 'Luksofora objekta bojājuma noteikšana, Silikons uz kontaktiem', '2012-01-19', '09:54:00', 'Ē.Aukmanis', 49);
INSERT INTO `darbi` (`darbs_id`, `avota_rindas_nr`, `datums`, `sakuma_laiks`, `darba_tips_id`, `vieta_id`, `kludas_apraksts`, `beigu_datums`, `beigu_laiks`, `darba_veiceji_teksts`, `cenradis_id`) VALUES (129, 130, '2012-01-20', '06:00:00', 6, 29, 'Luksoforu konkursa cenas', '2012-01-20', '07:30:00', 'U.Grunde-Zeiferts', NULL);

INSERT INTO `darba_darbinieki` (`darbs_id`, `darbinieks_id`, `seciba`, `attelosanas_vards`) VALUES (1, 1, 1, 'U. Grunde-Zeiferts');
INSERT INTO `darba_darbinieki` (`darbs_id`, `darbinieks_id`, `seciba`, `attelosanas_vards`) VALUES (2, 1, 1, 'U. Grunde-Zeiferts');
INSERT INTO `darba_darbinieki` (`darbs_id`, `darbinieks_id`, `seciba`, `attelosanas_vards`) VALUES (3, 1, 1, 'U. Grunde-Zeiferts');
INSERT INTO `darba_darbinieki` (`darbs_id`, `darbinieks_id`, `seciba`, `attelosanas_vards`) VALUES (4, 2, 1, 'Ē. Aukmanis');
INSERT INTO `darba_darbinieki` (`darbs_id`, `darbinieks_id`, `seciba`, `attelosanas_vards`) VALUES (5, 1, 1, 'U. Grunde-Zeiferts');
INSERT INTO `darba_darbinieki` (`darbs_id`, `darbinieks_id`, `seciba`, `attelosanas_vards`) VALUES (6, 2, 1, 'Ē. Aukmanis');
INSERT INTO `darba_darbinieki` (`darbs_id`, `darbinieks_id`, `seciba`, `attelosanas_vards`) VALUES (7, 1, 1, 'U. Grunde-Zeiferts');
INSERT INTO `darba_darbinieki` (`darbs_id`, `darbinieks_id`, `seciba`, `attelosanas_vards`) VALUES (8, 1, 1, 'U. Grunde-Zeiferts');
INSERT INTO `darba_darbinieki` (`darbs_id`, `darbinieks_id`, `seciba`, `attelosanas_vards`) VALUES (9, 1, 1, 'U.Grunde-Zeiferts');
INSERT INTO `darba_darbinieki` (`darbs_id`, `darbinieks_id`, `seciba`, `attelosanas_vards`) VALUES (10, 1, 1, 'U. Grunde-Zeiferts');
INSERT INTO `darba_darbinieki` (`darbs_id`, `darbinieks_id`, `seciba`, `attelosanas_vards`) VALUES (11, 1, 1, 'U. Grunde-Zeiferts');
INSERT INTO `darba_darbinieki` (`darbs_id`, `darbinieks_id`, `seciba`, `attelosanas_vards`) VALUES (12, 1, 1, 'U. Grunde-Zeiferts');
INSERT INTO `darba_darbinieki` (`darbs_id`, `darbinieks_id`, `seciba`, `attelosanas_vards`) VALUES (13, 1, 1, 'U. Grunde-Zeiferts');
INSERT INTO `darba_darbinieki` (`darbs_id`, `darbinieks_id`, `seciba`, `attelosanas_vards`) VALUES (14, 1, 1, 'U. Grunde-Zeiferts');
INSERT INTO `darba_darbinieki` (`darbs_id`, `darbinieks_id`, `seciba`, `attelosanas_vards`) VALUES (15, 1, 1, 'U.Grunde-Zeiferts');
INSERT INTO `darba_darbinieki` (`darbs_id`, `darbinieks_id`, `seciba`, `attelosanas_vards`) VALUES (16, 1, 1, 'U. Grunde-Zeiferts');
INSERT INTO `darba_darbinieki` (`darbs_id`, `darbinieks_id`, `seciba`, `attelosanas_vards`) VALUES (17, 1, 1, 'U.Grunde-Zeiferts');
INSERT INTO `darba_darbinieki` (`darbs_id`, `darbinieks_id`, `seciba`, `attelosanas_vards`) VALUES (18, 1, 1, 'U.Grunde-Zeiferts');
INSERT INTO `darba_darbinieki` (`darbs_id`, `darbinieks_id`, `seciba`, `attelosanas_vards`) VALUES (19, 1, 1, 'U.Grunde-Zeiferts');
INSERT INTO `darba_darbinieki` (`darbs_id`, `darbinieks_id`, `seciba`, `attelosanas_vards`) VALUES (20, 1, 1, 'U. Grunde-Zeiferts');
INSERT INTO `darba_darbinieki` (`darbs_id`, `darbinieks_id`, `seciba`, `attelosanas_vards`) VALUES (21, 1, 1, 'U. Grunde-Zeiferts');
INSERT INTO `darba_darbinieki` (`darbs_id`, `darbinieks_id`, `seciba`, `attelosanas_vards`) VALUES (22, 1, 1, 'U.Grunde-Zeiferts');
INSERT INTO `darba_darbinieki` (`darbs_id`, `darbinieks_id`, `seciba`, `attelosanas_vards`) VALUES (23, 1, 1, 'U. Grunde-Zeiferts');
INSERT INTO `darba_darbinieki` (`darbs_id`, `darbinieks_id`, `seciba`, `attelosanas_vards`) VALUES (24, 1, 1, 'U. Grunde-Zeiferts');
INSERT INTO `darba_darbinieki` (`darbs_id`, `darbinieks_id`, `seciba`, `attelosanas_vards`) VALUES (25, 1, 1, 'U.Grunde-Zeiferts');
INSERT INTO `darba_darbinieki` (`darbs_id`, `darbinieks_id`, `seciba`, `attelosanas_vards`) VALUES (26, 1, 1, 'U. Grunde-Zeiferts');
INSERT INTO `darba_darbinieki` (`darbs_id`, `darbinieks_id`, `seciba`, `attelosanas_vards`) VALUES (27, 1, 1, 'U. Grunde-Zeiferts');
INSERT INTO `darba_darbinieki` (`darbs_id`, `darbinieks_id`, `seciba`, `attelosanas_vards`) VALUES (28, 1, 1, 'U.Grunde-Zeiferts');
INSERT INTO `darba_darbinieki` (`darbs_id`, `darbinieks_id`, `seciba`, `attelosanas_vards`) VALUES (29, 1, 1, 'U. Grunde-Zeiferts');
INSERT INTO `darba_darbinieki` (`darbs_id`, `darbinieks_id`, `seciba`, `attelosanas_vards`) VALUES (30, 1, 1, 'U. Grunde-Zeiferts');
INSERT INTO `darba_darbinieki` (`darbs_id`, `darbinieks_id`, `seciba`, `attelosanas_vards`) VALUES (31, 1, 1, 'U. Grunde-Zeiferts');
INSERT INTO `darba_darbinieki` (`darbs_id`, `darbinieks_id`, `seciba`, `attelosanas_vards`) VALUES (32, 1, 1, 'U. Grunde-Zeiferts');
INSERT INTO `darba_darbinieki` (`darbs_id`, `darbinieks_id`, `seciba`, `attelosanas_vards`) VALUES (33, 1, 1, 'U. Grunde-Zeiferts');
INSERT INTO `darba_darbinieki` (`darbs_id`, `darbinieks_id`, `seciba`, `attelosanas_vards`) VALUES (34, 1, 1, 'U. Grunde-Zeiferts');
INSERT INTO `darba_darbinieki` (`darbs_id`, `darbinieks_id`, `seciba`, `attelosanas_vards`) VALUES (35, 1, 1, 'U. Grunde-Zeiferts');
INSERT INTO `darba_darbinieki` (`darbs_id`, `darbinieks_id`, `seciba`, `attelosanas_vards`) VALUES (36, 1, 1, 'U.Grunde-Zeiferts');
INSERT INTO `darba_darbinieki` (`darbs_id`, `darbinieks_id`, `seciba`, `attelosanas_vards`) VALUES (37, 1, 1, 'U. Grunde-Zeiferts');
INSERT INTO `darba_darbinieki` (`darbs_id`, `darbinieks_id`, `seciba`, `attelosanas_vards`) VALUES (38, 1, 1, 'U. Grunde-Zeiferts');
INSERT INTO `darba_darbinieki` (`darbs_id`, `darbinieks_id`, `seciba`, `attelosanas_vards`) VALUES (39, 1, 1, 'U. Grunde-Zeiferts');
INSERT INTO `darba_darbinieki` (`darbs_id`, `darbinieks_id`, `seciba`, `attelosanas_vards`) VALUES (40, 1, 1, 'U. Grunde-Zeiferts');
INSERT INTO `darba_darbinieki` (`darbs_id`, `darbinieks_id`, `seciba`, `attelosanas_vards`) VALUES (41, 1, 1, 'U. Grunde-Zeiferts');
INSERT INTO `darba_darbinieki` (`darbs_id`, `darbinieks_id`, `seciba`, `attelosanas_vards`) VALUES (42, 1, 1, 'U. Grunde-Zeiferts');
INSERT INTO `darba_darbinieki` (`darbs_id`, `darbinieks_id`, `seciba`, `attelosanas_vards`) VALUES (42, 2, 2, 'E.Aukmanis');
INSERT INTO `darba_darbinieki` (`darbs_id`, `darbinieks_id`, `seciba`, `attelosanas_vards`) VALUES (43, 2, 1, 'Ē.Aukmanis');
INSERT INTO `darba_darbinieki` (`darbs_id`, `darbinieks_id`, `seciba`, `attelosanas_vards`) VALUES (44, 2, 1, 'Ē.Aukmanis');
INSERT INTO `darba_darbinieki` (`darbs_id`, `darbinieks_id`, `seciba`, `attelosanas_vards`) VALUES (45, 2, 1, 'Ē. Aukmanis');
INSERT INTO `darba_darbinieki` (`darbs_id`, `darbinieks_id`, `seciba`, `attelosanas_vards`) VALUES (46, 2, 1, 'Ē.Aukmanis');
INSERT INTO `darba_darbinieki` (`darbs_id`, `darbinieks_id`, `seciba`, `attelosanas_vards`) VALUES (47, 2, 1, 'Ē.Aukmanis');
INSERT INTO `darba_darbinieki` (`darbs_id`, `darbinieks_id`, `seciba`, `attelosanas_vards`) VALUES (48, 1, 1, 'U. Grunde-Zeiferts');
INSERT INTO `darba_darbinieki` (`darbs_id`, `darbinieks_id`, `seciba`, `attelosanas_vards`) VALUES (49, 2, 1, 'Ē.Aukmanis');
INSERT INTO `darba_darbinieki` (`darbs_id`, `darbinieks_id`, `seciba`, `attelosanas_vards`) VALUES (50, 1, 1, 'U. Grunde-Zeiferts');
INSERT INTO `darba_darbinieki` (`darbs_id`, `darbinieks_id`, `seciba`, `attelosanas_vards`) VALUES (51, 2, 1, 'Ē.Aukmanis');
INSERT INTO `darba_darbinieki` (`darbs_id`, `darbinieks_id`, `seciba`, `attelosanas_vards`) VALUES (52, 1, 1, 'U. Grunde-Zeiferts');
INSERT INTO `darba_darbinieki` (`darbs_id`, `darbinieks_id`, `seciba`, `attelosanas_vards`) VALUES (53, 2, 1, 'Ē.Aukmanis');
INSERT INTO `darba_darbinieki` (`darbs_id`, `darbinieks_id`, `seciba`, `attelosanas_vards`) VALUES (54, 1, 1, 'U. Grunde-Zeiferts');
INSERT INTO `darba_darbinieki` (`darbs_id`, `darbinieks_id`, `seciba`, `attelosanas_vards`) VALUES (55, 2, 1, 'Ē.Aukmanis');
INSERT INTO `darba_darbinieki` (`darbs_id`, `darbinieks_id`, `seciba`, `attelosanas_vards`) VALUES (56, 2, 1, 'Ē.Aukmanis');
INSERT INTO `darba_darbinieki` (`darbs_id`, `darbinieks_id`, `seciba`, `attelosanas_vards`) VALUES (57, 2, 1, 'Ē.Aukmanis');
INSERT INTO `darba_darbinieki` (`darbs_id`, `darbinieks_id`, `seciba`, `attelosanas_vards`) VALUES (58, 2, 1, 'Ē.Aukmanis');
INSERT INTO `darba_darbinieki` (`darbs_id`, `darbinieks_id`, `seciba`, `attelosanas_vards`) VALUES (59, 2, 1, 'Ē. Aukmanis');
INSERT INTO `darba_darbinieki` (`darbs_id`, `darbinieks_id`, `seciba`, `attelosanas_vards`) VALUES (60, 2, 1, 'Ē.Aukmanis');
INSERT INTO `darba_darbinieki` (`darbs_id`, `darbinieks_id`, `seciba`, `attelosanas_vards`) VALUES (61, 2, 1, 'Ē.Aukmanis');
INSERT INTO `darba_darbinieki` (`darbs_id`, `darbinieks_id`, `seciba`, `attelosanas_vards`) VALUES (62, 2, 1, 'Ē.Aukmanis');
INSERT INTO `darba_darbinieki` (`darbs_id`, `darbinieks_id`, `seciba`, `attelosanas_vards`) VALUES (63, 2, 1, 'Ē.Aukmanis');
INSERT INTO `darba_darbinieki` (`darbs_id`, `darbinieks_id`, `seciba`, `attelosanas_vards`) VALUES (64, 2, 1, 'Ē. Aukmanis');
INSERT INTO `darba_darbinieki` (`darbs_id`, `darbinieks_id`, `seciba`, `attelosanas_vards`) VALUES (65, 1, 1, 'U.Grunde-Zeiferts');
INSERT INTO `darba_darbinieki` (`darbs_id`, `darbinieks_id`, `seciba`, `attelosanas_vards`) VALUES (65, 2, 2, 'Ē. Aukmanis');
INSERT INTO `darba_darbinieki` (`darbs_id`, `darbinieks_id`, `seciba`, `attelosanas_vards`) VALUES (66, 1, 1, 'U. Grunde-Zeiferts');
INSERT INTO `darba_darbinieki` (`darbs_id`, `darbinieks_id`, `seciba`, `attelosanas_vards`) VALUES (67, 1, 1, 'U. Grunde-Zeiferts');
INSERT INTO `darba_darbinieki` (`darbs_id`, `darbinieks_id`, `seciba`, `attelosanas_vards`) VALUES (68, 2, 1, 'Ē.Aukmanis');
INSERT INTO `darba_darbinieki` (`darbs_id`, `darbinieks_id`, `seciba`, `attelosanas_vards`) VALUES (69, 1, 1, 'U. Grunde-Zeiferts');
INSERT INTO `darba_darbinieki` (`darbs_id`, `darbinieks_id`, `seciba`, `attelosanas_vards`) VALUES (70, 1, 1, 'U. Grunde-Zeiferts');
INSERT INTO `darba_darbinieki` (`darbs_id`, `darbinieks_id`, `seciba`, `attelosanas_vards`) VALUES (71, 1, 1, 'U.Grunde-Zeiferts');
INSERT INTO `darba_darbinieki` (`darbs_id`, `darbinieks_id`, `seciba`, `attelosanas_vards`) VALUES (71, 2, 2, 'Ē. Aukmanis');
INSERT INTO `darba_darbinieki` (`darbs_id`, `darbinieks_id`, `seciba`, `attelosanas_vards`) VALUES (72, 1, 1, 'U.Grunde-Zeiferts');
INSERT INTO `darba_darbinieki` (`darbs_id`, `darbinieks_id`, `seciba`, `attelosanas_vards`) VALUES (73, 1, 1, 'U.Grunde-Zeiferts');
INSERT INTO `darba_darbinieki` (`darbs_id`, `darbinieks_id`, `seciba`, `attelosanas_vards`) VALUES (74, 1, 1, 'U. Grunde-Zeiferts');
INSERT INTO `darba_darbinieki` (`darbs_id`, `darbinieks_id`, `seciba`, `attelosanas_vards`) VALUES (75, 1, 1, 'U.Grunde-Zeiferts');
INSERT INTO `darba_darbinieki` (`darbs_id`, `darbinieks_id`, `seciba`, `attelosanas_vards`) VALUES (76, 1, 1, 'U. Grunde-Zeiferts');
INSERT INTO `darba_darbinieki` (`darbs_id`, `darbinieks_id`, `seciba`, `attelosanas_vards`) VALUES (77, 1, 1, 'U. Grunde-Zeiferts');
INSERT INTO `darba_darbinieki` (`darbs_id`, `darbinieks_id`, `seciba`, `attelosanas_vards`) VALUES (78, 1, 1, 'U.Grunde-Zeiferts');
INSERT INTO `darba_darbinieki` (`darbs_id`, `darbinieks_id`, `seciba`, `attelosanas_vards`) VALUES (79, 1, 1, 'U. Grunde-Zeiferts');
INSERT INTO `darba_darbinieki` (`darbs_id`, `darbinieks_id`, `seciba`, `attelosanas_vards`) VALUES (80, 1, 1, 'U. Grunde-Zeiferts');
INSERT INTO `darba_darbinieki` (`darbs_id`, `darbinieks_id`, `seciba`, `attelosanas_vards`) VALUES (81, 1, 1, 'U. Grunde-Zeiferts');
INSERT INTO `darba_darbinieki` (`darbs_id`, `darbinieks_id`, `seciba`, `attelosanas_vards`) VALUES (82, 1, 1, 'U.Grunde-Zeiferts');
INSERT INTO `darba_darbinieki` (`darbs_id`, `darbinieks_id`, `seciba`, `attelosanas_vards`) VALUES (83, 1, 1, 'U.Grunde-Zeiferts');
INSERT INTO `darba_darbinieki` (`darbs_id`, `darbinieks_id`, `seciba`, `attelosanas_vards`) VALUES (84, 1, 1, 'U. Grunde-Zeiferts');
INSERT INTO `darba_darbinieki` (`darbs_id`, `darbinieks_id`, `seciba`, `attelosanas_vards`) VALUES (85, 1, 1, 'U. Grunde-Zeiferts');
INSERT INTO `darba_darbinieki` (`darbs_id`, `darbinieks_id`, `seciba`, `attelosanas_vards`) VALUES (86, 1, 1, 'U. Grunde-Zeiferts');
INSERT INTO `darba_darbinieki` (`darbs_id`, `darbinieks_id`, `seciba`, `attelosanas_vards`) VALUES (87, 1, 1, 'U. Grunde-Zeiferts');
INSERT INTO `darba_darbinieki` (`darbs_id`, `darbinieks_id`, `seciba`, `attelosanas_vards`) VALUES (88, 1, 1, 'U. Grunde-Zeiferts');
INSERT INTO `darba_darbinieki` (`darbs_id`, `darbinieks_id`, `seciba`, `attelosanas_vards`) VALUES (89, 1, 1, 'U. Grunde-Zeiferts');
INSERT INTO `darba_darbinieki` (`darbs_id`, `darbinieks_id`, `seciba`, `attelosanas_vards`) VALUES (90, 1, 1, 'U. Grunde-Zeiferts');
INSERT INTO `darba_darbinieki` (`darbs_id`, `darbinieks_id`, `seciba`, `attelosanas_vards`) VALUES (91, 1, 1, 'U. Grunde-Zeiferts');
INSERT INTO `darba_darbinieki` (`darbs_id`, `darbinieks_id`, `seciba`, `attelosanas_vards`) VALUES (92, 1, 1, 'U.Grunde-Zeiferts');
INSERT INTO `darba_darbinieki` (`darbs_id`, `darbinieks_id`, `seciba`, `attelosanas_vards`) VALUES (93, 1, 1, 'U. Grunde-Zeiferts');
INSERT INTO `darba_darbinieki` (`darbs_id`, `darbinieks_id`, `seciba`, `attelosanas_vards`) VALUES (94, 1, 1, 'U. Grunde-Zeiferts');
INSERT INTO `darba_darbinieki` (`darbs_id`, `darbinieks_id`, `seciba`, `attelosanas_vards`) VALUES (95, 1, 1, 'U. Grunde-Zeiferts');
INSERT INTO `darba_darbinieki` (`darbs_id`, `darbinieks_id`, `seciba`, `attelosanas_vards`) VALUES (96, 1, 1, 'U. Grunde-Zeiferts');
INSERT INTO `darba_darbinieki` (`darbs_id`, `darbinieks_id`, `seciba`, `attelosanas_vards`) VALUES (97, 1, 1, 'U. Grunde-Zeiferts');
INSERT INTO `darba_darbinieki` (`darbs_id`, `darbinieks_id`, `seciba`, `attelosanas_vards`) VALUES (98, 1, 1, 'U. Grunde-Zeiferts');
INSERT INTO `darba_darbinieki` (`darbs_id`, `darbinieks_id`, `seciba`, `attelosanas_vards`) VALUES (99, 1, 1, 'U.Grunde-Zeiferts');
INSERT INTO `darba_darbinieki` (`darbs_id`, `darbinieks_id`, `seciba`, `attelosanas_vards`) VALUES (99, 2, 2, 'Ē. Aukmanis');
INSERT INTO `darba_darbinieki` (`darbs_id`, `darbinieks_id`, `seciba`, `attelosanas_vards`) VALUES (100, 2, 1, 'Ē.Aukmanis');
INSERT INTO `darba_darbinieki` (`darbs_id`, `darbinieks_id`, `seciba`, `attelosanas_vards`) VALUES (101, 2, 1, 'Ē.Aukmanis');
INSERT INTO `darba_darbinieki` (`darbs_id`, `darbinieks_id`, `seciba`, `attelosanas_vards`) VALUES (102, 2, 1, 'Ē.Aukmanis');
INSERT INTO `darba_darbinieki` (`darbs_id`, `darbinieks_id`, `seciba`, `attelosanas_vards`) VALUES (103, 2, 1, 'Ē.Aukmanis');
INSERT INTO `darba_darbinieki` (`darbs_id`, `darbinieks_id`, `seciba`, `attelosanas_vards`) VALUES (104, 2, 1, 'Ē.Aukmanis');
INSERT INTO `darba_darbinieki` (`darbs_id`, `darbinieks_id`, `seciba`, `attelosanas_vards`) VALUES (105, 2, 1, 'Ē.Aukmanis');
INSERT INTO `darba_darbinieki` (`darbs_id`, `darbinieks_id`, `seciba`, `attelosanas_vards`) VALUES (106, 2, 1, 'Ē.Aukmanis');
INSERT INTO `darba_darbinieki` (`darbs_id`, `darbinieks_id`, `seciba`, `attelosanas_vards`) VALUES (107, 2, 1, 'Ē.Aukmanis');
INSERT INTO `darba_darbinieki` (`darbs_id`, `darbinieks_id`, `seciba`, `attelosanas_vards`) VALUES (108, 2, 1, 'Ē.Aukmanis');
INSERT INTO `darba_darbinieki` (`darbs_id`, `darbinieks_id`, `seciba`, `attelosanas_vards`) VALUES (109, 2, 1, 'Ē.Aukmanis');
INSERT INTO `darba_darbinieki` (`darbs_id`, `darbinieks_id`, `seciba`, `attelosanas_vards`) VALUES (110, 1, 1, 'U.Grunde-Zeiferts');
INSERT INTO `darba_darbinieki` (`darbs_id`, `darbinieks_id`, `seciba`, `attelosanas_vards`) VALUES (111, 1, 1, 'U.Grunde-Zeiferts');
INSERT INTO `darba_darbinieki` (`darbs_id`, `darbinieks_id`, `seciba`, `attelosanas_vards`) VALUES (112, 1, 1, 'U.Grunde-Zeiferts');
INSERT INTO `darba_darbinieki` (`darbs_id`, `darbinieks_id`, `seciba`, `attelosanas_vards`) VALUES (113, 1, 1, 'U.Grunde-Zeiferts');
INSERT INTO `darba_darbinieki` (`darbs_id`, `darbinieks_id`, `seciba`, `attelosanas_vards`) VALUES (114, 1, 1, 'U.Grunde-Zeiferts');
INSERT INTO `darba_darbinieki` (`darbs_id`, `darbinieks_id`, `seciba`, `attelosanas_vards`) VALUES (115, 1, 1, 'U.Grunde-Zeiferts');
INSERT INTO `darba_darbinieki` (`darbs_id`, `darbinieks_id`, `seciba`, `attelosanas_vards`) VALUES (116, 1, 1, 'U.Grunde-Zeiferts');
INSERT INTO `darba_darbinieki` (`darbs_id`, `darbinieks_id`, `seciba`, `attelosanas_vards`) VALUES (117, 1, 1, 'U.Grunde-Zeiferts');
INSERT INTO `darba_darbinieki` (`darbs_id`, `darbinieks_id`, `seciba`, `attelosanas_vards`) VALUES (118, 1, 1, 'U.Grunde-Zeiferts');
INSERT INTO `darba_darbinieki` (`darbs_id`, `darbinieks_id`, `seciba`, `attelosanas_vards`) VALUES (119, 1, 1, 'U.Grunde-Zeiferts');
INSERT INTO `darba_darbinieki` (`darbs_id`, `darbinieks_id`, `seciba`, `attelosanas_vards`) VALUES (120, 1, 1, 'U.Grunde-Zeiferts');
INSERT INTO `darba_darbinieki` (`darbs_id`, `darbinieks_id`, `seciba`, `attelosanas_vards`) VALUES (121, 1, 1, 'U.Grunde-Zeiferts');
INSERT INTO `darba_darbinieki` (`darbs_id`, `darbinieks_id`, `seciba`, `attelosanas_vards`) VALUES (122, 1, 1, 'U.Grunde-Zeiferts');
INSERT INTO `darba_darbinieki` (`darbs_id`, `darbinieks_id`, `seciba`, `attelosanas_vards`) VALUES (123, 1, 1, 'U.Grunde-Zeiferts');
INSERT INTO `darba_darbinieki` (`darbs_id`, `darbinieks_id`, `seciba`, `attelosanas_vards`) VALUES (124, 1, 1, 'U.Grunde-Zeiferts');
INSERT INTO `darba_darbinieki` (`darbs_id`, `darbinieks_id`, `seciba`, `attelosanas_vards`) VALUES (124, 2, 2, 'Ē.Aukmanis');
INSERT INTO `darba_darbinieki` (`darbs_id`, `darbinieks_id`, `seciba`, `attelosanas_vards`) VALUES (125, 2, 1, 'Ē.Aukmanis');
INSERT INTO `darba_darbinieki` (`darbs_id`, `darbinieks_id`, `seciba`, `attelosanas_vards`) VALUES (126, 2, 1, 'Ē.Aukmanis');
INSERT INTO `darba_darbinieki` (`darbs_id`, `darbinieks_id`, `seciba`, `attelosanas_vards`) VALUES (127, 2, 1, 'Ē.Aukmanis');
INSERT INTO `darba_darbinieki` (`darbs_id`, `darbinieks_id`, `seciba`, `attelosanas_vards`) VALUES (128, 2, 1, 'Ē.Aukmanis');
INSERT INTO `darba_darbinieki` (`darbs_id`, `darbinieks_id`, `seciba`, `attelosanas_vards`) VALUES (129, 1, 1, 'U.Grunde-Zeiferts');

SET FOREIGN_KEY_CHECKS=1;
