-- --------------------------------------------------------
-- Host:                         153.92.1.116
-- Server version:               8.0.45-0ubuntu0.22.04.1 - (Ubuntu)
-- Server OS:                    Linux
-- HeidiSQL Version:             12.10.0.7000
-- --------------------------------------------------------

/*!40101 SET @OLD_CHARACTER_SET_CLIENT=@@CHARACTER_SET_CLIENT */;
/*!40101 SET NAMES utf8 */;
/*!50503 SET NAMES utf8mb4 */;
/*!40103 SET @OLD_TIME_ZONE=@@TIME_ZONE */;
/*!40103 SET TIME_ZONE='+00:00' */;
/*!40014 SET @OLD_FOREIGN_KEY_CHECKS=@@FOREIGN_KEY_CHECKS, FOREIGN_KEY_CHECKS=0 */;
/*!40101 SET @OLD_SQL_MODE=@@SQL_MODE, SQL_MODE='NO_AUTO_VALUE_ON_ZERO' */;
/*!40111 SET @OLD_SQL_NOTES=@@SQL_NOTES, SQL_NOTES=0 */;

-- Dumping structure for table gm_trenesanas_eksamenam_1.activities
CREATE TABLE IF NOT EXISTS `activities` (
  `activity_id` int NOT NULL,
  `date_from` date DEFAULT NULL COMMENT 'Darba sākuma datums',
  `time_from` time DEFAULT NULL COMMENT 'Darba sākuma laiks',
  `date_to` date DEFAULT NULL COMMENT 'Darba beigu datums',
  `time_to` time DEFAULT NULL COMMENT 'Darba beigu laiks',
  `description` text COLLATE utf8mb4_general_ci COMMENT 'Darba apraksts',
  `employee_id` int DEFAULT NULL,
  `work_type_id` int DEFAULT NULL,
  `km` int DEFAULT NULL,
  PRIMARY KEY (`activity_id`),
  KEY `fk_employee` (`employee_id`),
  KEY `fk_worktype` (`work_type_id`),
  CONSTRAINT `fk_employee` FOREIGN KEY (`employee_id`) REFERENCES `employees` (`employee_id`),
  CONSTRAINT `fk_worktype` FOREIGN KEY (`work_type_id`) REFERENCES `work_types` (`work_type_id`)
) ENGINE=InnoDB DEFAULT CHARSET=utf8mb4 COLLATE=utf8mb4_general_ci COMMENT='Aktivitāšu tabula';

-- Dumping data for table gm_trenesanas_eksamenam_1.activities: ~184 rows (approximately)
INSERT INTO `activities` (`activity_id`, `date_from`, `time_from`, `date_to`, `time_to`, `description`, `employee_id`, `work_type_id`, `km`) VALUES
	(1, '2012-01-01', '06:00:00', '2012-01-01', '07:30:00', 'Maršruta apsekošana', 1, 1, 20),
	(2, '2012-01-02', '06:00:00', '2012-01-02', '07:30:00', 'Maršruta apsekošana', 1, 1, 20),
	(3, '2012-01-02', '07:45:00', '2012-01-02', '08:30:00', 'Ražošanas sapulce', 1, 14, 0),
	(4, '2012-01-02', '09:00:00', '2012-01-02', '13:00:00', 'Signālgalvu uzstādīšana', 2, 4, 0),
	(5, '2012-01-02', '09:00:00', '2012-01-02', '13:00:00', 'Signālgalvu uzstādīšana', 1, 4, 5),
	(6, '2012-01-02', '13:30:00', '2012-01-02', '15:00:00', 'Signālgalvu pievienošana', 2, 4, 5),
	(7, '2012-01-02', '13:30:00', '2012-01-02', '16:00:00', 'Signālgalvu pievienošana', 1, 4, 5),
	(8, '2012-01-02', '16:00:00', '2012-01-02', '17:00:00', 'Nenodoto signālgalvu sanešana Mazā noliktavā', 1, 9, 0),
	(9, '2012-01-03', '06:00:00', '2012-01-03', '07:30:00', 'Maršruta apsekošana', 1, 1, 20),
	(10, '2012-01-03', '07:45:00', '2012-01-03', '08:30:00', 'Ražošanas sapulce', 1, 14, 0),
	(11, '2012-01-03', '08:40:00', '2012-01-03', '08:50:00', 'Donatas interesējas par Stacijas MINI luksoforu', 1, 9, 0),
	(12, '2012-01-03', '09:00:00', '2012-01-03', '10:30:00', 'Skaitītāju rādījumi, P/S žurnāls', 1, 7, 0),
	(13, '2012-01-03', '09:00:00', '2012-01-03', '10:30:00', 'Skaitītāju rādījumi, P/S žurnāls', 1, 7, 0),
	(14, '2012-01-03', '10:30:00', '2012-01-03', '10:45:00', 'Rēķinu ievešana P/S', 1, 7, 5),
	(15, '2012-01-03', '11:50:00', '2012-01-03', '12:50:00', 'Kļūda GEP', 1, 10, 10),
	(16, '2012-01-03', '13:00:00', '2012-01-03', '13:45:00', 'Māris Mielavs par meteostaciju uzturēšanu', 1, 9, 5),
	(17, '2012-01-03', '14:00:00', '2012-01-03', '14:15:00', 'Andrejs Bobikins liek pārbaudīt skaitītāja rādījumus', 1, 10, 5),
	(18, '2012-01-03', '14:15:00', '2012-01-03', '14:30:00', 'Andrejs Bobikins liek pārbaudīt skaitītāja rādījumus', 1, 10, 5),
	(19, '2012-01-03', '14:50:00', '2012-01-03', '15:30:00', 'GP1G1', 1, 10, 5),
	(20, '2012-01-03', '14:50:00', '2012-01-03', '15:30:00', 'Vadības plates ZKS tipa drošinātāja nomaiņa', 1, 2, 0),
	(21, '2012-01-03', '14:50:00', '2012-01-03', '15:30:00', 'Bojājuma noteikšana', 1, 2, 0),
	(22, '2012-01-03', '15:45:00', '2012-01-03', '16:00:00', 'Trūkst balsta vāks', 1, 10, 5),
	(23, '2012-01-03', '15:45:00', '2012-01-03', '16:00:00', 'Balsta vāks', 1, 2, 0),
	(24, '2012-01-03', '16:00:00', '2012-01-03', '17:30:00', 'Kopētāja sagatavošana darbam, Veikala printera neveiksmīga instalēšana, Anrda datora papildus konfigurēšana', 1, 5, 0),
	(25, '2012-01-04', '06:00:00', '2012-01-04', '07:30:00', 'Maršruta apsekošana', 1, 1, 20),
	(26, '2012-01-04', '07:45:00', '2012-01-04', '08:30:00', 'Ražošanas sapulce', 1, 14, 0),
	(27, '2012-01-04', '08:30:00', '2012-01-04', '09:00:00', 'Meteostacijas uzturēšanas līguma izmaksas', 1, 7, 0),
	(28, '2012-01-04', '09:00:00', '2012-01-04', '16:00:00', 'Trūkst balsta vāks', 1, 10, 5),
	(29, '2012-01-04', '09:00:00', '2012-01-04', '09:30:00', 'Spuldzes maiņa balstā', 1, 2, 0),
	(30, '2012-01-04', '09:30:00', '2012-01-04', '10:00:00', 'Skaitītāju rādījumi LVC', 1, 7, 0),
	(31, '2012-01-04', '10:00:00', '2012-01-04', '11:30:00', 'Kopētāja pieinstalēšana serverim, printera resursu izdalīšana, Kopētaja piesaiste Aināra, Andra,Veikala datoram', 1, 5, 0),
	(32, '2012-01-04', '11:30:00', '2012-01-04', '13:00:00', 'Datortīkla vada ievilšana virs veikala griestiem', 1, 5, 0),
	(33, '2012-01-04', '13:00:00', '2012-01-04', '13:30:00', 'Māris Mielavs par meteostaciju uzturēšanu', 1, 7, 5),
	(34, '2012-01-04', '13:30:00', '2012-01-04', '14:30:00', 'Dzidra Staša par Lietuvas ielas signālplāniem', 1, 13, 0),
	(35, '2012-01-04', '14:45:00', '2012-01-04', '15:00:00', 'Pie Brigitas. Meteostacijas uzturēšanas līguma izmaksas', 1, 5, 0),
	(36, '2012-01-04', '14:22:00', '2012-01-04', '17:00:00', 'Nolauzti stiprinājuma kronšteini atkārtotāja transporta signālgalvai V3', 1, 10, 5),
	(37, '2012-01-04', '15:00:00', '2012-01-04', '16:00:00', 'Signālgalvas demontāža uz balsta', 1, 2, 0),
	(38, '2012-01-04', '16:00:00', '2012-01-04', '17:30:00', 'Pasūtītāja transporta signālgalvas montāža uz balsta', 1, 2, 0),
	(39, '2012-01-04', '16:00:00', '2012-01-04', '17:30:00', 'Signālkabeļa Cu 7x1,5 montāža stabā, konsolē', 1, 2, 0),
	(40, '2012-01-04', '16:00:00', '2012-01-04', '17:30:00', 'Signālkabeļa spaiļu komplekta nomaiņa balstā, konsolē', 1, 2, 0),
	(41, '2012-01-04', '21:00:00', '2012-01-04', '21:30:00', 'Slodzes savākšana par decembri', 1, 7, 5),
	(42, '2012-01-04', '20:00:00', '2012-01-04', '21:00:00', 'Maiņas nodošana', 3, 12, 50),
	(43, '2012-01-05', '06:00:00', '2012-01-05', '07:30:00', 'Maršruta apsekošana', 2, 1, 25),
	(44, '2012-01-05', '07:25:00', '2012-01-05', '10:00:00', 'Gājēju pārejas signāla izsaukšanas pogā pastāvīgs īsslēgums, visu laiku slēdzas iekšā gājēju signāls.WDS Kļūda', 2, 10, 10),
	(45, '2012-01-05', '07:45:00', '2012-01-05', '08:30:00', 'Ražošanas sapulce', 2, 14, 0),
	(46, '2012-01-05', '09:00:00', '2012-01-05', '10:00:00', 'Transporta signālgalvas uz saliņas nostiprināšanaV1', 2, 10, 10),
	(47, '2012-01-05', '10:00:00', '2012-01-05', '10:30:00', 'WDS antena, zaudējusi sakarus', 2, 10, 10),
	(48, '2012-01-05', '10:00:00', '2012-01-05', '10:10:00', 'CTCOM interesējās par otikas pieslēgumu Sarmas krustā', 1, 9, 0),
	(49, '2012-01-05', '10:30:00', '2012-01-05', '12:00:00', 'CTCOM pieslēdz optiku', 2, 10, 10),
	(50, '2012-01-05', '10:30:00', '2012-01-05', '12:00:00', 'Darbu apkopošana', 1, 7, 0),
	(51, '2012-01-05', '12:48:00', '2012-01-05', '13:30:00', 'Atvērusies zaļās gaismas sekcija', 2, 10, 10),
	(52, '2012-01-05', '13:30:00', '2012-01-05', '13:40:00', 'Dzidra Staša par Lietuvas ielas signālplāniem', 1, 13, 0),
	(53, '2012-01-05', '13:30:00', '2012-01-05', '14:00:00', 'GSM kļūda', 2, 10, 10),
	(54, '2012-01-05', '13:40:00', '2012-01-05', '13:50:00', '3C Kalpaka stāvlaukums', 1, 13, 0),
	(55, '2012-01-05', '14:00:00', '2012-01-05', '15:00:00', 'CTCOM pieslēdz optiku', 2, 10, 10),
	(56, '2012-01-06', '06:00:00', '2012-01-06', '07:30:00', 'Maršruta apsekošana', 2, 1, 25),
	(57, '2012-01-06', '06:30:00', '2012-01-06', '07:40:00', 'Iededzies dzeltenais brīdinājuma signāls.', 2, 10, 5),
	(58, '2012-01-06', '06:30:00', '2012-01-06', '07:40:00', 'Spuldzes nomaiņa uz balsta', 2, 2, 0),
	(59, '2012-01-06', '07:45:00', '2012-01-06', '08:30:00', 'Ražošanas sapulce', 2, 14, 0),
	(60, '2012-01-07', '06:00:00', '2012-01-07', '07:30:00', 'Maršruta apsekošana', 2, 1, 25),
	(61, '2012-01-08', '06:00:00', '2012-01-08', '07:30:00', 'Maršruta apsekošana', 2, 1, 25),
	(62, '2012-01-08', '14:30:00', '2012-01-08', '15:00:00', 'WDS kļūda', 2, 10, 25),
	(63, '2012-01-09', '06:00:00', '2012-01-09', '07:30:00', 'Maršruta apsekošana', 2, 1, 25),
	(64, '2012-01-09', '07:45:00', '2012-01-09', '08:30:00', 'Ražošanas sapulce', 2, 14, 0),
	(65, '2012-01-09', '09:00:00', '2012-01-09', '09:40:00', 'Atvēries V2R1 atkārtotāja durtiņas', 3, 10, 5),
	(66, '2012-01-09', '09:00:00', '2012-01-09', '16:00:00', 'Praktikantu vadīšana', 1, 9, 0),
	(67, '2012-01-09', '09:30:00', '2012-01-09', '10:10:00', 'Datortehnikas apkalpošana', 1, 9, 0),
	(68, '2012-01-09', '10:00:00', '2012-01-09', '10:30:00', 'kabeļu uzrādīšana', 2, 10, 10),
	(69, '2012-01-09', '10:00:00', '2012-01-09', '10:15:00', 'Rēķins par Filozofu-Rūpniecības', 1, 7, 5),
	(70, '2012-01-09', '10:15:00', '2012-01-09', '11:00:00', 'par Lielā-Pasta modernizāciju, Signālgalvu nodošanu, marķēšanu, nākotnes luksofora objektiem, Meteostacijas uzturēšanu', 1, 9, 0),
	(71, '2012-01-09', '12:00:00', '2012-01-09', '12:30:00', 'Maiņas nodošana', 3, 12, 50),
	(72, '2012-01-09', '14:20:00', '2012-01-09', '15:00:00', 'Gp1g1 kļūda', 1, 10, 15),
	(73, '2012-01-09', '15:30:00', '2012-01-09', '16:00:00', 'WDS 3. devēja kļuda, strādā fiksētā programma', 1, 10, 15),
	(74, '2012-01-09', '15:45:00', '2012-01-09', '16:00:00', 'Argils par Čakstes luksofora balsta pārnešanu.', 1, 9, 0),
	(75, '2012-01-09', '15:30:00', '2012-01-09', '16:30:00', 'Patvaļigs izsaukums gp2 pogā uz saliņas', 1, 10, 10),
	(76, '2012-01-09', '16:00:00', '2012-01-09', '16:30:00', 'Luksofora objekta bojājuma noteikšana', 1, 2, 0),
	(77, '2012-01-09', '16:00:00', '2012-01-09', '16:30:00', 'Luksofora objekta bojājuma noteikšana', 1, 2, 0),
	(78, '2012-01-09', '15:30:00', '2012-01-09', '17:00:00', 'Spieguma noplūde balstā. Elektrotrieciens no balsta', 1, 10, 10),
	(79, '2012-01-09', '17:15:00', '2012-01-09', '17:45:00', 'PEEK par Lielā-Mātera modernizāciju', 1, 9, 0),
	(80, '2012-01-09', '20:30:00', '2012-01-09', '20:45:00', 'Info par Luksoforu apkalpošanu', 1, 7, 0),
	(81, '2012-01-09', '22:00:00', '2012-01-09', '22:30:00', 'Darbu apkopošana', 1, 7, 0),
	(82, '2012-01-09', '15:30:00', '2012-01-09', '17:00:00', 'Luksofora objekta bojājuma noteikšana', 1, 2, 0),
	(83, '2012-01-10', '06:00:00', '2012-01-10', '07:30:00', 'Maršruta apsekošana', 1, 1, 20),
	(84, '2012-01-10', '07:45:00', '2012-01-10', '08:30:00', 'Ražošanas sapulce', 1, 14, 0),
	(85, '2012-01-10', '09:00:00', '2012-01-10', '17:00:00', 'Praktikantu vadīšana', 1, 9, 0),
	(86, '2012-01-10', '09:00:00', '2012-01-10', '09:30:00', 'Datortehnikas apkalpošana', 1, 9, 0),
	(87, '2012-01-10', '09:30:00', '2012-01-10', '12:00:00', 'Luksofora iekārtas sakārtošana mazā noliktavā', 1, 9, 0),
	(88, '2012-01-10', '12:30:00', '2012-01-10', '16:30:00', 'Darba telpas kārtošana', 1, 9, 0),
	(89, '2012-01-10', '19:30:00', '2012-01-10', '19:45:00', 'Žurnālu atkārtota pārsūtīšana pa 10-12.2010 A.BOBIKINAM', 1, 9, 0),
	(90, '2012-01-10', '21:00:00', '2012-01-10', '22:00:00', 'Dokmentācija', 1, 9, 0),
	(91, '2012-01-10', '21:00:00', '2012-01-11', '02:00:00', 'Lietuvas ielas specifikācija', 1, 13, 0),
	(92, '2012-01-11', '06:00:00', '2012-01-11', '07:30:00', 'Maršruta apsekošana', 1, 1, 20),
	(93, '2012-01-11', '07:45:00', '2012-01-11', '08:30:00', 'Ražošanas sapulce', 1, 14, 0),
	(94, '2012-01-11', '08:30:00', '2012-01-11', '17:00:00', 'Luksoforu konkurs', 1, 7, 0),
	(95, '2012-01-11', '08:30:00', '2012-01-11', '10:30:00', 'Nodošana noliktavā', 1, 9, 0),
	(96, '2012-01-11', '08:30:00', '2012-01-11', '10:30:00', 'Nodošana noliktavā', 1, 9, 0),
	(97, '2012-01-11', '08:30:00', '2012-01-11', '10:30:00', 'Nodošana noliktavā', 1, 9, 0),
	(98, '2012-01-11', '08:30:00', '2012-01-11', '10:30:00', 'Pogas nodošana noliktavā', 1, 9, 0),
	(99, '2012-01-11', '19:00:00', '2012-01-11', '20:00:00', 'Maiņas nodošana', 3, 12, 50),
	(100, '2012-01-12', '06:00:00', '2012-01-12', '07:30:00', 'Maršruta apsekošana', 2, 1, 20),
	(101, '2012-01-12', '12:07:00', '2012-01-12', '13:25:00', 'Nav komunikācijas. GSMS kļūda', 2, 10, 5),
	(102, '2012-01-12', '12:07:00', NULL, '13:25:00', 'Signālgalvas aizsargjumtiņa nomaiņa uz balsta', 2, 2, 0),
	(103, '2012-01-12', '17:01:00', '2012-01-12', '18:09:00', 'Nav komunikācijas. GSMS kļūda', 2, 10, 5),
	(104, '2012-01-13', '06:00:00', '2012-01-13', '07:30:00', 'Maršruta apsekošana', 2, 1, 20),
	(105, '2012-01-13', '09:49:00', '2012-01-13', '10:09:00', 'Izdegusi zaļā lampa.', 2, 10, 10),
	(106, '2012-01-13', '09:49:00', '2012-01-13', '10:09:00', 'Spuldzes nomaiņa uz balsta', 2, 2, 0),
	(107, '2012-01-13', '11:19:00', '2012-01-13', '11:39:00', 'Sagrozīta luksofora galva.', 2, 10, 10),
	(108, '2012-01-13', '13:48:00', '2012-01-13', '16:07:00', 'Nav komunikācijas. GSMS kļūda', 2, 10, 5),
	(109, '2012-01-13', '20:00:00', '2012-01-13', '21:00:00', 'Maiņas nodošana', 2, 12, 5),
	(110, '2012-01-14', '06:00:00', '2012-01-14', '07:30:00', 'Maršruta apsekošana', 1, 1, 20),
	(111, '2012-01-14', '20:07:00', '2012-01-14', '20:08:00', 'AAL RLM', 1, 10, 5),
	(112, '2012-01-14', '20:07:00', '2012-01-14', '20:08:00', 'Spuldzes nomaiņa uz balsta', 1, 2, 0),
	(113, '2012-01-14', '20:09:00', '2012-01-14', '20:10:00', 'XKOP', 1, 10, 10),
	(114, '2012-01-15', '06:00:00', '2012-01-15', '07:30:00', 'Maršruta apsekošana', 1, 1, 20),
	(115, '2012-01-15', '07:00:00', '2012-01-15', '07:30:00', 'GEP', 1, 10, 10),
	(116, '2012-01-16', '06:00:00', '2012-01-16', '07:30:00', 'Maršruta apsekošana', 1, 1, 20),
	(117, '2012-01-16', '16:00:00', '2012-01-16', '16:20:00', 'Māris Mielavs, Andrejs Bobikins par Rīgas Ielas  sinhronizāciju', 1, 9, 0),
	(118, '2012-01-16', '16:45:00', '2012-01-16', '17:00:00', 'Peek Traffic, Cenas Kontrolieriem', 1, 9, 0),
	(119, '2012-01-17', '06:00:00', '2012-01-17', '07:30:00', 'Maršruta apsekošana', 1, 1, 20),
	(120, '2012-01-17', '08:30:00', '2012-01-17', '10:00:00', 'Tāme balsta pārnešanai', 1, 7, 0),
	(121, '2012-01-17', '12:00:00', '2012-01-17', '12:30:00', 'Raiņa -Kalpaka stāvlaukums', 1, 9, 0),
	(122, '2012-01-17', '15:49:00', '2012-01-17', '16:30:00', 'Pārslēgts no pagaidu uz stacionāro barošanas vadu', 1, 10, 5),
	(123, '2012-01-17', '14:00:00', '2012-01-17', '15:00:00', 'Andrejs Bobikins prasa Raiņa ielas IP adresses', 1, 9, 0),
	(124, '2012-01-17', '18:00:00', '2012-01-17', '19:00:00', 'Maiņas nodošana', 3, 12, 0),
	(125, '2012-01-18', '06:00:00', '2012-01-18', '07:30:00', 'Maršruta apsekošana', 2, 1, 20),
	(126, '2012-01-19', '06:00:00', '2012-01-19', '07:30:00', 'Maršruta apsekošana', 2, 1, 20),
	(127, '2012-01-19', '07:51:00', '2012-01-19', '09:54:00', 'Pats no sevis ieslēdzas gājēju signāls.', 2, 10, 10),
	(128, '2012-01-19', '07:51:00', '2012-01-19', '09:54:00', 'Luksofora objekta bojājuma noteikšana, Silikons uz kontaktiem', 2, 2, 0),
	(129, '2012-01-20', '06:00:00', '2012-01-20', '07:30:00', 'Luksoforu konkursa cenas', 1, 7, 0),
	(130, '2012-01-20', '06:00:00', '2012-01-20', '07:30:00', 'Maršruta apsekošana', 2, 1, 20),
	(131, '2012-01-20', '08:30:00', '2012-01-20', '11:00:00', 'Gājēja balsta pārnešana', 3, 4, 10),
	(132, '2012-01-20', '11:20:00', '2012-01-20', '11:50:00', 'Luksofora galvai nokritis jumtiņš.', 3, 10, 10),
	(133, '2012-01-20', '11:20:00', '2012-01-20', '11:50:00', 'Signālgalvas aizsargjumtiņa nomaiņa uz balsta', 3, 2, 0),
	(134, '2012-01-20', '11:50:00', '2012-01-20', '12:20:00', 'Luksofora galvai nokritis jumtiņš.', 3, 10, 10),
	(135, '2012-01-20', '11:50:00', '2012-01-20', '12:20:00', 'Signālgalvas aizsargjumtiņa nomaiņa uz balsta', 3, 2, 0),
	(136, '2012-01-20', '12:20:00', '2012-01-20', '12:50:00', 'Luksofora galvai nokritis jumtiņš.', 3, 10, 15),
	(137, '2012-01-20', '12:20:00', '2012-01-20', '12:50:00', 'Signālgalvas aizsargjumtiņa nomaiņa uz balsta', 3, 2, 0),
	(138, '2012-01-21', '06:00:00', '2012-01-21', '07:30:00', 'Maršruta apsekošana', 1, 1, 20),
	(139, '2012-01-22', '06:00:00', '2012-01-22', '07:30:00', 'Maršruta apsekošana', 1, 1, 20),
	(140, '2012-01-22', '07:28:00', '2012-01-22', '07:58:00', 'Nedeg sarkanā gājēju lampa', 1, 10, 5),
	(141, '2012-01-22', '07:28:00', '2012-01-22', '07:58:00', 'Spuldzes nomaiņa uz balsta', 1, 2, 0),
	(142, '2012-01-23', '06:00:00', '2012-01-23', '07:30:00', 'Maršruta apsekošana', 1, 1, 20),
	(143, '2012-01-24', '06:00:00', '2012-01-24', '07:30:00', 'Maršruta apsekošana', 1, 1, 20),
	(144, '2012-01-25', '06:00:00', '2012-01-25', '07:30:00', 'Maršruta apsekošana', 2, 1, 20),
	(145, '2012-01-25', '08:00:00', '2012-01-25', '09:07:00', 'Nav komunikācijas. GSMS kļūda', 2, 10, 5),
	(146, '2012-01-25', '08:00:00', '2012-01-25', '09:13:00', 'Nav komunikācijas. GSMS kļūda', 2, 10, 5),
	(147, '2012-01-25', '08:00:00', '2012-01-25', '09:22:00', 'Nav komunikācijas. GSMS kļūda', 2, 10, 5),
	(148, '2012-01-25', '08:00:00', '2012-01-25', '09:30:00', 'Nav komunikācijas. GSMS kļūda', 2, 10, 10),
	(149, '2012-01-26', '06:00:00', '2012-01-26', '07:30:00', 'Maršruta apsekošana', 2, 1, 20),
	(150, '2012-01-26', '08:20:00', '2012-01-26', '08:50:00', 'Izdegusi zaļā lampa.', 2, 10, 10),
	(151, '2012-01-26', '07:30:00', '2012-01-26', '08:09:00', 'Spuldzes nomaiņa uz balsta', 2, 2, 0),
	(152, '2012-01-27', '06:00:00', '2012-01-27', '07:30:00', 'Maršruta apsekošana', 2, 1, 20),
	(153, '2012-01-27', '10:00:00', '2012-01-27', '11:00:00', 'Luksoforu konkursa sertifikāti', 1, 7, 0),
	(154, '2012-01-27', '13:00:00', '2012-01-27', '17:00:00', 'Luksoforu konkursa sertifikāti', 1, 7, 0),
	(155, '2012-01-27', '17:00:00', '2012-01-27', '18:00:00', 'Saava Atbilstības deklarācija', 1, 7, 0),
	(156, '2012-01-28', '06:00:00', '2012-01-28', '07:00:00', 'Nav komunikācijas.  Optikas konvertera kļūda', 1, 10, 15),
	(157, '2012-01-28', '06:00:00', '2012-01-28', '07:00:00', 'Luksofora objekta bojājuma noteikšana', 1, 2, 10),
	(158, '2012-01-28', '06:00:00', '2012-01-28', '07:30:00', 'Maršruta apsekošana', 1, 1, 20),
	(159, '2012-01-28', '06:00:00', '2012-01-28', '07:00:00', 'Nav komunikācijas.  Optikas konvertera kļūda', 1, 10, 15),
	(160, '2012-01-28', '06:00:00', '2012-01-28', '07:00:00', 'Luksofora objekta bojājuma noteikšana', 1, 2, 0),
	(161, '2012-01-29', '06:00:00', '2012-01-29', '07:30:00', 'Maršruta apsekošana', 1, 1, 20),
	(162, '2012-01-29', '06:00:00', '2012-01-29', '06:30:00', 'AAL RLM XP1', 1, 10, 10),
	(163, '2012-01-29', '06:30:00', '2012-01-29', '07:00:00', 'Spuldzes nomaiņa uz balsta', 1, 2, 0),
	(164, '2012-01-29', '12:00:00', '2012-01-29', '16:30:00', 'Luksoforu konkursa sertifikāti', 1, 7, 0),
	(165, '2012-01-29', '16:30:00', '2012-01-29', '19:46:00', 'Maiņas nodošana', 3, 12, 0),
	(166, '2012-01-29', '17:30:00', '2012-01-29', '18:00:00', 'Nav komunikācijas. GSMS kļūda', 2, 10, 50),
	(167, '2012-01-30', '06:00:00', '2012-01-30', '07:30:00', 'Maršruta apsekošana', 2, 1, 20),
	(168, '2012-01-30', '06:50:00', '2012-01-30', '10:20:00', 'atslēdzies luksofors', 2, 10, 15),
	(169, '2012-01-30', '06:51:00', '2012-01-30', '10:24:00', 'Luksofora objekta bojājuma noteikšana', 2, 2, 0),
	(170, '2012-01-30', '09:30:00', '2012-01-30', '09:45:00', 'Māris Skudra par Optikas konvektoriem', 1, 9, 0),
	(171, '2012-01-30', '18:00:00', '2012-01-30', '18:30:00', 'A. Buvmeistars interesējas par Nodošanas dokmentāciju', 1, 9, 0),
	(172, '2012-01-31', '20:00:00', '2012-01-31', '20:30:00', 'Māris Mielavs prasa Meteodevēju kalibrēšanas tāmi', 1, 9, 0),
	(173, '2012-01-31', '06:00:00', '2012-01-31', '07:30:00', 'Maršruta apsekošana', 2, 1, 20),
	(174, '2012-01-31', '07:45:00', '2012-01-31', '08:30:00', 'Sapulce', 2, 9, 0),
	(175, '2012-01-31', '07:30:00', '2012-01-31', '08:00:00', 'Atslēdzies luksofors.', 2, 10, 15),
	(176, '2012-01-31', '07:30:00', '2012-01-31', '08:00:00', 'Luksofora objekta bojājuma noteikšana', 2, 2, 0),
	(177, '2012-01-31', '07:30:00', '2012-01-31', '08:00:00', 'Vadības plates ZKS tipa drošinātāja nomaiņa', 2, 2, 0),
	(178, '2012-01-31', '08:04:00', '2012-01-31', '09:04:00', 'Gājēju sekcijā nedeg zaļā lampiņa.', 2, 10, 10),
	(179, '2012-01-31', '08:04:00', '2012-01-31', '09:07:00', 'Spuldzes nomaiņa uz balsta', 2, 2, 0),
	(180, '2012-01-31', '09:00:00', '2012-01-31', '10:00:00', 'Luksoforu konkursa sertifikāti', 1, 7, 0),
	(181, '2012-01-31', '16:00:00', '2012-01-31', '16:00:00', 'Ienāk Raiņa ielas Laika atskaites komunikācijas bloki', 2, 9, 0),
	(182, '2012-01-31', '09:00:00', '2012-01-31', '17:00:00', 'Skaitītāju radījumu nolasīšana, objektu apsekošana', 2, 2, 0),
	(183, '2012-01-31', '09:00:00', '2012-01-31', '17:00:00', 'Videokameras bareošanas pārstartēšana', 2, 10, 0),
	(184, '2012-01-31', '09:00:00', '2012-01-31', '17:00:00', 'SDET', 2, 10, 0);

-- Dumping structure for table gm_trenesanas_eksamenam_1.employees
CREATE TABLE IF NOT EXISTS `employees` (
  `employee_id` int NOT NULL,
  `employee_name` varchar(100) COLLATE utf8mb4_general_ci DEFAULT NULL COMMENT 'Darbinieka pilns vārds',
  PRIMARY KEY (`employee_id`)
) ENGINE=InnoDB DEFAULT CHARSET=utf8mb4 COLLATE=utf8mb4_general_ci COMMENT='Darbinieku tabula';

-- Dumping data for table gm_trenesanas_eksamenam_1.employees: ~3 rows (approximately)
INSERT INTO `employees` (`employee_id`, `employee_name`) VALUES
	(1, 'U.Grunde-Zeiferts'),
	(2, 'Ē.Aukmanis'),
	(3, 'U.Grunde-Zeiferts, Ē.Aukmanis');

-- Dumping structure for table gm_trenesanas_eksamenam_1.work_types
CREATE TABLE IF NOT EXISTS `work_types` (
  `work_type_id` int NOT NULL,
  `work_type_name` varchar(100) COLLATE utf8mb4_general_ci DEFAULT NULL COMMENT 'Darba tipa nosaukums',
  PRIMARY KEY (`work_type_id`)
) ENGINE=InnoDB DEFAULT CHARSET=utf8mb4 COLLATE=utf8mb4_general_ci COMMENT='Darba tipu tabula';

-- Dumping data for table gm_trenesanas_eksamenam_1.work_types: ~10 rows (approximately)
INSERT INTO `work_types` (`work_type_id`, `work_type_name`) VALUES
	(1, 'Apgaita'),
	(2, 'Apkope'),
	(4, 'Būvniecība'),
	(5, 'Datortehnikas apkope'),
	(7, 'Dokmentācija'),
	(9, 'Info'),
	(10, 'Izsaukums'),
	(12, 'Maiņa'),
	(13, 'Projektēšana'),
	(14, 'Sapulce');

/*!40103 SET TIME_ZONE=IFNULL(@OLD_TIME_ZONE, 'system') */;
/*!40101 SET SQL_MODE=IFNULL(@OLD_SQL_MODE, '') */;
/*!40014 SET FOREIGN_KEY_CHECKS=IFNULL(@OLD_FOREIGN_KEY_CHECKS, 1) */;
/*!40101 SET CHARACTER_SET_CLIENT=@OLD_CHARACTER_SET_CLIENT */;
/*!40111 SET SQL_NOTES=IFNULL(@OLD_SQL_NOTES, 1) */;
